V/Λ SELECT: Month and Year
OR > Month
Monthly Climatological Summary for Dec 2015
Name: KomokaWeather City: Komoka State: ON Canada
Elevation: 817 ft Lat: N 42° 57' 36" Lon: W 081° 26' 17"
Temperature (°C), Rain (mm), Wind Speed (km/h)
Heat Cool Avg
Mean Deg Deg Wind Dom
Day Temp High Time Low Time Days Days Rain Speed High Time Dir
----------------------------------------------------------------------------------
01 6.3 9.7 17:29 1.4 00:00 12.0 0.0 0.4 3.1 27.8 08:06 ESE
02 2.4 9.4 13:10 -1.3 07:53 15.8 0.0 0.0 0.4 12.9 11:01 NE
03 3.5 6.2 13:07 1.1 07:01 14.8 0.0 2.2 4.9 36.4 14:46 WNW
04 2.8 4.7 00:00 -1.9 23:52 15.5 0.0 0.0 3.8 40.7 04:34 W
05 2.9 7.1 14:18 -2.8 01:26 15.4 0.0 0.0 1.3 23.5 17:50 SSW
06 3.5 8.1 14:13 -2.4 23:33 14.8 0.0 0.0 1.4 27.8 15:19 SSW
07 0.3 2.4 13:46 -3.7 03:45 18.0 0.0 0.0 0.6 19.3 09:55 ENE
08 3.9 7.4 15:15 1.1 00:00 14.3 0.0 0.0 1.1 27.8 15:18 SSW
09 7.0 10.0 11:33 2.9 03:14 11.3 0.0 0.0 3.3 34.2 11:29 SW
10 6.9 11.3 23:55 0.1 02:54 11.3 0.0 0.0 4.6 42.8 19:23 S
11 8.0 12.4 12:54 2.5 21:23 10.3 0.0 0.0 6.4 49.2 12:09 WSW
12 7.9 11.6 15:50 0.9 03:34 10.4 0.0 0.0 0.4 15.0 08:29 E
13 9.5 11.5 16:25 8.0 03:33 8.8 0.0 0.8 0.7 15.0 07:24 ESE
14 11.7 14.4 09:53 7.7 23:56 6.5 0.0 4.2 4.5 53.5 17:16 WSW
15 5.9 7.7 00:00 3.2 23:03 12.4 0.0 0.2 6.1 36.4 05:10 W
16 4.9 8.8 23:48 2.7 05:20 13.4 0.0 0.6 1.9 32.1 15:18 SE
17 4.8 8.8 00:00 0.6 23:52 13.5 0.0 0.0 5.0 38.6 20:34 W
18 -0.2 1.4 12:42 -2.8 22:07 18.3 0.0 0.0 7.7 55.6 20:31 W
19 -3.1 -1.3 15:20 -5.1 06:40 21.3 0.0 0.0 9.7 47.1 12:19 W
20 0.1 6.2 23:37 -6.9 08:00 18.2 0.0 0.0 4.3 47.1 12:24 S
21 6.6 9.5 23:58 4.2 07:57 11.7 0.0 14.8 3.7 32.1 12:53 SW
22 8.9 11.9 13:12 2.9 22:26 9.4 0.0 1.6 1.7 25.7 01:32 W
23 10.6 15.8 19:33 4.3 00:00 7.6 0.0 2.6 3.2 40.7 19:26 S
24 9.1 14.3 01:55 5.1 23:02 9.1 0.0 0.2 9.7 53.5 04:37 WSW
25 4.6 9.4 13:28 -2.1 22:58 13.7 0.0 0.0 0.4 19.3 13:43 NNW
26 2.1 5.3 23:46 -2.8 02:08 16.2 0.0 4.4 4.8 38.6 19:42 E
27 3.5 6.4 02:13 0.8 23:59 14.8 0.0 7.4 3.2 38.6 10:24 NNE
28 -1.9 0.8 00:00 -3.3 09:51 20.1 0.0 0.0 11.9 68.5 21:43 ENE
29 3.4 5.7 09:07 0.1 00:00 14.9 0.0 15.6 5.5 45.0 00:14 WSW
30 1.1 2.3 00:00 0.4 20:56 17.1 0.0 0.4 1.6 21.4 22:24 W
31 0.1 0.7 00:00 -0.6 23:33 18.2 0.0 0.0 5.2 36.4 22:50 W
----------------------------------------------------------------------------------
4.4 15.8 23 -6.9 20 429.1 0.0 55.4 3.9 68.5 28 WSW
Max >= 27.0 0
Max <= 0.0 1
Min <= 0.0 12
Min <= -18.0 0
Max Rain: 15.6 on day 29
Days of Rain: 14 (>= 0.2 mm) 7 (>= 2.0 mm) 0 (>= 20.0 mm)
Heat Base: 18.3 Cool Base: 18.3 Method: Integration