V/Λ SELECT: Month and Year
OR > Month
Monthly Climatological Summary for Mar 2016
Name: KomokaWeather City: Komoka State: ON Canada
Elevation: 817 ft Lat: N 42° 57' 36" Lon: W 081° 26' 17"
Temperature (°C), Rain (mm), Wind Speed (km/h)
Heat Cool Avg
Mean Deg Deg Wind Dom
Day Temp High Time Low Time Days Days Rain Speed High Time Dir
----------------------------------------------------------------------------------
01 -3.7 -1.2 14:12 -8.6 23:47 22.0 0.0 0.0 6.4 40.7 12:51 ENE
02 -5.9 -3.8 14:09 -8.6 00:00 24.1 0.0 1.0 1.8 34.2 08:29 WNW
03 -5.3 -1.9 11:05 -12.0 06:44 23.6 0.0 0.0 0.6 25.7 13:11 SSE
04 -3.6 2.7 12:42 -8.9 23:58 21.9 0.0 2.8 1.0 15.0 13:00 N
05 -3.2 0.3 16:19 -8.9 00:00 21.5 0.0 0.8 0.4 19.3 11:08 SE
06 -2.9 2.7 23:59 -11.1 07:02 21.2 0.0 0.2 3.3 36.4 23:44 SSW
07 7.3 14.9 15:50 2.7 00:00 11.0 0.0 0.0 3.3 40.7 00:27 SW
08 12.4 17.4 13:51 5.9 00:00 5.9 0.0 0.2 1.7 27.8 20:25 SSW
09 14.9 18.1 12:46 10.2 07:31 3.4 0.0 0.0 3.8 45.0 15:59 WSW
10 9.6 14.9 00:00 3.0 23:19 8.6 0.0 2.4 2.4 27.8 15:35 WNW
11 3.1 8.7 15:19 -0.5 23:29 15.2 0.0 0.0 2.1 32.1 03:11 N
12 5.3 14.9 15:10 -2.2 04:39 12.9 0.0 0.0 0.9 19.3 13:19 W
13 7.2 11.4 15:22 3.3 01:59 10.6 0.0 0.2 6.6 36.4 19:49 E
14 9.6 13.8 15:42 5.6 01:57 8.7 0.0 3.0 1.7 32.1 00:51 ESE
15 7.4 11.0 00:00 5.7 13:03 10.9 0.0 2.6 1.1 25.7 11:16 NW
16 9.7 14.2 18:15 6.8 06:30 8.6 0.0 3.0 9.4 64.2 13:55 SW
17 7.9 11.3 14:52 3.7 23:57 10.4 0.0 0.0 8.8 53.5 12:26 W
18 2.9 7.0 15:11 -2.9 00:00 15.4 0.0 0.0 3.7 36.4 19:01 NW
19 -1.0 5.2 14:23 -7.6 06:45 19.3 0.0 0.0 4.0 32.1 12:03 NE
20 0.0 7.2 16:05 -4.9 01:00 18.3 0.0 0.0 3.1 32.1 18:06 NE
21 -0.2 5.2 16:30 -3.4 07:12 18.5 0.0 0.2 4.4 47.1 10:12 NW
22 4.5 11.8 16:05 -3.3 00:00 13.8 0.0 1.0 2.7 40.7 14:34 SW
23 5.1 10.3 00:00 1.3 21:55 13.2 0.0 5.2 5.2 36.4 17:13 ENE
24 3.3 7.8 23:59 0.9 04:42 15.0 0.0 33.2 5.9 36.4 06:59 E
25 0.4 8.7 00:27 -3.5 23:59 17.9 0.0 0.2 7.2 47.1 05:50 NW
26 0.5 8.6 17:30 -5.8 05:10 17.8 0.0 0.0 1.0 23.5 16:23 SSE
27 8.5 19.2 16:30 -2.6 07:23 9.9 0.1 0.6 1.6 27.8 13:06 SE
28 5.7 11.4 05:50 1.6 10:20 12.6 0.0 21.0 12.1 66.4 11:55 WNW
29 3.3 8.3 14:52 -3.0 23:57 15.0 0.0 0.0 3.1 29.9 09:35 NNW
30 5.6 14.8 23:59 -4.4 04:03 12.7 0.0 0.0 3.7 38.6 15:04 S
31 12.8 15.4 00:21 10.3 08:33 5.5 0.0 26.4 9.8 51.3 10:46 SW
----------------------------------------------------------------------------------
3.9 19.2 27 -12.0 3 445.4 0.1 104.0 3.9 66.4 28 W
Max >= 27.0 0
Max <= 0.0 3
Min <= 0.0 18
Min <= -18.0 0
Max Rain: 33.2 on day 24
Days of Rain: 18 (>= 0.2 mm) 9 (>= 2.0 mm) 3 (>= 20.0 mm)
Heat Base: 18.3 Cool Base: 18.3 Method: Integration