V/Λ SELECT: Month and Year
OR > Month
Monthly Climatological Summary for Jun 2016
Name: KomokaWeather City: Komoka State: ON Canada
Elevation: 817 ft Lat: N 42° 57' 36" Lon: W 081° 26' 17"
Temperature (°C), Rain (mm), Wind Speed (km/h)
Heat Cool Avg
Mean Deg Deg Wind Dom
Day Temp High Time Low Time Days Days Rain Speed High Time Dir
----------------------------------------------------------------------------------
01 20.4 28.7 15:00 11.3 03:17 1.7 3.8 0.4 2.0 29.9 06:10 ESE
02 21.6 28.4 16:17 15.1 06:40 0.7 4.0 0.2 1.2 25.7 14:23 W
03 19.9 28.7 15:26 11.8 06:21 1.8 3.4 0.0 0.9 29.9 15:46 NW
04 19.9 27.5 14:28 12.6 05:23 1.6 3.2 3.6 1.1 27.8 14:36 SSE
05 19.2 23.2 12:07 16.3 13:07 0.3 1.1 7.6 3.3 45.0 12:46 W
06 18.6 25.8 15:56 14.1 23:53 1.5 1.7 0.4 3.6 42.8 17:59 W
07 14.1 16.4 17:50 12.1 02:50 4.1 0.0 4.6 1.4 29.9 08:11 NW
08 11.5 16.4 19:00 7.0 23:58 6.8 0.0 0.2 3.5 34.2 07:48 NW
09 12.7 20.7 16:20 3.7 04:59 5.9 0.3 0.0 1.2 38.6 12:37 NW
10 17.3 24.8 15:14 7.1 05:55 3.3 2.3 0.0 0.6 19.3 11:52 S
11 25.3 32.2 16:23 16.8 01:05 0.1 7.1 0.0 3.5 40.7 13:16 WNW
12 16.3 20.3 00:00 11.2 23:56 2.2 0.2 0.8 3.3 42.8 08:33 NW
13 13.9 20.6 12:45 7.8 06:10 4.6 0.2 0.0 0.5 27.8 13:33 NNW
14 16.5 26.3 16:57 7.3 05:44 3.7 1.9 0.0 0.8 25.7 17:29 SSE
15 16.8 21.8 12:20 12.0 01:30 2.1 0.7 1.2 0.9 23.5 17:23 ENE
16 19.3 24.1 17:04 15.1 03:36 0.9 1.9 18.6 3.0 38.6 17:36 ENE
17 21.9 30.8 14:38 11.8 05:53 1.5 5.1 0.0 1.0 21.4 10:29 NE
18 22.4 30.8 14:04 12.2 05:54 1.5 5.6 0.0 0.2 19.3 15:58 NE
19 22.8 31.1 15:47 13.1 05:45 1.3 5.7 0.0 0.7 27.8 17:56 SW
20 25.2 31.8 16:18 17.3 03:03 0.1 6.9 0.0 3.3 40.7 17:12 W
21 19.0 25.3 15:44 9.4 06:22 2.0 2.7 0.0 0.6 21.4 15:23 SW
22 19.6 26.2 16:22 11.7 06:28 1.4 2.7 0.2 0.7 21.4 08:08 NNW
23 19.9 26.8 16:08 13.9 23:56 1.4 3.0 0.0 2.3 25.7 11:11 NE
24 19.9 28.7 14:41 9.9 06:17 2.4 4.0 0.0 0.8 25.7 16:39 NE
25 21.5 29.6 14:04 11.8 06:02 1.7 4.9 0.0 0.5 21.4 15:56 SSW
26 23.1 29.8 11:45 14.3 05:50 0.7 5.5 4.2 2.0 38.6 15:53 SSW
27 25.1 32.2 16:28 18.7 23:57 0.0 6.8 0.0 1.4 32.1 21:15 W
28 15.9 19.6 12:00 10.8 23:31 2.5 0.0 0.0 2.0 34.2 13:03 NW
29 17.6 25.1 15:59 10.1 03:24 2.9 2.2 0.0 1.1 25.7 17:40 NNW
30 18.4 27.1 14:59 7.6 05:37 3.3 3.3 0.0 1.0 29.9 16:51 SSW
----------------------------------------------------------------------------------
19.2 32.2 11 3.7 9 64.0 90.2 42.0 1.6 45.0 5 WNW
Max >= 27.0 14
Max <= 0.0 0
Min <= 0.0 0
Min <= -18.0 0
Max Rain: 18.6 on day 16
Days of Rain: 12 (>= 0.2 mm) 5 (>= 2.0 mm) 0 (>= 20.0 mm)
Heat Base: 18.3 Cool Base: 18.3 Method: Integration