V/Λ SELECT: Month and Year
OR > Month
Monthly Climatological Summary for Dec 2016
Name: KomokaWeather City: Komoka State: ON Canada
Elevation: 817 ft Lat: N 42° 57' 36" Lon: W 081° 26' 17"
Temperature (°C), Rain (mm), Wind Speed (km/h)
Heat Cool Avg
Mean Deg Deg Wind Dom
Day Temp High Time Low Time Days Days Rain Speed High Time Dir
----------------------------------------------------------------------------------
01 4.2 5.6 00:00 2.2 07:21 14.1 0.0 0.0 9.6 42.8 03:46 W
02 3.7 4.9 00:00 2.9 06:31 14.6 0.0 0.6 10.6 40.7 09:09 WNW
03 3.6 4.9 13:35 2.5 06:48 14.6 0.0 0.0 5.0 32.1 01:34 WNW
04 2.7 4.0 12:26 1.3 05:45 15.6 0.0 1.0 1.0 27.8 21:46 E
05 2.3 5.2 14:30 -2.5 23:57 16.0 0.0 2.8 5.2 34.2 09:16 W
06 0.7 3.7 11:29 -3.9 04:22 17.6 0.0 2.8 2.4 34.2 11:17 E
07 1.1 3.1 00:06 -0.6 07:46 17.2 0.0 0.2 7.1 36.4 10:33 W
08 -1.4 -0.1 02:17 -2.4 10:34 19.7 0.0 0.0 11.3 49.2 13:33 W
09 -2.2 -0.4 12:37 -3.2 07:02 20.5 0.0 0.4 7.0 40.7 14:42 WNW
10 -3.7 -1.8 12:07 -6.0 23:51 22.0 0.0 0.0 6.5 36.4 10:11 W
11 -2.7 0.7 22:54 -6.1 02:38 21.0 0.0 0.0 0.9 29.9 16:27 S
12 -0.2 1.4 09:53 -1.8 16:53 18.5 0.0 0.2 5.4 42.8 12:36 W
13 -4.1 -1.7 00:00 -10.0 23:58 22.4 0.0 0.0 4.2 32.1 16:51 W
14 -9.7 -6.2 13:09 -13.5 08:03 28.0 0.0 0.0 7.3 49.2 11:53 W
15 -12.1 -9.8 14:03 -14.7 08:19 30.3 0.0 0.0 12.1 49.2 09:37 W
16 -10.3 -5.6 23:55 -15.9 03:17 28.6 0.0 0.0 0.9 27.8 12:36 W
17 -2.3 -0.6 12:01 -5.6 00:00 20.6 0.0 0.8 0.7 23.5 00:14 SW
18 -7.0 -1.8 04:33 -19.9 23:24 25.1 0.0 0.2 4.0 45.0 14:29 WNW
19 -14.0 -8.1 13:51 -20.4 08:32 32.3 0.0 0.0 1.0 32.1 12:52 WSW
20 -5.4 0.0 14:24 -12.8 00:00 23.7 0.0 0.0 6.0 47.1 16:39 WSW
21 -4.0 0.9 23:58 -11.4 08:17 22.2 0.0 0.0 0.4 19.3 00:13 WSW
22 1.3 3.1 13:40 -1.6 23:58 17.0 0.0 4.0 4.9 40.7 11:42 WNW
23 -0.6 2.2 13:32 -4.8 08:23 18.9 0.0 1.2 0.5 23.5 10:47 SW
24 2.2 2.9 05:12 1.6 00:39 16.1 0.0 8.8 1.9 25.7 06:29 W
25 1.2 2.9 12:38 -2.0 23:57 17.1 0.0 0.0 2.7 29.9 23:24 E
26 5.1 11.3 17:54 -2.3 00:34 13.2 0.0 10.4 7.4 49.2 23:32 SW
27 0.4 7.2 00:00 -2.7 23:53 17.9 0.0 0.0 11.0 62.1 01:02 W
28 -1.2 2.3 23:36 -3.1 02:02 19.5 0.0 0.0 3.6 36.4 02:35 W
29 1.2 2.6 00:39 -1.0 23:26 17.1 0.0 2.4 5.5 38.6 19:43 W
30 -1.8 -0.9 00:00 -4.0 23:14 20.1 0.0 0.0 9.2 45.0 12:25 WNW
31 1.6 4.7 15:33 -2.7 02:04 16.7 0.0 1.4 7.2 42.8 14:12 WSW
----------------------------------------------------------------------------------
-1.7 11.3 26 -20.4 19 618.2 0.0 37.2 5.2 62.1 27 W
Max >= 27.0 0
Max <= 0.0 12
Min <= 0.0 26
Min <= -18.0 2
Max Rain: 10.4 on day 26
Days of Rain: 15 (>= 0.2 mm) 6 (>= 2.0 mm) 0 (>= 20.0 mm)
Heat Base: 18.3 Cool Base: 18.3 Method: Integration