V/Λ SELECT: Month and Year
OR > Month
Monthly Climatological Summary for Feb 2017
Name: KomokaWeather City: Komoka State: ON Canada
Elevation: 817 ft Lat: N 42° 57' 36" Lon: W 081° 26' 17"
Temperature (°C), Rain (mm), Wind Speed (km/h)
Heat Cool Avg
Mean Deg Deg Wind Dom
Day Temp High Time Low Time Days Days Rain Speed High Time Dir
----------------------------------------------------------------------------------
01 -0.5 3.3 14:23 -3.2 08:10 18.8 0.0 2.0 4.8 32.1 01:41 W
02 -5.5 -2.6 00:00 -9.9 20:08 23.8 0.0 0.0 4.9 42.8 11:07 WNW
03 -8.4 -7.1 19:14 -10.4 23:48 26.7 0.0 0.0 6.1 36.4 16:31 W
04 -7.0 -1.9 22:58 -13.9 04:39 25.0 0.0 0.0 2.9 32.1 12:22 WSW
05 -1.5 1.3 14:34 -8.1 23:58 19.8 0.0 0.6 5.0 40.7 05:41 W
06 -2.9 2.8 14:43 -9.2 03:44 21.1 0.0 0.4 0.8 25.7 12:31 S
07 3.4 10.4 21:47 0.3 00:00 14.9 0.0 13.8 5.7 42.8 21:16 E
08 -1.1 5.3 00:00 -5.6 23:37 19.4 0.0 0.0 6.2 49.2 05:41 NW
09 -6.5 -4.7 12:11 -7.7 23:32 24.8 0.0 0.0 8.4 51.3 14:46 WNW
10 -4.9 -0.2 22:22 -9.0 05:41 23.2 0.0 0.2 5.4 45.0 15:41 SW
11 0.6 6.1 12:44 -4.2 02:28 17.7 0.0 0.4 0.4 19.3 12:40 NE
12 1.2 3.8 15:20 -1.8 23:16 17.1 0.0 8.4 7.4 66.4 19:10 WNW
13 -1.9 2.1 16:22 -7.0 23:53 20.2 0.0 0.0 7.8 57.9 00:07 WNW
14 1.2 6.8 16:39 -7.1 02:10 17.1 0.0 0.2 4.9 38.6 10:21 W
15 -1.8 2.9 00:00 -3.9 23:57 20.1 0.0 0.0 5.9 53.5 12:01 WNW
16 -5.8 -1.9 15:50 -13.7 23:42 24.0 0.0 1.6 5.3 36.4 05:27 WNW
17 -3.9 3.4 13:24 -14.7 02:35 22.2 0.0 0.6 0.7 32.1 11:35 SSE
18 5.1 15.8 15:58 -3.2 05:38 13.1 0.0 0.0 3.4 36.4 10:15 W
19 5.3 14.1 13:15 -1.7 23:56 13.0 0.0 0.0 1.4 36.4 10:15 NW
20 3.2 10.7 14:21 -2.7 06:00 15.1 0.0 0.0 1.7 29.9 13:30 ESE
21 6.4 10.9 16:38 2.6 00:00 11.9 0.0 0.0 0.4 25.7 20:55 ESE
22 10.4 17.7 14:12 2.8 00:39 7.9 0.0 0.0 1.4 27.8 22:07 SSW
23 11.9 18.3 12:37 4.4 22:51 6.4 0.0 0.0 5.6 36.4 10:22 WNW
24 10.2 18.9 15:31 4.6 00:00 8.1 0.0 15.4 3.0 38.6 13:56 SE
25 4.2 12.3 00:13 -2.7 22:56 14.1 0.0 4.2 11.3 49.2 12:11 W
26 -0.2 3.5 23:56 -3.3 06:37 18.5 0.0 0.0 8.6 40.7 05:33 WSW
27 4.7 10.4 16:00 -0.7 23:51 13.6 0.0 0.0 4.4 29.9 03:41 W
28 5.8 11.5 22:16 -2.4 05:18 12.4 0.0 14.4 2.1 32.1 14:31 S
----------------------------------------------------------------------------------
0.8 18.9 24 -14.7 17 490.0 0.0 62.2 4.5 66.4 12 W
Max >= 27.0 0
Max <= 0.0 6
Min <= 0.0 23
Min <= -18.0 0
Max Rain: 15.4 on day 24
Days of Rain: 13 (>= 0.2 mm) 6 (>= 2.0 mm) 0 (>= 20.0 mm)
Heat Base: 18.3 Cool Base: 18.3 Method: Integration