V/Λ SELECT: Month and Year
OR > Month
Monthly Climatological Summary for Mar 2017
Name: KomokaWeather City: Komoka State: ON Canada
Elevation: 817 ft Lat: N 42° 57' 36" Lon: W 081° 26' 17"
Temperature (°C), Rain (mm), Wind Speed (km/h)
Heat Cool Avg
Mean Deg Deg Wind Dom
Day Temp High Time Low Time Days Days Rain Speed High Time Dir
----------------------------------------------------------------------------------
01 8.7 13.3 15:06 -3.2 23:55 9.6 0.0 13.0 9.0 55.6 16:27 W
02 -4.6 -1.8 13:34 -7.2 21:59 22.9 0.0 0.0 8.9 55.6 00:58 WNW
03 -5.4 -3.6 13:24 -6.8 10:49 23.7 0.0 0.6 4.9 42.8 10:14 WNW
04 -5.8 -1.4 13:07 -9.7 22:09 24.1 0.0 0.0 4.3 32.1 00:33 NE
05 -2.9 3.1 15:47 -9.5 00:00 21.2 0.0 0.0 3.7 34.2 09:16 ESE
06 7.1 13.3 14:20 1.2 00:00 11.2 0.0 0.8 3.0 36.4 15:34 S
07 10.3 13.3 16:00 5.7 23:57 8.0 0.0 8.4 6.9 49.2 13:18 SW
08 5.9 11.1 11:40 3.1 23:57 10.5 0.0 0.0 13.8 85.7 10:03 W
09 1.4 4.0 15:14 -1.6 23:49 16.9 0.0 0.0 5.0 42.8 06:39 WNW
10 -4.2 -0.4 01:54 -9.1 23:47 22.5 0.0 0.0 8.0 57.9 12:30 NW
11 -6.8 -5.0 21:56 -9.3 02:28 25.1 0.0 0.0 11.9 49.2 09:01 WNW
12 -6.2 -0.9 15:46 -9.4 23:35 23.5 0.0 0.2 3.0 32.1 14:19 NNW
13 -6.9 -4.9 13:42 -9.4 00:00 25.2 0.0 0.0 6.8 40.7 19:57 ENE
14 -7.9 -4.6 16:12 -10.4 08:09 26.2 0.0 1.6 9.4 47.1 15:23 NE
15 -5.1 -2.6 18:09 -8.1 05:56 23.3 0.0 0.0 6.7 51.3 12:26 NW
16 -1.7 2.8 15:30 -5.6 08:34 20.0 0.0 0.2 7.1 45.0 11:24 WNW
17 -0.9 6.3 14:50 -8.2 06:45 19.2 0.0 0.0 1.7 36.4 14:18 S
18 1.3 2.9 17:27 0.4 00:00 17.0 0.0 2.4 0.8 19.3 13:26 NE
19 2.6 6.4 10:54 -0.1 07:57 15.7 0.0 0.0 0.6 19.3 09:04 NE
20 3.0 7.1 15:45 -1.3 02:42 15.3 0.0 0.0 0.6 23.5 14:17 S
21 3.9 13.4 14:38 -1.6 23:59 14.2 0.0 0.0 4.3 53.5 18:52 NW
22 -3.3 1.4 15:44 -8.8 23:56 21.6 0.0 0.0 4.7 45.0 00:28 N
23 -2.0 4.8 16:07 -10.5 05:29 20.3 0.0 0.0 1.4 27.8 13:51 SSE
24 10.3 20.2 17:07 2.4 00:07 8.2 0.2 2.2 6.2 51.3 16:38 W
25 4.8 8.7 00:00 2.6 20:49 13.5 0.0 13.2 5.5 34.2 22:57 ENE
26 6.6 12.1 15:06 2.4 05:35 11.7 0.0 4.2 6.1 40.7 02:50 E
27 11.2 16.4 16:43 7.7 00:00 7.1 0.0 1.8 1.0 23.5 16:15 W
28 6.2 9.7 00:00 1.1 23:35 12.0 0.0 0.0 2.2 29.9 09:59 N
29 5.8 14.6 14:59 -1.7 07:29 12.5 0.0 0.0 1.2 29.9 16:11 NNW
30 3.3 6.3 00:46 1.4 11:19 15.0 0.0 30.4 9.2 55.6 16:36 E
31 3.9 5.6 16:02 2.1 00:00 14.3 0.0 1.4 6.2 38.6 00:46 ENE
----------------------------------------------------------------------------------
1.1 20.2 24 -10.5 23 531.5 0.2 80.4 5.3 85.7 8 NW
Max >= 27.0 0
Max <= 0.0 9
Min <= 0.0 20
Min <= -18.0 0
Max Rain: 30.4 on day 30
Days of Rain: 14 (>= 0.2 mm) 7 (>= 2.0 mm) 1 (>= 20.0 mm)
Heat Base: 18.3 Cool Base: 18.3 Method: Integration