V/Λ SELECT: Month and Year
OR > Month
Monthly Climatological Summary for Apr 2017
Name: KomokaWeather City: Komoka State: ON Canada
Elevation: 817 ft Lat: N 42° 57' 36" Lon: W 081° 26' 17"
Temperature (°C), Rain (mm), Wind Speed (km/h)
Heat Cool Avg
Mean Deg Deg Wind Dom
Day Temp High Time Low Time Days Days Rain Speed High Time Dir
----------------------------------------------------------------------------------
01 5.1 11.3 15:52 -0.5 23:56 13.2 0.0 0.0 3.0 34.2 09:34 NNW
02 7.6 17.4 16:42 -1.8 04:09 10.7 0.0 0.0 1.6 25.7 14:09 W
03 10.5 14.9 17:00 5.6 06:37 7.8 0.0 3.2 4.9 38.6 09:49 E
04 8.9 12.9 10:53 4.6 22:27 9.4 0.0 7.2 6.7 49.2 13:59 WNW
05 7.3 11.4 15:01 1.6 07:32 10.9 0.0 5.8 7.4 66.4 23:51 ENE
06 5.7 8.4 13:34 0.9 22:32 12.6 0.0 9.6 8.8 72.8 00:21 ENE
07 2.2 5.6 18:20 -0.8 23:22 16.1 0.0 4.2 5.4 55.6 12:55 NW
08 6.5 15.2 15:53 -0.4 03:11 11.8 0.0 0.0 2.2 27.8 14:29 WNW
09 11.3 20.3 15:43 1.0 03:16 7.3 0.3 0.0 3.8 45.0 16:43 S
10 17.2 22.3 16:32 12.3 00:41 1.9 0.9 5.0 5.2 49.2 12:40 SW
11 13.6 20.4 13:27 8.1 23:34 4.8 0.1 14.6 4.3 47.1 02:30 WNW
12 6.8 11.6 17:22 2.7 23:17 11.5 0.0 0.0 3.8 32.1 16:40 WNW
13 5.5 10.8 17:14 0.1 06:41 12.7 0.0 0.0 0.4 21.4 17:03 E
14 11.4 18.6 16:35 4.3 06:10 6.9 0.0 0.0 2.5 27.8 11:41 E
15 15.2 26.3 17:37 7.4 04:45 4.9 1.8 3.8 2.5 38.6 17:46 SW
16 19.2 23.1 15:26 11.6 23:59 0.5 1.4 0.0 8.8 51.3 11:05 W
17 9.6 15.5 15:55 4.0 23:57 8.7 0.0 1.4 1.9 32.1 14:32 NNW
18 9.1 17.6 16:13 1.3 03:55 9.2 0.0 0.0 2.4 27.8 16:52 SE
19 14.5 21.9 16:45 9.3 00:00 4.2 0.4 3.2 2.6 29.9 15:25 W
20 8.3 11.3 00:00 6.5 11:56 10.0 0.0 31.4 3.3 34.2 08:59 E
21 8.3 11.3 10:27 4.7 23:53 9.9 0.0 0.0 4.0 36.4 11:34 WNW
22 7.7 14.8 14:30 1.6 06:47 10.6 0.0 0.2 3.0 36.4 11:41 N
23 9.7 20.9 15:54 -1.3 05:15 8.8 0.3 0.0 0.9 25.7 18:04 WSW
24 12.6 21.9 15:47 3.8 03:37 6.4 0.6 0.0 3.5 32.1 17:33 E
25 12.9 21.3 16:51 8.3 08:05 5.8 0.4 4.2 3.2 27.8 18:23 E
26 16.8 23.3 18:18 10.2 06:55 2.8 1.3 0.0 2.3 29.9 15:45 SSE
27 18.1 25.6 14:09 12.3 23:35 1.7 1.5 3.0 4.9 42.8 12:04 SW
28 12.2 16.2 15:42 6.1 06:26 6.1 0.0 0.0 3.3 40.7 14:01 SW
29 8.6 12.0 00:13 6.8 20:36 9.7 0.0 0.0 2.4 32.1 07:45 N
30 8.6 12.4 15:21 5.9 05:23 9.7 0.0 11.8 5.8 40.7 03:09 ENE
----------------------------------------------------------------------------------
10.4 26.3 15 -1.8 2 246.6 9.0 108.6 3.8 72.8 6 NW
Max >= 27.0 0
Max <= 0.0 0
Min <= 0.0 5
Min <= -18.0 0
Max Rain: 31.4 on day 20
Days of Rain: 15 (>= 0.2 mm) 13 (>= 2.0 mm) 1 (>= 20.0 mm)
Heat Base: 18.3 Cool Base: 18.3 Method: Integration