V/Λ SELECT: Month and Year
OR > Month
Monthly Climatological Summary for May 2017
Name: KomokaWeather City: Komoka State: ON Canada
Elevation: 817 ft Lat: N 42° 57' 36" Lon: W 081° 26' 17"
Temperature (°C), Rain (mm), Wind Speed (km/h)
Heat Cool Avg
Mean Deg Deg Wind Dom
Day Temp High Time Low Time Days Days Rain Speed High Time Dir
----------------------------------------------------------------------------------
01 13.1 18.8 17:01 7.9 00:00 5.2 0.0 3.8 2.9 45.0 20:27 SW
02 9.0 10.8 00:00 5.9 23:54 9.1 0.0 0.6 9.3 47.1 14:50 W
03 8.8 14.7 15:52 3.9 06:00 9.5 0.0 0.4 3.0 32.1 00:04 NW
04 6.9 9.0 09:48 4.2 01:44 11.4 0.0 0.4 3.9 36.4 22:26 ENE
05 6.9 8.8 14:28 5.1 21:51 11.4 0.0 26.8 9.1 49.2 14:50 NE
06 6.3 7.3 13:39 5.2 00:00 12.0 0.0 1.2 3.8 40.7 13:45 NW
07 6.0 9.7 15:05 0.4 23:23 12.3 0.0 0.0 4.5 45.0 12:22 NW
08 6.0 11.6 16:33 0.3 00:15 12.3 0.0 0.0 3.5 42.8 13:50 WNW
09 7.8 16.4 16:00 -2.3 06:33 10.5 0.0 0.0 1.1 21.4 11:57 NNE
10 10.6 17.4 16:05 3.6 06:11 7.7 0.0 0.0 0.8 19.3 14:13 ESE
11 11.5 17.4 16:42 7.1 23:49 6.8 0.0 0.6 5.4 40.7 12:51 NE
12 12.4 19.1 16:28 6.0 06:01 6.0 0.0 0.0 2.0 25.7 11:15 ENE
13 12.2 21.4 14:33 3.7 06:05 6.5 0.4 0.6 1.0 34.2 15:57 NW
14 10.8 13.9 15:21 5.8 23:52 7.5 0.0 1.2 3.8 53.5 16:41 NW
15 11.8 19.8 15:52 3.5 02:16 6.7 0.2 0.0 1.6 29.9 15:15 NW
16 13.7 22.3 17:47 5.4 02:18 5.3 0.7 3.8 1.6 42.8 15:44 S
17 22.1 29.5 17:21 12.4 05:00 1.4 5.2 0.0 4.0 47.1 14:23 WSW
18 24.8 29.8 16:52 18.7 23:56 0.0 6.5 1.0 7.0 49.2 12:24 WSW
19 11.0 18.7 00:00 6.8 06:16 7.3 0.0 0.0 2.9 45.0 00:20 N
20 13.7 20.0 15:00 7.3 04:36 4.8 0.2 0.0 5.2 38.6 06:18 ENE
21 15.4 19.0 18:11 11.6 05:10 2.9 0.1 10.6 1.1 25.7 02:46 ESE
22 14.6 19.3 17:33 10.3 23:56 3.8 0.1 0.0 3.8 40.7 16:10 W
23 16.1 22.6 15:56 8.3 03:46 3.4 1.2 0.0 0.2 23.5 16:39 SSW
24 16.5 20.8 15:53 13.9 03:40 2.1 0.3 2.6 1.2 25.7 10:57 ENE
25 14.2 14.6 00:00 13.1 23:55 4.1 0.0 19.2 0.8 21.4 00:28 ENE
26 13.2 16.2 14:26 10.1 23:53 5.1 0.0 0.2 1.3 29.9 14:47 NW
27 16.4 24.9 16:14 8.8 02:42 3.5 1.7 0.0 0.3 19.3 18:16 NE
28 17.9 26.2 16:11 10.1 05:47 2.7 2.3 0.4 0.6 21.4 14:58 SSE
29 18.7 25.3 15:06 14.3 23:18 1.4 1.8 10.0 1.6 40.7 16:39 WSW
30 18.5 23.7 14:25 11.9 05:27 1.6 1.7 0.4 2.6 47.1 14:16 W
31 16.2 22.4 14:26 9.8 03:35 3.1 1.1 0.0 2.8 36.4 13:54 W
----------------------------------------------------------------------------------
13.0 29.8 18 -2.3 9 187.4 23.5 83.8 3.0 53.5 14 NW
Max >= 27.0 2
Max <= 0.0 0
Min <= 0.0 1
Min <= -18.0 0
Max Rain: 26.8 on day 5
Days of Rain: 18 (>= 0.2 mm) 7 (>= 2.0 mm) 1 (>= 20.0 mm)
Heat Base: 18.3 Cool Base: 18.3 Method: Integration