V/Λ SELECT: Month and Year
OR > Month
Monthly Climatological Summary for Aug 2017
Name: KomokaWeather City: Komoka State: ON Canada
Elevation: 817 ft Lat: N 42° 57' 36" Lon: W 081° 26' 17"
Temperature (°C), Rain (mm), Wind Speed (km/h)
Heat Cool Avg
Mean Deg Deg Wind Dom
Day Temp High Time Low Time Days Days Rain Speed High Time Dir
----------------------------------------------------------------------------------
01 23.2 30.1 15:40 15.8 06:18 0.4 5.2 0.0 0.2 21.4 14:23 SW
02 21.6 29.7 16:10 15.7 05:44 0.6 3.9 0.2 0.6 38.6 14:53 SW
03 21.9 27.4 13:03 16.2 06:35 0.4 4.0 1.6 0.5 29.9 13:01 SSW
04 20.6 24.2 12:36 16.9 23:27 0.1 2.4 9.6 2.5 38.6 15:40 SW
05 17.3 22.3 15:59 12.2 23:58 1.8 0.8 0.0 1.2 29.9 11:43 WNW
06 18.1 25.3 16:10 10.1 05:29 2.7 2.5 0.0 0.3 27.8 14:33 SW
07 19.5 25.1 16:13 14.8 23:57 0.8 1.9 0.0 0.6 19.3 12:43 NE
08 18.6 26.7 16:18 9.6 06:21 2.6 3.0 0.0 0.4 29.9 14:26 NW
09 21.1 28.2 15:07 13.6 06:45 1.2 4.0 0.0 0.1 21.4 19:12 SW
10 20.9 28.3 13:41 13.3 05:38 1.3 3.9 0.0 0.7 29.9 19:32 SSW
11 20.6 23.4 17:35 17.1 02:51 0.1 2.5 0.4 0.8 36.4 15:56 SSW
12 19.6 24.6 14:57 15.8 04:45 0.6 1.9 0.0 0.8 29.9 15:52 NW
13 19.7 26.3 16:23 12.9 06:51 1.5 2.9 0.0 0.2 19.3 15:52 N
14 20.3 26.9 16:26 14.0 07:00 1.3 3.2 0.0 0.4 21.4 17:03 SSW
15 20.7 26.9 15:19 15.6 23:51 0.5 2.9 0.4 0.5 23.5 16:33 NNE
16 20.5 28.6 14:06 11.9 06:55 1.6 3.8 0.0 0.5 19.3 13:59 ENE
17 20.2 22.7 09:28 15.7 01:33 0.3 2.2 22.8 0.2 21.4 11:36 SSE
18 21.8 24.6 12:11 19.2 06:38 0.0 3.5 0.2 0.6 25.7 09:51 WSW
19 19.8 24.0 16:56 15.2 23:59 0.5 2.0 0.0 0.9 29.9 15:18 NW
20 20.6 28.7 15:45 13.4 06:49 1.5 3.8 0.0 0.5 27.8 15:59 SSW
21 23.1 30.1 13:04 16.4 02:03 0.5 5.3 0.0 0.4 25.7 16:44 SSW
22 22.2 25.8 15:55 14.6 23:42 0.2 4.1 2.6 1.3 32.1 16:41 WSW
23 17.1 22.7 13:52 12.3 06:22 2.2 1.0 0.0 0.5 25.7 11:02 NW
24 15.3 21.5 15:38 10.4 07:04 3.4 0.4 0.0 0.4 23.5 14:07 NNE
25 15.1 23.2 15:24 6.9 07:07 4.4 1.2 0.0 1.0 23.5 13:33 NE
26 15.4 24.3 15:27 6.7 06:39 4.5 1.6 0.0 0.8 19.3 09:17 NE
27 17.2 25.6 16:06 9.1 05:26 3.2 2.1 0.0 1.6 25.7 12:30 ENE
28 18.8 23.8 14:08 15.8 03:34 0.7 1.3 6.6 1.0 29.9 16:10 SSE
29 19.3 23.5 16:49 15.9 23:58 0.3 1.4 1.4 0.5 25.7 13:02 SSW
30 19.6 25.6 16:41 14.9 07:18 1.2 2.5 0.0 0.1 15.0 16:33 WNW
31 16.8 22.3 15:56 8.9 23:58 2.1 0.6 0.0 2.8 32.1 09:44 NE
----------------------------------------------------------------------------------
19.6 30.1 1 6.7 26 42.5 81.8 45.8 0.7 38.6 2 W
Max >= 27.0 8
Max <= 0.0 0
Min <= 0.0 0
Min <= -18.0 0
Max Rain: 22.8 on day 17
Days of Rain: 10 (>= 0.2 mm) 4 (>= 2.0 mm) 1 (>= 20.0 mm)
Heat Base: 18.3 Cool Base: 18.3 Method: Integration