V/Λ SELECT: Month and Year
OR > Month
Monthly Climatological Summary for Nov 2017
Name: KomokaWeather City: Komoka State: ON Canada
Elevation: 817 ft Lat: N 42° 57' 36" Lon: W 081° 26' 17"
Temperature (°C), Rain (mm), Wind Speed (km/h)
Heat Cool Avg
Mean Deg Deg Wind Dom
Day Temp High Time Low Time Days Days Rain Speed High Time Dir
----------------------------------------------------------------------------------
01 4.5 7.1 23:31 1.9 05:48 13.8 0.0 0.2 0.0 12.9 11:27 NE
02 12.1 15.2 17:05 7.1 00:00 6.2 0.0 17.6 0.3 25.7 14:51 SW
03 7.1 11.1 00:00 -0.5 23:41 11.2 0.0 1.0 1.2 34.2 14:08 NNW
04 4.9 10.8 15:11 -0.9 01:07 13.4 0.0 5.6 2.9 36.4 11:48 ENE
05 12.5 16.7 14:01 6.5 00:00 6.0 0.0 8.2 0.7 29.9 15:43 W
06 6.2 9.4 00:00 2.0 23:47 12.1 0.0 0.8 1.5 36.4 11:36 NNW
07 3.2 9.1 13:20 -2.0 23:55 15.1 0.0 0.0 0.7 29.9 14:28 NE
08 0.8 8.7 13:36 -4.6 06:56 17.4 0.0 0.0 0.9 25.7 13:20 W
09 1.2 7.7 12:48 -3.9 23:57 17.1 0.0 0.0 5.1 47.1 20:11 W
10 -6.7 -2.2 13:51 -13.0 22:57 25.0 0.0 1.0 4.6 42.8 04:35 NNE
11 -4.6 0.9 14:18 -12.6 00:00 22.9 0.0 0.0 0.7 23.5 13:38 E
12 1.4 5.3 13:52 -1.9 00:50 16.9 0.0 1.2 0.0 8.5 12:18 N
13 2.5 4.6 13:47 0.9 00:58 15.8 0.0 3.8 0.2 12.9 14:01 NW
14 3.4 8.5 13:28 -1.6 23:10 14.9 0.0 0.0 0.1 19.3 13:04 SSW
15 4.4 8.0 22:45 -1.4 00:00 13.9 0.0 9.2 2.3 38.6 21:47 SW
16 3.7 7.7 00:00 1.1 22:26 14.5 0.0 1.0 6.9 47.1 14:59 WNW
17 2.5 6.5 23:56 -0.2 07:03 15.8 0.0 0.0 0.6 27.8 14:13 SSW
18 6.9 8.4 14:01 2.8 23:53 11.3 0.0 21.0 1.3 38.6 21:31 NW
19 1.5 3.6 12:09 -1.2 23:44 16.7 0.0 1.4 7.5 51.3 02:28 WNW
20 2.6 7.4 13:57 -2.5 04:39 15.6 0.0 0.0 5.0 42.8 21:54 WSW
21 6.0 10.0 12:45 2.1 23:54 12.3 0.0 3.8 5.8 45.0 08:45 WSW
22 -0.4 2.1 00:00 -2.8 23:56 18.7 0.0 1.0 1.2 38.6 06:35 NW
23 0.2 2.7 22:47 -4.2 00:58 18.1 0.0 0.4 1.0 27.8 11:05 WSW
24 5.9 10.1 13:13 -0.2 04:29 12.4 0.0 0.2 4.2 42.8 13:42 SSW
25 6.2 9.7 00:00 1.3 23:33 12.1 0.0 2.8 2.8 38.6 21:11 WNW
26 1.8 3.9 20:22 -0.2 08:04 16.5 0.0 0.0 3.8 38.6 20:32 W
27 2.8 6.7 11:58 -1.6 08:03 15.5 0.0 0.0 0.3 19.3 00:00 WNW
28 10.1 15.8 13:45 1.9 05:24 8.2 0.0 0.0 4.9 47.1 12:10 SW
29 3.7 10.8 00:00 -4.5 23:57 14.4 0.0 0.0 1.9 32.1 01:32 NW
30 3.4 7.9 10:23 -4.5 00:00 14.7 0.0 2.6 1.7 38.6 11:13 W
----------------------------------------------------------------------------------
3.7 16.7 5 -13.0 10 438.5 0.0 82.8 2.3 51.3 19 W
Max >= 27.0 0
Max <= 0.0 1
Min <= 0.0 20
Min <= -18.0 0
Max Rain: 21.0 on day 18
Days of Rain: 19 (>= 0.2 mm) 9 (>= 2.0 mm) 1 (>= 20.0 mm)
Heat Base: 18.3 Cool Base: 18.3 Method: Integration