V/Λ SELECT: Month and Year
OR > Month
Monthly Climatological Summary for Dec 2017
Name: KomokaWeather City: Komoka State: ON Canada
Elevation: 817 ft Lat: N 42° 57' 36" Lon: W 081° 26' 17"
Temperature (°C), Rain (mm), Wind Speed (km/h)
Heat Cool Avg
Mean Deg Deg Wind Dom
Day Temp High Time Low Time Days Days Rain Speed High Time Dir
----------------------------------------------------------------------------------
01 2.8 9.7 13:45 -1.9 08:16 15.4 0.0 0.0 0.1 15.0 14:07 NW
02 2.7 9.5 14:09 -1.1 04:35 14.9 0.0 0.0 0.2 25.7 15:47 SSW
03 1.5 10.6 14:01 -3.8 07:34 16.8 0.0 0.0 0.3 15.0 12:50 NW
04 6.0 11.3 20:47 -2.4 01:29 12.3 0.0 8.6 2.6 40.7 11:38 S
05 6.5 12.0 08:14 -0.1 23:44 11.7 0.0 2.2 8.8 53.5 09:19 WSW
06 0.4 3.1 14:10 -2.3 05:53 17.7 0.0 0.0 7.3 55.7 12:40 W
07 -1.7 0.6 00:00 -3.0 23:54 19.9 0.0 0.0 4.2 36.4 15:48 W
08 -2.2 0.2 13:43 -4.3 08:38 20.5 0.0 0.0 4.1 40.7 11:19 WSW
09 -1.2 1.1 10:26 -2.8 23:05 19.5 0.0 0.0 0.9 36.4 10:25 SSW
10 -3.3 -1.8 00:45 -5.1 05:16 21.6 0.0 0.0 2.5 32.1 14:07 W
11 -3.9 -2.6 23:57 -7.4 07:52 22.2 0.0 0.0 0.4 27.8 04:22 WNW
12 -6.5 -1.1 04:07 -9.8 17:14 24.8 0.0 0.0 9.8 49.2 10:31 WNW
13 -8.6 -5.9 13:49 -11.2 08:03 26.7 0.0 0.0 5.2 40.7 00:22 NW
14 -11.0 -5.7 14:21 -19.5 23:46 29.3 0.0 0.0 2.5 34.2 00:16 NNE
15 -8.7 -3.7 11:40 -19.2 00:00 26.8 0.0 0.0 3.6 34.2 12:16 W
16 -4.2 -1.2 13:43 -5.6 00:00 22.5 0.0 0.6 1.3 23.5 14:10 NNE
17 -4.4 -2.8 12:28 -5.4 08:31 22.7 0.0 0.0 0.8 19.3 02:51 ENE
18 1.7 4.3 22:12 -3.7 00:00 16.6 0.0 9.0 1.3 27.8 16:43 WSW
19 4.5 6.7 15:24 2.3 23:47 13.8 0.0 0.2 6.1 38.6 20:17 W
20 -0.4 2.3 00:00 -2.2 23:51 18.7 0.0 0.0 1.8 29.9 01:50 NW
21 -1.6 0.4 14:05 -3.2 08:20 19.9 0.0 0.0 0.7 38.6 22:45 ENE
22 -1.1 0.5 11:56 -2.2 20:23 19.4 0.0 0.6 2.5 27.8 00:59 E
23 -0.9 1.6 14:47 -2.1 00:00 19.2 0.0 1.6 0.6 32.1 16:21 NW
24 -4.3 -1.7 12:29 -10.3 08:20 22.6 0.0 0.4 1.0 25.7 17:54 NE
25 -7.2 -3.7 00:00 -13.4 23:57 25.5 0.0 0.0 7.3 47.1 04:56 W
26 -15.1 -12.2 14:01 -17.3 07:24 33.4 0.0 0.0 3.0 32.1 14:39 W
27 -14.6 -10.7 14:01 -18.5 06:15 32.6 0.0 0.0 3.2 29.9 11:22 W
28 -13.1 -9.1 13:46 -16.3 08:22 31.4 0.0 0.0 0.0 12.9 12:22 SW
29 -11.2 -8.9 14:24 -14.6 08:27 29.5 0.0 0.0 0.3 12.9 11:19 W
30 -12.1 -7.8 12:58 -21.0 23:59 30.2 0.0 0.0 2.0 38.6 14:08 WNW
31 -15.4 -9.1 14:45 -22.2 01:16 33.6 0.0 0.0 0.0 4.3 11:51 N
----------------------------------------------------------------------------------
-4.1 12.0 5 -22.2 31 691.7 0.0 23.2 2.7 55.7 6 W
Max >= 27.0 0
Max <= 0.0 16
Min <= 0.0 30
Min <= -18.0 5
Max Rain: 9.0 on day 18
Days of Rain: 8 (>= 0.2 mm) 3 (>= 2.0 mm) 0 (>= 20.0 mm)
Heat Base: 18.3 Cool Base: 18.3 Method: Integration