V/Λ SELECT: Month and Year
OR > Month
Monthly Climatological Summary for Feb 2018
Name: KomokaWeather City: Komoka State: ON Canada
Elevation: 817 ft Lat: N 42° 57' 36" Lon: W 081° 26' 17"
Temperature (°C), Rain (mm), Wind Speed (km/h)
Heat Cool Avg
Mean Deg Deg Wind Dom
Day Temp High Time Low Time Days Days Rain Speed High Time Dir
----------------------------------------------------------------------------------
01 -2.1 4.0 12:00 -10.5 23:58 20.1 0.0 0.4 4.0 42.8 11:12 WNW
02 -9.8 -7.9 13:59 -11.4 02:40 27.6 0.0 0.0 6.5 47.1 10:28 WNW
03 -6.1 -0.2 23:55 -11.2 01:37 24.4 0.0 0.0 3.3 38.6 22:32 SSW
04 -2.2 1.4 12:46 -8.5 22:14 20.3 0.0 2.8 1.8 40.7 23:49 WNW
05 -9.9 -6.8 13:39 -15.7 08:01 28.1 0.0 0.0 3.3 34.2 00:01 W
06 -9.6 -4.5 14:48 -14.7 22:23 27.9 0.0 0.0 0.8 21.4 00:19 WNW
07 -9.1 -3.7 12:58 -18.5 23:59 27.2 0.0 0.0 1.1 27.8 15:15 NNW
08 -13.3 -5.8 14:04 -23.1 06:47 31.1 0.0 0.0 1.7 32.1 13:26 WSW
09 -7.6 -4.3 14:28 -12.3 01:43 25.7 0.0 0.0 0.4 19.3 13:41 ESE
10 -4.6 -3.2 12:00 -5.7 06:41 22.8 0.0 0.0 0.5 19.3 11:04 NE
11 -3.1 0.3 13:46 -4.9 00:00 21.3 0.0 0.0 2.0 27.8 04:09 ENE
12 -8.3 -2.2 12:59 -16.6 23:57 26.5 0.0 0.2 0.6 25.7 14:03 NW
13 -8.9 -1.7 16:00 -18.1 05:50 27.1 0.0 0.0 0.5 21.4 11:35 SE
14 0.8 5.4 14:36 -5.3 05:41 17.5 0.0 5.0 1.7 29.9 11:42 SW
15 5.3 7.5 14:05 2.0 23:58 13.0 0.0 0.6 1.4 36.4 11:16 WSW
16 -2.6 2.0 00:00 -10.3 23:58 20.9 0.0 0.0 2.0 45.0 08:21 NW
17 -4.6 0.1 12:57 -11.5 03:37 22.9 0.0 0.0 1.0 25.7 10:45 SSW
18 -0.2 3.3 13:23 -2.4 02:40 18.5 0.0 0.2 1.3 27.8 23:52 WSW
19 4.9 12.2 22:05 0.2 00:00 13.4 0.0 9.6 1.0 29.9 01:02 SSW
20 12.5 15.7 23:01 7.5 02:15 5.8 0.0 18.0 1.9 34.2 13:05 SW
21 3.2 14.8 00:00 -1.3 23:32 15.1 0.0 1.8 1.4 34.2 08:03 N
22 0.5 4.5 14:42 -1.3 00:00 17.8 0.0 0.0 4.8 27.8 04:04 NE
23 4.5 8.7 15:22 0.7 00:00 13.7 0.0 3.2 2.6 29.9 15:31 ENE
24 2.9 5.2 00:00 0.8 06:52 15.4 0.0 0.8 2.6 27.8 21:43 ENE
25 5.8 10.2 07:40 1.4 23:54 12.4 0.0 2.2 10.7 60.0 08:56 WSW
26 2.7 9.2 15:51 -2.4 23:55 15.3 0.0 0.0 3.1 34.2 14:21 W
27 5.2 13.5 13:52 -3.4 05:30 13.1 0.0 0.0 3.4 45.0 14:04 WSW
28 6.9 15.6 14:24 0.4 05:04 11.3 0.0 0.0 0.0 0.0 00:00 N
----------------------------------------------------------------------------------
-1.7 15.7 20 -23.1 8 556.2 0.0 44.8 2.3 60.0 25 W
Max >= 27.0 0
Max <= 0.0 10
Min <= 0.0 21
Min <= -18.0 3
Max Rain: 18.0 on day 20
Days of Rain: 12 (>= 0.2 mm) 6 (>= 2.0 mm) 0 (>= 20.0 mm)
Heat Base: 18.3 Cool Base: 18.3 Method: Integration