V/Λ SELECT: Month and Year
OR > Month
Monthly Climatological Summary for Mar 2018
Name: KomokaWeather City: Komoka State: ON Canada
Elevation: 817 ft Lat: N 42° 57' 36" Lon: W 081° 26' 17"
Temperature (°C), Rain (mm), Wind Speed (km/h)
Heat Cool Avg
Mean Deg Deg Wind Dom
Day Temp High Time Low Time Days Days Rain Speed High Time Dir
----------------------------------------------------------------------------------
01 1.6 3.3 11:47 -0.1 23:57 16.7 0.0 0.4 8.0 49.2 17:06 NE
02 -0.1 3.7 13:42 -4.3 23:36 18.4 0.0 8.8 3.0 49.2 11:54 NW
03 -1.4 4.6 13:47 -5.2 05:55 19.7 0.0 0.0 2.0 32.1 12:00 NW
04 -1.5 5.3 13:09 -6.4 07:18 19.8 0.0 0.0 2.4 29.9 13:17 N
05 -1.8 6.2 14:36 -8.4 06:02 20.1 0.0 0.0 0.1 15.0 09:12 NE
06 -1.2 1.3 15:12 -3.4 00:54 19.5 0.0 0.0 2.9 36.4 10:52 E
07 0.0 3.8 13:33 -3.4 23:22 18.3 0.0 3.4 3.4 34.2 17:00 W
08 -2.8 -0.4 17:29 -5.5 05:20 21.0 0.0 0.8 4.7 36.4 00:56 W
09 -1.1 0.9 13:41 -1.9 06:18 19.2 0.0 0.8 6.0 45.0 15:47 WNW
10 -0.7 2.3 13:55 -2.4 06:37 19.0 0.0 0.0 2.1 32.1 13:40 WNW
11 -2.7 0.6 11:37 -7.4 23:58 20.2 0.0 0.0 0.4 21.4 15:47 NNE
12 -3.7 3.0 13:50 -9.4 07:08 21.8 0.0 0.0 0.6 19.3 15:28 NE
13 -1.5 3.5 14:03 -5.2 01:12 19.8 0.0 0.2 3.1 40.7 23:12 NW
14 -3.2 -0.4 18:07 -8.4 23:59 21.5 0.0 0.8 6.3 42.8 07:43 WNW
15 -2.6 2.3 10:49 -8.6 00:27 20.9 0.0 0.2 2.4 38.6 15:04 NW
16 -5.0 -2.2 14:45 -11.3 23:53 23.3 0.0 1.0 4.2 38.6 07:01 NW
17 -3.0 5.7 15:37 -11.8 02:00 21.2 0.0 0.2 1.4 25.7 15:22 NW
18 1.0 10.9 15:14 -7.2 07:38 17.3 0.0 0.0 2.2 29.9 14:31 WNW
19 1.1 5.4 15:11 -2.4 23:52 17.2 0.0 0.0 4.6 29.9 12:29 NE
20 -0.4 5.6 15:25 -4.6 05:59 18.7 0.0 0.0 11.1 45.0 17:46 ENE
21 0.1 4.8 14:49 -2.5 07:40 17.9 0.0 0.0 7.6 38.6 05:08 NE
22 -0.8 4.2 14:38 -4.1 07:20 18.4 0.0 0.0 2.1 40.7 15:25 NW
23 -1.1 4.2 11:54 -6.2 04:23 19.4 0.0 0.0 2.3 45.0 14:22 NW
24 -0.7 6.8 15:22 -6.3 07:45 19.0 0.0 0.0 5.6 45.0 22:42 NE
25 -1.0 5.8 16:33 -7.3 07:38 19.3 0.0 0.0 6.9 32.1 11:22 ENE
26 4.8 9.9 16:39 -0.3 06:27 13.5 0.0 0.0 4.6 47.1 10:49 SE
27 5.3 9.4 22:29 2.7 08:35 13.0 0.0 10.4 3.5 47.1 11:54 S
28 4.2 7.7 18:19 1.8 07:22 14.1 0.0 0.0 0.9 38.6 00:46 NE
29 4.8 6.8 12:33 2.8 23:38 13.5 0.0 14.8 1.0 29.9 14:35 NNE
30 1.2 4.8 16:14 -2.3 23:56 17.1 0.0 0.0 3.1 42.8 04:51 NW
31 3.2 8.6 21:16 -3.3 05:37 15.1 0.0 4.0 6.0 49.2 23:14 SW
----------------------------------------------------------------------------------
-0.3 10.9 18 -11.8 17 573.9 0.0 45.8 3.7 49.2 1 N
Max >= 27.0 0
Max <= 0.0 3
Min <= 0.0 28
Min <= -18.0 0
Max Rain: 14.8 on day 29
Days of Rain: 13 (>= 0.2 mm) 5 (>= 2.0 mm) 0 (>= 20.0 mm)
Heat Base: 18.3 Cool Base: 18.3 Method: Integration