V/Λ SELECT: Month and Year
OR > Month
Monthly Climatological Summary for Apr 2018
Name: KomokaWeather City: Komoka State: ON Canada
Elevation: 817 ft Lat: N 42° 57' 36" Lon: W 081° 26' 17"
Temperature (°C), Rain (mm), Wind Speed (km/h)
Heat Cool Avg
Mean Deg Deg Wind Dom
Day Temp High Time Low Time Days Days Rain Speed High Time Dir
----------------------------------------------------------------------------------
01 0.1 2.9 16:32 -3.3 07:23 18.3 0.0 0.0 3.9 55.6 00:06 WNW
02 0.8 6.3 15:03 -5.4 07:32 17.5 0.0 0.0 0.7 23.5 16:06 WSW
03 3.2 6.2 13:19 -0.3 02:27 15.1 0.0 15.8 0.7 23.5 09:22 ENE
04 1.9 10.8 02:44 -1.6 22:29 12.9 0.0 0.0 13.5 62.1 12:42 W
05 -0.5 4.3 15:55 -4.2 07:09 18.3 0.0 0.0 3.9 42.8 13:46 WNW
06 0.7 7.1 14:13 -3.7 23:54 17.6 0.0 3.2 6.3 57.9 16:26 WNW
07 -2.2 2.1 14:34 -6.7 06:06 20.5 0.0 0.8 1.8 27.8 00:17 WNW
08 -1.7 2.2 17:33 -5.2 23:47 20.0 0.0 0.0 2.2 32.1 12:12 NW
09 -0.7 4.8 14:24 -5.3 00:01 19.0 0.0 0.0 0.4 19.3 17:00 NE
10 0.3 5.8 15:25 -3.9 02:33 18.0 0.0 0.0 0.8 27.8 15:08 WSW
11 3.1 9.8 18:13 -1.6 01:14 15.1 0.0 0.6 1.8 36.4 10:37 WSW
12 9.0 21.3 17:16 -0.2 00:12 8.9 0.3 3.4 4.7 62.1 16:10 WSW
13 7.6 14.5 13:50 3.6 00:41 10.7 0.0 0.2 3.3 34.2 17:52 ENE
14 2.0 5.6 00:16 -2.1 23:53 16.3 0.0 10.4 8.7 70.6 11:52 ENE
15 0.2 2.3 23:49 -2.2 02:41 18.1 0.0 16.6 4.2 70.6 11:23 ENE
16 2.6 4.4 14:31 0.6 23:44 15.7 0.0 11.6 5.8 49.2 16:26 W
17 0.2 2.1 14:53 -2.1 10:39 17.9 0.0 0.4 7.7 38.6 14:44 WNW
18 1.5 3.8 17:02 -0.1 23:55 16.8 0.0 0.0 1.6 25.7 18:41 WNW
19 1.5 4.8 17:37 -0.9 22:18 16.8 0.0 0.8 3.7 49.2 11:37 NW
20 4.0 9.8 16:43 -1.8 23:58 14.3 0.0 0.0 2.6 34.2 14:58 NW
21 5.2 15.2 16:06 -3.9 06:31 13.1 0.0 0.0 0.0 8.5 11:32 SSW
22 8.5 18.2 15:45 -2.3 06:58 9.7 0.0 0.0 0.0 0.0 00:00 N
23 13.7 22.1 16:16 3.7 01:54 5.5 0.9 0.0 0.0 0.0 00:00 N
24 11.9 16.1 13:10 9.2 04:40 6.3 0.0 6.0 0.0 0.0 00:00 N
25 6.5 10.5 00:04 3.0 22:55 9.4 0.0 0.2 4.4 38.6 15:44 NW
26 8.1 15.4 17:26 1.3 06:42 10.2 0.0 0.0 2.1 25.7 08:32 WNW
27 8.6 17.4 14:45 0.9 05:57 9.7 0.0 0.2 1.7 32.1 14:26 SW
28 3.0 4.9 13:52 0.9 22:45 15.3 0.0 0.0 4.6 45.0 15:04 NW
29 4.7 9.7 16:41 -0.2 23:50 13.6 0.0 0.0 3.8 38.6 12:55 NW
30 9.4 20.3 16:39 -3.0 06:17 9.2 0.3 0.0 1.6 25.7 14:01 WNW
----------------------------------------------------------------------------------
3.8 22.1 23 -6.7 7 429.8 1.5 70.2 3.1 70.6 14 WNW
Max >= 27.0 0
Max <= 0.0 0
Min <= 0.0 22
Min <= -18.0 0
Max Rain: 16.6 on day 15
Days of Rain: 14 (>= 0.2 mm) 7 (>= 2.0 mm) 0 (>= 20.0 mm)
Heat Base: 18.3 Cool Base: 18.3 Method: Integration