V/Λ SELECT: Month and Year
OR > Month
Monthly Climatological Summary for Aug 2018
Name: KomokaWeather City: Komoka State: ON Canada
Elevation: 817 ft Lat: N 42° 57' 36" Lon: W 081° 26' 17"
Temperature (°C), Rain (mm), Wind Speed (km/h)
Heat Cool Avg
Mean Deg Deg Wind Dom
Day Temp High Time Low Time Days Days Rain Speed High Time Dir
----------------------------------------------------------------------------------
01 21.7 23.3 12:32 19.1 23:42 0.0 3.4 0.0 3.0 27.8 00:44 SSW
02 21.4 26.6 14:22 16.1 06:17 0.3 3.5 0.0 3.0 25.7 13:52 S
03 22.3 28.3 13:46 16.6 05:14 0.3 4.2 0.0 2.6 27.8 15:51 S
04 23.1 29.6 14:53 16.7 06:08 0.2 5.0 0.0 1.7 21.4 17:33 SSW
05 24.7 31.8 15:38 16.9 04:19 0.2 6.5 0.0 3.1 27.8 13:56 SSW
06 23.9 30.5 12:24 21.1 13:33 0.0 5.5 13.0 2.3 29.9 15:02 SSW
07 23.3 27.7 14:30 20.3 23:52 0.0 4.9 1.8 1.0 12.9 13:42 SE
08 21.8 25.8 16:03 17.7 23:56 0.0 3.5 16.4 1.4 25.7 17:26 W
09 21.3 28.4 15:28 15.8 04:53 0.5 3.5 9.2 1.9 27.8 15:50 SW
10 21.2 26.9 16:14 16.5 23:58 0.2 3.1 0.2 2.7 21.4 08:50 NNE
11 20.7 28.0 14:55 13.3 06:19 1.3 3.7 0.0 1.0 12.9 11:20 NNW
12 21.2 26.8 13:00 15.6 06:33 0.3 3.2 2.0 1.3 15.0 13:21 E
13 22.0 29.1 13:16 15.2 06:46 0.5 4.2 0.0 1.7 19.3 16:39 NNE
14 23.1 29.7 15:53 17.5 07:00 0.0 4.8 0.0 1.2 19.3 17:23 W
15 23.5 28.9 13:28 18.6 06:36 0.0 5.2 0.0 1.3 19.3 15:42 SW
16 21.6 24.6 10:41 18.3 06:14 0.0 3.3 7.4 2.0 25.7 11:07 N
17 23.4 27.3 13:30 21.4 23:47 0.0 5.1 3.6 2.1 15.0 11:41 W
18 22.1 27.3 14:33 17.7 23:55 0.0 3.8 3.0 3.0 19.3 09:45 NNE
19 20.3 26.2 14:12 15.4 05:53 0.7 2.7 0.0 1.3 12.9 10:13 SE
20 20.5 25.5 16:26 14.8 05:28 0.9 3.0 0.0 2.5 25.7 15:55 ENE
21 21.8 24.9 13:58 18.3 23:29 0.0 3.5 21.2 3.9 34.2 13:40 NNW
22 17.7 21.3 14:53 12.2 23:43 1.1 0.4 9.8 3.1 36.4 14:26 NNW
23 18.3 26.0 13:36 10.9 05:54 2.5 2.5 0.0 1.7 15.0 14:08 SW
24 19.2 25.0 13:43 12.2 06:41 1.6 2.5 0.0 3.0 34.2 12:15 S
25 21.5 23.8 15:41 19.9 11:56 0.0 3.2 4.4 4.8 27.8 11:09 N
26 23.7 28.3 14:50 20.5 06:24 0.0 5.4 0.2 1.9 19.3 15:28 NNW
27 24.3 30.1 16:18 19.7 05:17 0.0 6.0 9.6 3.5 27.8 15:25 SSW
28 26.6 31.3 15:11 23.3 06:27 0.0 8.3 0.0 4.9 38.6 11:29 SSW
29 23.4 27.2 11:45 17.8 23:52 0.0 5.1 0.0 3.1 27.8 07:13 WNW
30 17.7 22.1 16:21 14.1 04:06 1.4 0.9 0.0 2.2 21.4 10:50 NNE
31 18.4 25.1 15:49 11.7 06:30 1.9 2.0 0.0 1.6 15.0 13:46 NNE
----------------------------------------------------------------------------------
21.8 31.8 5 10.9 23 13.9 121.9 101.8 2.4 38.6 28 W
Max >= 27.0 16
Max <= 0.0 0
Min <= 0.0 0
Min <= -18.0 0
Max Rain: 21.2 on day 21
Days of Rain: 14 (>= 0.2 mm) 11 (>= 2.0 mm) 1 (>= 20.0 mm)
Heat Base: 18.3 Cool Base: 18.3 Method: Integration