V/Λ SELECT: Month and Year
OR > Month
Monthly Climatological Summary for Sep 2018
Name: KomokaWeather City: Komoka State: ON Canada
Elevation: 817 ft Lat: N 42° 57' 36" Lon: W 081° 26' 17"
Temperature (°C), Rain (mm), Wind Speed (km/h)
Heat Cool Avg
Mean Deg Deg Wind Dom
Day Temp High Time Low Time Days Days Rain Speed High Time Dir
----------------------------------------------------------------------------------
01 21.9 28.7 15:30 14.7 05:46 0.9 4.5 0.0 3.4 27.8 12:20 S
02 25.2 29.3 14:01 21.8 05:27 0.0 6.9 0.0 3.8 29.9 16:15 SSW
03 24.4 30.2 12:09 21.4 23:51 0.0 6.1 7.0 1.3 19.3 15:15 SW
04 24.2 30.1 16:06 19.8 04:57 0.0 5.9 0.0 2.2 21.4 10:47 S
05 25.9 31.9 12:29 20.9 22:27 0.0 7.6 1.2 3.1 29.9 16:28 SSW
06 20.4 24.9 14:57 17.3 23:33 0.1 2.2 0.6 1.7 23.5 17:27 N
07 17.6 22.8 13:35 13.3 05:52 1.7 1.0 0.2 2.0 19.3 11:57 NNE
08 14.7 18.2 13:51 11.1 23:46 3.6 0.0 0.0 6.6 34.2 10:25 NNE
09 13.0 15.5 15:48 10.7 05:39 5.3 0.0 0.0 8.5 47.1 13:57 NNE
10 13.5 15.1 15:26 11.5 00:56 4.8 0.0 2.6 7.0 47.1 13:57 NNE
11 15.8 22.8 15:42 11.9 04:15 3.2 0.8 3.4 2.0 21.4 08:20 NNE
12 17.7 22.5 15:27 11.0 02:28 1.8 1.2 1.6 1.6 15.0 13:52 NNE
13 20.1 25.9 16:04 14.9 02:31 0.8 2.6 0.6 3.3 29.9 11:46 NE
14 22.3 28.6 15:17 17.7 05:29 0.0 4.0 0.0 1.9 15.0 09:47 SSE
15 22.7 30.5 15:20 17.5 06:18 0.0 4.5 0.0 1.7 21.4 16:50 SSE
16 22.2 29.1 15:46 16.3 05:41 0.3 4.2 0.0 2.0 27.8 14:25 S
17 21.3 27.1 15:08 16.8 05:42 0.2 3.2 0.0 1.7 19.3 09:58 S
18 19.7 25.9 14:44 15.7 23:31 0.5 1.9 0.0 1.5 23.5 15:31 NW
19 17.3 24.2 15:17 12.8 07:06 2.1 1.2 0.0 2.2 19.3 09:44 NNE
20 17.4 21.6 17:32 12.8 02:04 1.6 0.7 0.8 2.4 21.4 16:43 N
21 23.5 30.3 12:40 15.8 23:58 0.1 5.3 0.0 7.8 49.2 12:32 WSW
22 12.6 17.2 14:50 6.9 23:58 5.7 0.0 0.0 3.0 29.9 08:39 N
23 12.3 21.7 15:44 4.4 06:59 6.5 0.5 0.0 1.9 23.5 18:05 NE
24 15.2 18.9 17:04 11.1 00:00 3.2 0.1 1.2 5.2 32.1 08:05 NNE
25 19.5 21.6 17:20 16.9 04:16 0.3 1.5 14.0 6.3 42.8 23:43 N
26 17.2 21.9 02:42 7.8 23:56 2.0 0.9 16.0 4.6 38.6 11:38 NNW
27 10.9 16.9 14:15 4.9 07:09 7.4 0.0 0.0 1.1 23.5 15:22 NNW
28 12.5 22.4 13:39 6.2 05:02 6.1 0.3 0.2 2.5 25.7 10:42 WNW
29 10.8 16.3 14:42 6.1 07:31 7.5 0.0 5.4 2.5 25.7 14:48 NW
30 10.4 13.1 17:11 8.6 06:26 7.9 0.0 5.8 1.6 21.4 23:55 NNE
----------------------------------------------------------------------------------
18.1 31.9 5 4.4 23 73.6 67.1 60.6 3.2 49.2 21 N
Max >= 27.0 10
Max <= 0.0 0
Min <= 0.0 0
Min <= -18.0 0
Max Rain: 16.0 on day 26
Days of Rain: 15 (>= 0.2 mm) 7 (>= 2.0 mm) 0 (>= 20.0 mm)
Heat Base: 18.3 Cool Base: 18.3 Method: Integration