V/Λ SELECT: Month and Year
OR > Month
Monthly Climatological Summary for Oct 2018
Name: KomokaWeather City: Komoka State: ON Canada
Elevation: 817 ft Lat: N 42° 57' 36" Lon: W 081° 26' 17"
Temperature (°C), Rain (mm), Wind Speed (km/h)
Heat Cool Avg
Mean Deg Deg Wind Dom
Day Temp High Time Low Time Days Days Rain Speed High Time Dir
----------------------------------------------------------------------------------
01 10.3 11.6 00:00 9.3 10:41 8.0 0.0 11.8 4.7 27.8 04:28 NNE
02 14.4 20.7 12:45 10.6 00:00 4.1 0.3 11.4 2.8 29.9 11:30 NNW
03 14.6 21.8 23:52 10.1 06:11 3.9 0.2 0.0 3.1 29.9 13:56 N
04 15.7 23.1 02:54 4.7 23:58 4.1 1.5 0.2 6.0 42.8 14:44 NW
05 8.7 13.0 16:09 2.2 04:38 9.6 0.0 0.0 2.6 32.1 16:02 ENE
06 16.7 22.5 16:08 11.8 00:00 2.4 0.8 14.8 1.7 23.5 15:47 E
07 14.8 17.4 15:37 13.1 05:20 3.5 0.0 0.2 2.5 21.4 12:04 N
08 18.1 25.8 14:28 13.2 03:41 2.2 2.0 0.0 3.2 27.8 02:26 ENE
09 22.0 29.2 14:32 16.8 06:30 0.2 3.8 0.0 2.6 27.8 11:14 S
10 21.2 26.7 14:30 16.5 04:12 0.3 3.2 0.0 4.4 40.7 20:35 SSW
11 15.3 21.2 00:00 7.5 23:58 3.6 0.6 0.2 7.7 40.7 23:59 NNW
12 6.5 8.6 12:06 3.8 22:55 11.8 0.0 0.8 6.1 34.2 10:09 N
13 5.6 11.2 15:00 2.0 23:23 12.7 0.0 0.6 4.0 25.7 10:50 NNW
14 6.8 15.0 13:09 0.6 07:20 11.5 0.0 0.0 2.2 27.8 13:38 NW
15 8.0 11.2 10:37 1.8 23:59 10.3 0.0 1.6 5.2 45.0 18:33 NNW
16 5.5 11.7 14:11 -1.8 08:02 12.8 0.0 0.0 5.5 38.6 14:15 W
17 6.2 9.0 00:18 3.5 23:51 12.1 0.0 1.0 6.9 57.9 16:31 W
18 4.0 8.8 12:59 0.5 08:27 14.1 0.0 0.2 4.3 36.4 00:20 W
19 8.7 15.2 12:46 1.3 00:00 9.6 0.0 0.0 6.3 47.1 21:17 WSW
20 6.8 11.7 12:53 1.4 23:39 11.5 0.0 6.6 5.3 34.2 00:20 W
21 2.3 5.0 13:26 0.3 05:12 16.0 0.0 0.8 4.1 34.2 11:42 W
22 6.2 13.2 13:47 1.2 23:18 12.1 0.0 0.0 2.8 25.7 14:35 WSW
23 4.7 9.9 13:56 0.3 02:51 13.6 0.0 2.4 3.8 40.7 14:00 W
24 3.8 7.9 13:09 -0.9 22:31 14.5 0.0 0.6 2.2 32.1 13:10 NNW
25 3.5 10.4 14:11 -2.1 04:53 14.7 0.0 0.0 1.5 19.3 15:29 SW
26 5.1 9.7 13:23 0.1 00:50 13.1 0.0 0.0 4.0 34.2 22:07 NE
27 4.1 5.9 00:00 2.4 23:43 14.2 0.0 12.4 7.0 42.8 09:09 NE
28 4.1 6.8 14:39 1.8 04:13 14.2 0.0 4.8 1.8 19.3 13:16 SW
29 5.4 10.6 14:32 1.6 23:59 12.9 0.0 0.2 5.6 36.4 13:09 W
30 5.4 12.9 15:00 -2.1 07:19 12.9 0.0 0.0 2.5 25.7 15:07 S
31 9.5 13.1 10:51 2.9 22:52 8.8 0.0 23.4 3.2 27.8 12:47 SW
----------------------------------------------------------------------------------
9.2 29.2 9 -2.1 25 295.3 12.4 94.0 4.1 57.9 17 NW
Max >= 27.0 1
Max <= 0.0 0
Min <= 0.0 4
Min <= -18.0 0
Max Rain: 23.4 on day 31
Days of Rain: 19 (>= 0.2 mm) 8 (>= 2.0 mm) 1 (>= 20.0 mm)
Heat Base: 18.3 Cool Base: 18.3 Method: Integration