V/Λ SELECT: Month and Year
OR > Month
Monthly Climatological Summary for Nov 2018
Name: KomokaWeather City: Komoka State: ON Canada
Elevation: 817 ft Lat: N 42° 57' 36" Lon: W 081° 26' 17"
Temperature (°C), Rain (mm), Wind Speed (km/h)
Heat Cool Avg
Mean Deg Deg Wind Dom
Day Temp High Time Low Time Days Days Rain Speed High Time Dir
----------------------------------------------------------------------------------
01 5.7 7.1 13:06 3.6 00:00 12.5 0.0 23.0 3.9 36.4 23:14 NE
02 4.3 6.6 16:35 1.1 22:07 14.0 0.0 6.2 4.4 53.5 01:14 NNE
03 3.4 6.7 14:55 -1.9 23:42 14.9 0.0 0.8 4.3 32.1 12:33 W
04 3.1 9.1 13:35 -3.0 03:10 15.9 0.0 0.0 4.8 40.7 09:48 ENE
05 9.1 12.2 12:34 5.9 00:36 9.2 0.0 9.8 3.3 25.7 10:06 S
06 10.0 13.7 10:16 7.0 23:58 8.3 0.0 4.6 11.6 53.5 15:03 SW
07 4.9 7.4 01:12 2.8 22:17 13.4 0.0 0.2 10.1 38.6 12:49 WSW
08 3.0 4.6 09:36 1.9 23:03 15.3 0.0 0.2 4.6 27.8 09:27 W
09 1.5 2.6 13:08 -1.2 23:59 16.8 0.0 5.2 6.4 40.7 22:33 NNW
10 -1.8 0.7 15:19 -4.7 07:30 20.1 0.0 0.0 10.1 47.1 06:33 WSW
11 0.2 2.9 12:35 -2.4 05:36 18.1 0.0 0.0 4.2 27.8 10:26 SW
12 1.7 6.0 13:51 -2.4 07:28 16.5 0.0 0.0 1.4 12.9 10:40 SW
13 -0.7 0.5 13:50 -4.1 23:56 19.0 0.0 3.0 4.4 34.2 23:53 W
14 -3.2 0.9 12:23 -5.4 06:23 21.5 0.0 0.2 5.1 34.2 00:04 W
15 -1.6 0.0 22:38 -4.3 00:46 19.9 0.0 0.0 5.4 32.1 09:22 ENE
16 0.3 1.4 23:53 -0.3 12:54 18.0 0.0 1.0 8.4 34.2 11:54 WSW
17 0.6 1.6 01:34 -1.2 22:57 17.6 0.0 0.0 6.6 29.9 03:58 W
18 -0.9 0.4 11:04 -3.9 23:59 19.2 0.0 0.0 0.8 10.6 00:09 ENE
19 -1.5 4.3 13:38 -7.6 05:52 19.8 0.0 0.0 1.4 21.4 11:39 SSW
20 -2.2 0.1 00:59 -6.2 18:27 20.5 0.0 0.4 3.7 32.1 13:09 W
21 -3.4 0.0 07:29 -9.6 23:29 21.7 0.0 0.0 8.1 42.8 13:48 W
22 -7.8 -4.6 13:50 -11.3 05:18 24.2 0.0 0.0 3.8 25.7 20:03 ENE
23 0.7 4.9 12:39 -6.1 00:00 17.6 0.0 0.4 4.9 32.1 12:40 SSE
24 5.1 7.6 18:36 2.3 01:24 13.2 0.0 6.0 5.9 32.1 11:16 S
25 4.7 6.7 00:00 2.7 23:54 13.6 0.0 0.0 5.8 25.7 00:05 W
26 2.3 4.4 13:03 -0.1 23:54 16.0 0.0 17.4 10.5 47.1 04:42 N
27 -1.9 -0.1 00:00 -2.4 07:37 20.2 0.0 0.0 11.4 40.7 01:39 W
28 -1.9 -0.9 13:45 -2.8 23:57 20.1 0.0 0.0 12.0 40.7 09:07 W
29 -2.3 -1.4 15:01 -3.5 07:11 20.6 0.0 0.2 4.3 25.7 01:37 SW
30 -0.1 1.0 13:39 -1.5 00:00 18.4 0.0 1.2 1.3 8.5 00:02 NE
----------------------------------------------------------------------------------
1.0 13.7 6 -11.3 22 516.1 0.0 79.8 5.8 53.5 2 W
Max >= 27.0 0
Max <= 0.0 6
Min <= 0.0 22
Min <= -18.0 0
Max Rain: 23.0 on day 1
Days of Rain: 17 (>= 0.2 mm) 8 (>= 2.0 mm) 1 (>= 20.0 mm)
Heat Base: 18.3 Cool Base: 18.3 Method: Integration