V/Λ SELECT: Month and Year
OR > Month
Monthly Climatological Summary for Dec 2018
Name: KomokaWeather City: Komoka State: ON Canada
Elevation: 817 ft Lat: N 42° 57' 36" Lon: W 081° 26' 17"
Temperature (°C), Rain (mm), Wind Speed (km/h)
Heat Cool Avg
Mean Deg Deg Wind Dom
Day Temp High Time Low Time Days Days Rain Speed High Time Dir
----------------------------------------------------------------------------------
01 0.7 2.4 23:49 -0.6 03:16 17.6 0.0 2.6 7.8 40.7 13:45 ENE
02 8.3 15.1 13:19 2.4 00:00 10.0 0.0 4.2 6.0 42.8 18:05 S
03 1.4 4.7 00:00 -1.2 19:57 16.9 0.0 1.0 5.4 36.4 00:53 WNW
04 -0.8 3.6 12:35 -2.8 20:20 19.1 0.0 0.0 3.3 25.7 11:18 NW
05 -1.4 1.9 13:11 -3.3 07:38 19.4 0.0 0.0 4.5 34.2 22:00 WSW
06 -1.9 -0.2 10:41 -4.6 23:52 20.1 0.0 0.0 7.5 36.4 01:15 WSW
07 -4.1 -1.8 11:18 -6.3 06:57 22.3 0.0 0.2 3.2 23.5 02:42 W
08 -5.5 -2.7 13:19 -12.3 23:54 23.8 0.0 0.0 4.7 34.2 03:03 W
09 -8.1 -0.3 13:04 -15.4 08:02 26.1 0.0 2.0 1.7 23.5 11:24 WSW
10 -2.7 -1.0 13:02 -4.1 20:44 20.9 0.0 0.0 2.9 21.4 18:41 SW
11 -2.8 -1.9 14:33 -4.2 07:11 21.1 0.0 0.0 5.7 32.1 06:41 SW
12 -0.3 1.7 12:41 -2.2 07:01 18.6 0.0 0.4 4.4 32.1 16:17 ESE
13 0.5 4.9 12:33 -2.9 22:41 17.6 0.0 0.0 2.0 21.4 03:17 E
14 2.7 6.0 14:06 -2.1 01:23 15.5 0.0 2.2 1.1 12.9 06:00 S
15 1.6 3.9 12:59 -0.3 07:05 16.7 0.0 0.0 6.4 29.9 20:42 NNE
16 1.6 7.7 14:44 -2.5 22:12 16.6 0.0 0.0 3.2 27.8 03:20 NE
17 -0.3 1.1 11:16 -2.7 00:27 18.6 0.0 0.0 5.4 34.2 13:19 WNW
18 -1.2 3.4 13:13 -4.9 23:49 18.9 0.0 0.0 2.8 21.4 00:06 WNW
19 -0.1 6.3 14:09 -5.2 05:03 18.4 0.0 0.0 2.8 29.9 13:39 S
20 2.0 6.0 14:16 -2.6 01:05 16.0 0.0 4.6 1.5 21.4 23:36 ENE
21 2.4 3.4 12:07 -0.3 23:43 15.7 0.0 10.0 4.7 36.4 11:01 NW
22 -1.5 -0.3 00:00 -2.1 13:58 19.6 0.0 0.0 6.5 36.4 08:02 W
23 -0.5 1.4 14:22 -1.9 00:00 18.6 0.0 1.0 1.8 12.9 16:41 WSW
24 -0.6 0.2 00:01 -1.7 23:46 18.9 0.0 0.0 7.9 40.7 13:06 W
25 -1.5 0.8 11:38 -2.8 08:08 19.8 0.0 0.0 3.1 19.3 12:37 WSW
26 -0.5 1.1 15:19 -2.3 03:14 18.8 0.0 0.0 1.1 10.6 22:43 WSW
27 0.2 5.5 23:55 -3.1 08:17 17.8 0.0 5.4 7.1 51.4 18:10 E
28 8.1 11.8 15:30 1.4 23:45 10.2 0.0 4.8 9.5 51.3 18:41 SW
29 -1.7 1.6 00:19 -3.4 21:55 19.8 0.0 0.0 4.2 32.1 00:17 W
30 -2.5 -0.6 14:52 -6.3 23:58 20.6 0.0 0.8 2.8 27.8 15:04 SW
31 -0.4 9.8 23:32 -7.0 02:51 18.7 0.0 1.6 3.8 47.1 23:57 E
----------------------------------------------------------------------------------
-0.3 15.1 2 -15.4 9 572.7 0.0 40.8 4.4 51.4 27 WSW
Max >= 27.0 0
Max <= 0.0 8
Min <= 0.0 29
Min <= -18.0 0
Max Rain: 10.0 on day 21
Days of Rain: 14 (>= 0.2 mm) 8 (>= 2.0 mm) 0 (>= 20.0 mm)
Heat Base: 18.3 Cool Base: 18.3 Method: Integration