V/Λ SELECT: Month and Year
OR > Month
Monthly Climatological Summary for Feb 2019
Name: KomokaWeather City: Komoka State: ON Canada
Elevation: 817 ft Lat: N 42° 57' 36" Lon: W 081° 26' 17"
Temperature (°C), Rain (mm), Wind Speed (km/h)
Heat Cool Avg
Mean Deg Deg Wind Dom
Day Temp High Time Low Time Days Days Rain Speed High Time Dir
----------------------------------------------------------------------------------
01 -19.9 -11.8 13:54 -26.3 07:30 38.1 0.0 0.8 1.4 12.9 15:11 WSW
02 -4.8 2.1 14:06 -19.5 00:00 22.9 0.0 0.0 5.3 30.0 10:50 SSW
03 4.4 8.4 15:51 1.3 00:00 13.8 0.0 0.0 5.5 32.1 11:14 SSW
04 6.9 9.7 20:39 2.2 07:29 11.4 0.0 0.0 4.8 36.4 20:14 SSW
05 0.4 8.8 00:00 -4.6 22:41 18.0 0.0 9.8 4.3 29.9 03:50 NW
06 -0.9 0.2 15:19 -3.6 00:00 19.0 0.0 17.2 3.9 38.6 04:02 ENE
07 2.3 11.7 22:22 -0.2 07:16 16.0 0.0 3.2 5.2 47.1 23:56 SE
08 -5.7 7.8 00:00 -11.1 23:57 24.0 0.0 0.0 18.9 55.6 07:17 WSW
09 -9.7 -6.7 13:13 -12.4 23:00 28.0 0.0 0.0 6.6 45.0 03:08 W
10 -7.0 -3.7 13:43 -11.9 00:00 25.3 0.0 0.0 3.2 25.7 13:19 E
11 -3.5 -1.8 12:39 -5.3 01:38 21.8 0.0 0.0 10.7 45.0 22:01 NE
12 -1.6 1.6 20:10 -4.7 05:50 19.9 0.0 10.2 11.9 47.1 01:40 ENE
13 -4.1 -0.7 00:00 -5.2 20:55 22.3 0.0 0.0 14.4 49.2 04:34 WSW
14 -1.9 3.2 21:45 -10.7 06:59 20.0 0.0 0.2 5.0 32.1 11:10 S
15 -0.9 3.9 05:23 -6.3 21:12 18.7 0.0 0.0 12.1 49.2 10:13 W
16 -4.3 -2.6 11:53 -6.1 23:57 22.5 0.0 0.0 5.9 29.9 02:44 NW
17 -6.5 -3.2 15:44 -9.9 03:41 24.7 0.0 0.0 8.1 38.6 17:59 NE
18 -8.8 -3.6 14:22 -18.2 23:56 27.0 0.0 2.2 3.2 29.9 15:26 NNW
19 -12.8 -2.9 13:12 -20.8 05:12 31.0 0.0 0.0 2.5 29.9 11:38 WSW
20 -4.3 1.9 23:56 -13.7 00:00 22.5 0.0 2.6 6.5 38.6 14:48 E
21 1.3 3.8 14:21 -2.2 23:44 16.9 0.0 3.8 8.4 36.4 09:53 WSW
22 -2.2 3.1 14:16 -6.2 03:30 20.5 0.0 1.2 1.8 19.3 09:39 N
23 -0.2 5.5 13:21 -5.6 01:01 18.5 0.0 0.2 7.0 34.2 07:32 ENE
24 2.2 7.2 07:54 -3.3 22:50 15.9 0.0 0.0 16.0 70.6 11:22 SW
25 -6.7 -3.2 00:00 -7.9 18:53 25.0 0.0 0.0 17.3 68.5 02:49 W
26 -8.1 -6.3 14:49 -9.7 06:14 26.4 0.0 0.0 5.1 25.7 15:09 NW
27 -8.7 -6.7 16:07 -10.8 23:39 26.9 0.0 0.0 5.1 29.9 11:53 ENE
28 -10.4 -4.7 14:12 -18.8 05:58 28.6 0.0 3.0 2.1 21.4 11:32 SE
----------------------------------------------------------------------------------
-4.1 11.7 7 -26.3 1 625.6 0.0 54.4 7.2 70.6 24 WSW
Max >= 27.0 0
Max <= 0.0 13
Min <= 0.0 26
Min <= -18.0 5
Max Rain: 17.2 on day 6
Days of Rain: 12 (>= 0.2 mm) 8 (>= 2.0 mm) 0 (>= 20.0 mm)
Heat Base: 18.3 Cool Base: 18.3 Method: Integration