V/Λ SELECT: Month and Year
OR > Month
Monthly Climatological Summary for Apr 2019
Name: KomokaWeather City: Komoka State: ON Canada
Elevation: 817 ft Lat: N 42° 57' 36" Lon: W 081° 26' 17"
Temperature (°C), Rain (mm), Wind Speed (km/h)
Heat Cool Avg
Mean Deg Deg Wind Dom
Day Temp High Time Low Time Days Days Rain Speed High Time Dir
----------------------------------------------------------------------------------
01 -2.4 3.4 17:14 -9.7 06:09 20.4 0.0 6.6 4.2 29.9 17:37 SW
02 3.7 8.0 17:26 -0.7 04:39 14.6 0.0 0.2 8.5 40.7 18:33 S
03 5.2 9.8 16:05 -2.1 23:39 12.7 0.0 0.0 10.4 66.4 15:51 NNW
04 1.4 6.8 13:57 -3.9 04:32 16.6 0.0 0.0 3.7 23.5 12:20 NNE
05 4.4 8.6 17:09 -0.1 07:54 13.8 0.0 0.6 5.4 29.9 01:58 E
06 9.6 18.3 15:10 2.2 07:39 8.7 0.0 0.0 2.1 23.5 15:55 SSW
07 11.1 19.8 16:09 4.1 04:15 7.1 0.1 1.2 3.7 27.8 20:00 ENE
08 13.5 19.1 15:54 6.3 23:55 4.8 0.0 1.2 7.3 45.0 09:59 NW
09 8.8 13.1 16:02 5.3 23:52 9.5 0.0 0.6 6.7 47.1 08:23 N
10 3.9 7.7 13:45 0.9 08:22 14.4 0.0 0.0 6.1 38.6 12:49 N
11 2.8 6.1 14:10 0.3 07:29 15.4 0.0 0.2 12.2 53.5 14:29 ENE
12 11.5 17.2 16:50 3.3 00:00 6.7 0.0 0.4 9.9 49.2 15:19 ENE
13 8.6 14.1 17:55 0.1 06:47 9.6 0.0 0.2 7.0 51.3 11:44 NNW
14 2.8 4.2 00:12 1.2 08:08 15.2 0.0 4.6 8.7 49.2 13:03 NE
15 3.6 9.0 16:26 -1.4 23:45 14.6 0.0 2.6 6.9 47.1 07:57 N
16 2.9 4.9 13:55 -1.9 01:34 15.3 0.0 13.0 2.6 25.7 20:21 E
17 9.0 17.3 15:38 1.4 07:03 9.3 0.0 1.0 6.2 36.4 19:45 NNE
18 14.6 20.6 16:40 8.7 00:00 3.9 0.3 7.0 7.4 45.0 12:05 NNW
19 6.5 11.7 00:00 4.1 08:03 11.7 0.0 16.8 6.4 45.0 18:11 N
20 5.9 7.9 17:08 4.5 04:32 12.4 0.0 9.4 8.4 53.5 09:33 N
21 9.7 17.8 16:43 5.1 07:16 8.6 0.0 0.0 3.4 21.4 10:24 NNW
22 10.2 18.1 15:00 2.8 03:53 8.1 0.0 0.0 3.7 27.8 16:01 SE
23 11.2 20.7 12:13 5.7 20:39 7.1 0.1 0.4 6.6 42.8 13:18 NNW
24 7.4 13.3 14:53 1.6 06:43 10.8 0.0 0.0 5.2 27.8 03:30 NNW
25 9.3 17.4 14:38 -0.3 03:16 8.6 0.0 0.0 3.1 21.4 23:39 NNE
26 7.9 11.9 00:00 4.2 23:57 10.4 0.0 23.2 8.9 49.2 23:09 N
27 4.9 9.7 16:25 1.4 07:16 13.3 0.0 0.2 8.9 51.3 07:36 NW
28 5.2 11.9 14:14 -1.2 23:59 13.1 0.0 1.4 5.5 34.2 11:28 N
29 3.1 7.5 13:01 -2.6 02:45 15.2 0.0 3.0 6.6 45.0 16:29 ENE
30 6.3 10.2 14:54 3.3 03:30 11.9 0.0 5.4 4.0 38.6 23:45 N
----------------------------------------------------------------------------------
6.8 20.7 23 -9.7 1 343.8 0.5 99.2 6.3 66.4 3 NNE
Max >= 27.0 0
Max <= 0.0 0
Min <= 0.0 10
Min <= -18.0 0
Max Rain: 23.2 on day 26
Days of Rain: 22 (>= 0.2 mm) 10 (>= 2.0 mm) 1 (>= 20.0 mm)
Heat Base: 18.3 Cool Base: 18.3 Method: Integration