V/Λ SELECT: Month and Year
OR > Month
Monthly Climatological Summary for May 2019
Name: KomokaWeather City: Komoka State: ON Canada
Elevation: 817 ft Lat: N 42° 57' 36" Lon: W 081° 26' 17"
Temperature (°C), Rain (mm), Wind Speed (km/h)
Heat Cool Avg
Mean Deg Deg Wind Dom
Day Temp High Time Low Time Days Days Rain Speed High Time Dir
----------------------------------------------------------------------------------
01 11.1 18.2 13:21 5.6 04:18 7.2 0.0 10.8 7.7 42.8 04:06 NE
02 10.8 19.2 16:37 3.7 07:44 7.5 0.0 1.6 3.4 19.3 08:42 NNW
03 8.9 12.8 00:00 6.3 23:28 9.4 0.0 7.2 3.1 23.5 14:21 N
04 8.7 12.9 18:07 5.7 23:44 9.6 0.0 1.4 1.8 19.3 10:13 N
05 11.8 20.9 15:32 2.7 04:42 6.8 0.3 0.0 2.8 25.7 16:39 N
06 12.2 21.8 16:51 4.6 06:12 6.3 0.3 0.2 2.9 25.7 11:36 WSW
07 6.6 9.8 17:26 3.1 23:51 11.7 0.0 11.4 3.4 25.7 04:08 N
08 9.1 15.7 16:25 0.6 05:57 9.2 0.0 0.2 8.4 47.1 20:44 N
09 15.0 21.7 13:48 8.2 05:26 3.9 0.6 12.4 9.0 42.8 00:16 N
10 10.6 17.1 00:00 2.6 23:52 7.6 0.0 7.4 4.8 32.1 11:20 N
11 6.8 12.2 14:34 -0.6 06:26 11.4 0.0 0.0 3.9 27.8 08:41 N
12 8.0 11.9 11:25 5.7 23:43 10.2 0.0 4.0 9.2 42.8 12:28 N
13 6.3 9.3 13:35 4.9 22:02 12.0 0.0 5.2 5.2 29.9 01:43 N
14 10.3 17.3 14:54 5.0 05:40 8.0 0.0 0.2 4.2 29.9 10:52 NNW
15 12.4 21.2 12:12 4.3 05:25 6.2 0.3 1.6 3.1 27.8 11:39 WNW
16 13.1 19.4 15:46 4.1 06:15 5.2 0.1 0.2 3.9 32.1 15:29 SSE
17 12.9 17.6 01:20 5.9 23:57 5.4 0.0 0.0 4.2 36.4 12:32 NNW
18 12.0 19.0 18:18 4.4 03:31 6.3 0.0 0.2 3.1 23.5 13:54 NNE
19 17.5 28.3 13:12 10.2 04:00 3.1 2.3 3.6 6.5 57.9 14:12 SW
20 11.9 15.8 02:28 3.6 23:57 6.4 0.0 0.0 6.4 47.1 12:54 N
21 10.2 18.4 15:15 2.0 04:36 8.0 0.0 0.0 2.6 25.7 11:20 NNW
22 12.5 17.8 18:51 6.0 02:27 5.7 0.0 1.0 3.7 34.2 08:58 NNE
23 17.8 26.3 15:19 10.6 00:00 2.5 2.0 4.4 5.9 49.2 18:27 W
24 12.5 16.6 15:48 6.8 05:46 5.8 0.0 0.0 2.0 25.7 10:38 NNW
25 18.5 29.2 15:15 11.1 00:20 2.2 2.4 7.6 4.3 70.6 16:46 SSW
26 17.0 22.7 12:10 8.7 23:52 1.6 0.3 0.4 2.7 27.8 16:00 WNW
27 15.5 24.2 15:24 6.8 06:10 4.1 1.4 0.2 2.0 21.4 17:02 NNE
28 14.9 18.4 10:50 12.9 23:56 3.4 0.0 11.2 2.6 21.4 01:34 ENE
29 13.7 17.1 17:42 11.3 05:37 4.6 0.0 0.6 2.1 21.4 05:01 SSE
30 16.3 20.9 13:05 12.5 06:08 2.4 0.5 0.2 2.2 19.3 10:39 NW
31 15.4 24.0 16:34 5.8 06:41 4.0 1.1 0.0 2.9 23.5 17:13 SSW
----------------------------------------------------------------------------------
12.3 29.2 25 -0.6 11 197.7 11.6 93.2 4.2 70.6 25 N
Max >= 27.0 2
Max <= 0.0 0
Min <= 0.0 1
Min <= -18.0 0
Max Rain: 12.4 on day 9
Days of Rain: 24 (>= 0.2 mm) 11 (>= 2.0 mm) 0 (>= 20.0 mm)
Heat Base: 18.3 Cool Base: 18.3 Method: Integration