V/Λ SELECT: Month and Year
OR > Month
Monthly Climatological Summary for Jul 2019
Name: KomokaWeather City: Komoka State: ON Canada
Elevation: 817 ft Lat: N 42° 57' 36" Lon: W 081° 26' 17"
Temperature (°C), Rain (mm), Wind Speed (km/h)
Heat Cool Avg
Mean Deg Deg Wind Dom
Day Temp High Time Low Time Days Days Rain Speed High Time Dir
----------------------------------------------------------------------------------
01 20.8 29.5 15:23 10.6 05:20 1.9 4.3 0.0 1.9 21.4 15:54 SSW
02 22.9 28.8 16:03 18.6 00:58 0.0 4.5 5.2 2.3 27.8 17:51 WNW
03 23.8 30.9 16:15 18.2 23:17 0.0 5.4 2.4 1.8 25.7 17:27 NNW
04 24.0 31.0 16:55 16.1 03:28 0.3 6.0 0.0 1.9 19.3 09:00 E
05 25.6 33.6 17:07 19.4 06:19 0.0 7.3 17.6 2.1 34.2 19:34 WSW
06 24.5 29.0 17:20 21.7 03:44 0.0 6.0 0.0 2.8 32.1 13:48 WNW
07 21.9 26.8 16:47 16.8 23:54 0.1 3.7 10.2 4.7 29.9 09:27 NNE
08 19.3 26.8 16:10 12.9 05:25 1.5 2.5 0.0 2.5 21.4 16:26 N
09 19.7 27.9 16:40 11.1 05:41 2.1 3.5 0.0 0.7 12.9 13:07 SE
10 22.5 31.2 15:06 13.9 02:59 1.0 5.2 2.0 1.4 23.5 19:01 SSE
11 23.0 28.8 11:32 16.9 23:44 0.1 4.7 0.4 4.0 34.2 16:19 NW
12 19.3 24.2 17:20 15.2 23:50 0.7 1.7 0.0 4.5 30.0 11:00 NNW
13 21.2 31.2 15:30 13.1 06:10 1.2 3.8 20.4 3.1 36.4 14:50 SW
14 19.6 25.7 14:23 12.2 23:27 1.4 2.6 0.0 2.8 23.5 14:41 NW
15 20.0 28.4 15:18 10.3 04:42 2.4 4.1 0.0 1.4 21.4 15:36 ESE
16 22.8 28.9 12:30 17.3 06:03 0.1 4.6 3.2 1.5 38.6 13:49 WSW
17 24.0 29.4 15:40 19.6 23:38 0.0 5.6 7.0 2.4 29.9 18:32 NW
18 23.0 29.4 14:58 17.7 04:12 0.1 4.7 0.0 1.5 19.3 17:07 E
19 27.1 33.3 15:53 22.9 00:00 0.0 8.8 0.0 4.4 29.9 16:50 SW
20 26.4 33.7 16:23 21.4 20:38 0.0 8.1 9.0 2.6 53.5 20:02 W
21 22.3 27.2 16:35 19.1 21:54 0.0 4.0 0.0 3.0 27.8 08:01 NNW
22 19.6 24.8 13:29 15.1 23:58 0.3 1.6 0.2 4.6 32.1 20:01 NNW
23 18.4 24.6 15:50 11.6 06:31 1.8 1.9 0.0 4.5 29.9 12:29 NW
24 19.2 25.7 14:19 13.0 06:07 1.6 2.4 0.0 2.8 27.8 16:29 NNW
25 20.2 28.4 15:44 11.6 05:28 1.9 3.7 0.0 2.1 23.5 15:54 W
26 20.9 28.6 13:10 14.2 05:59 1.1 3.7 4.2 1.0 25.7 14:34 SW
27 22.9 29.3 15:20 15.3 02:20 0.7 5.3 0.0 2.4 29.9 14:48 SSW
28 23.8 30.8 15:14 19.7 23:44 0.0 5.5 12.2 2.9 40.7 16:01 W
29 23.3 29.8 14:36 18.3 04:27 0.0 5.0 2.4 2.7 38.6 18:13 SW
30 22.7 28.4 15:07 19.5 23:58 0.0 4.4 1.4 2.9 25.7 13:51 WNW
31 19.5 25.7 14:32 14.3 06:07 1.0 2.2 0.0 3.1 23.5 18:57 NNW
----------------------------------------------------------------------------------
22.1 33.7 20 10.3 15 21.3 136.8 97.8 2.7 53.5 20 WNW
Max >= 27.0 23
Max <= 0.0 0
Min <= 0.0 0
Min <= -18.0 0
Max Rain: 20.4 on day 13
Days of Rain: 15 (>= 0.2 mm) 12 (>= 2.0 mm) 1 (>= 20.0 mm)
Heat Base: 18.3 Cool Base: 18.3 Method: Integration