V/Λ SELECT: Month and Year
OR > Month
Monthly Climatological Summary for Aug 2019
Name: KomokaWeather City: Komoka State: ON Canada
Elevation: 817 ft Lat: N 42° 57' 36" Lon: W 081° 26' 17"
Temperature (°C), Rain (mm), Wind Speed (km/h)
Heat Cool Avg
Mean Deg Deg Wind Dom
Day Temp High Time Low Time Days Days Rain Speed High Time Dir
----------------------------------------------------------------------------------
01 19.8 27.4 16:51 13.0 03:19 1.4 3.0 0.0 1.8 21.4 18:39 NNW
02 20.4 27.9 15:40 13.1 06:01 1.4 3.5 0.0 1.7 21.4 17:04 NNW
03 21.1 29.2 14:49 12.9 04:25 1.3 4.1 0.0 1.6 19.3 14:48 W
04 21.7 28.7 16:51 16.5 02:52 0.2 3.6 0.0 1.2 12.9 09:25 NNE
05 21.2 28.7 14:47 15.1 06:14 0.7 3.6 12.8 1.1 23.5 15:47 E
06 21.9 26.1 13:50 18.4 23:56 0.0 3.6 2.6 1.9 27.8 14:11 W
07 21.2 27.8 15:10 15.7 06:56 0.4 3.2 0.0 1.3 19.3 15:22 NW
08 20.3 26.3 17:10 15.3 03:35 0.7 2.7 6.0 4.0 38.6 13:10 W
09 19.6 25.7 17:03 13.1 03:56 1.3 2.6 0.2 4.3 34.2 12:02 W
10 17.9 23.9 16:11 10.9 06:05 2.1 1.8 0.0 3.1 38.6 15:18 WNW
11 19.9 28.0 16:19 11.3 06:13 1.9 3.6 0.0 1.9 23.5 10:49 WSW
12 22.9 28.8 15:27 17.5 00:00 0.0 4.6 0.0 1.5 25.7 14:29 SW
13 23.0 29.4 15:34 18.8 04:14 0.0 4.7 0.4 3.0 25.7 16:26 N
14 21.1 27.6 16:43 15.5 05:31 0.4 3.2 0.0 3.1 23.5 00:25 N
15 19.3 24.9 17:02 15.0 06:52 0.8 1.8 0.2 5.0 27.8 14:19 NNE
16 20.5 27.9 16:22 14.4 04:06 1.1 3.3 0.0 1.6 21.4 18:47 SSW
17 22.2 28.2 14:55 15.7 01:22 0.3 4.2 13.8 3.1 29.9 14:59 WSW
18 22.1 29.0 14:25 19.1 05:33 0.0 3.8 13.0 1.7 45.0 15:28 WNW
19 22.3 27.3 15:02 18.2 23:57 0.0 4.0 10.8 3.6 25.7 02:42 NW
20 22.7 29.1 16:18 16.9 03:44 0.2 4.6 6.8 1.0 23.5 22:23 SE
21 21.9 28.4 15:27 17.5 06:44 0.0 3.5 2.2 1.8 29.9 17:03 WSW
22 18.0 21.9 15:37 12.6 23:51 1.2 0.9 0.0 3.5 34.2 18:26 NW
23 16.0 22.1 12:38 9.7 06:36 3.1 0.8 0.0 2.0 21.4 12:08 N
24 15.6 22.2 16:52 9.1 03:44 3.5 0.9 0.0 2.2 23.5 14:49 NE
25 17.3 23.4 14:58 11.1 05:53 2.2 1.2 0.0 4.5 25.7 10:43 NNE
26 19.1 23.4 14:24 12.9 06:58 1.0 1.8 0.0 4.4 36.4 14:15 NE
27 20.9 25.2 14:29 17.5 01:14 0.0 2.6 14.6 1.4 23.5 04:36 NW
28 19.9 24.5 16:43 14.7 06:56 0.7 2.2 0.2 4.1 36.4 14:10 WSW
29 18.6 24.7 16:54 10.7 06:31 2.0 2.3 0.0 3.3 34.2 14:39 WSW
30 18.8 22.9 16:28 11.4 23:42 1.3 1.8 0.0 4.0 40.7 01:55 NW
31 15.4 21.9 16:57 8.3 07:10 3.5 0.6 0.0 2.0 29.9 12:31 NNE
----------------------------------------------------------------------------------
20.1 29.4 13 8.3 31 32.7 88.1 83.6 2.6 45.0 18 NW
Max >= 27.0 16
Max <= 0.0 0
Min <= 0.0 0
Min <= -18.0 0
Max Rain: 14.6 on day 27
Days of Rain: 13 (>= 0.2 mm) 9 (>= 2.0 mm) 0 (>= 20.0 mm)
Heat Base: 18.3 Cool Base: 18.3 Method: Integration