V/Λ SELECT: Month and Year
OR > Month
Monthly Climatological Summary for Oct 2019
Name: KomokaWeather City: Komoka State: ON Canada
Elevation: 817 ft Lat: N 42° 57' 36" Lon: W 081° 26' 17"
Temperature (°C), Rain (mm), Wind Speed (km/h)
Heat Cool Avg
Mean Deg Deg Wind Dom
Day Temp High Time Low Time Days Days Rain Speed High Time Dir
----------------------------------------------------------------------------------
01 20.5 29.2 13:42 15.5 07:13 0.6 2.8 11.8 2.5 49.2 15:25 WSW
02 16.3 19.1 01:33 11.5 23:23 2.1 0.1 25.2 3.5 34.2 22:53 N
03 11.3 13.8 22:42 9.1 07:01 6.9 0.0 7.2 6.9 45.0 02:37 N
04 10.2 13.2 00:00 4.3 23:29 8.1 0.0 1.6 3.5 27.8 10:02 N
05 8.7 14.9 16:01 3.5 04:25 9.6 0.0 0.0 5.8 40.7 11:59 NNE
06 15.1 20.5 16:18 9.5 00:00 3.3 0.2 4.2 2.3 34.2 13:56 WNW
07 12.0 18.9 15:24 6.7 23:22 6.3 0.0 0.0 1.7 34.2 12:56 NW
08 11.4 19.4 16:16 5.1 03:33 7.0 0.0 0.0 2.5 25.7 09:44 NNE
09 12.1 18.6 15:55 6.8 07:22 6.1 0.0 0.0 4.3 25.7 15:28 NNE
10 12.5 19.5 15:58 6.9 05:20 5.8 0.1 0.0 5.8 29.9 11:00 NNE
11 15.5 20.9 12:48 9.7 02:35 3.2 0.5 0.0 5.7 29.9 19:47 NE
12 7.9 16.5 00:00 3.5 23:46 10.3 0.0 12.2 5.7 38.6 15:46 N
13 10.3 16.3 15:42 3.3 00:07 8.0 0.0 0.0 4.1 45.0 17:27 N
14 7.6 11.2 14:38 2.6 23:51 10.7 0.0 0.0 3.9 32.1 10:56 N
15 7.5 14.9 15:38 -1.0 06:30 10.7 0.0 0.0 2.2 27.8 12:14 N
16 9.2 15.2 04:01 5.8 23:53 9.0 0.0 13.2 6.4 47.1 23:53 N
17 6.5 7.2 15:41 5.3 22:34 11.7 0.0 11.4 9.3 47.1 03:06 N
18 6.5 11.1 15:15 0.4 23:55 11.7 0.0 0.4 2.3 25.7 11:11 N
19 6.3 14.0 13:45 -0.5 07:05 12.0 0.0 0.0 1.9 21.4 12:26 N
20 11.0 20.3 15:56 4.1 04:31 7.4 0.1 0.0 0.6 15.0 13:04 N
21 12.4 18.7 15:53 6.2 00:24 5.9 0.0 6.6 4.5 32.1 12:51 N
22 13.2 16.7 13:50 9.2 23:30 5.0 0.0 4.2 5.0 47.1 14:45 N
23 8.8 13.4 15:49 4.8 07:09 9.4 0.0 2.2 5.2 47.1 01:07 N
24 9.6 13.2 05:51 2.9 21:49 8.7 0.0 0.0 4.0 34.2 06:32 N
25 6.1 10.1 13:14 0.4 23:56 12.1 0.0 0.0 0.3 10.6 18:10 N
26 4.5 10.4 15:06 -2.2 05:47 13.8 0.0 8.8 5.2 42.8 22:05 N
27 10.6 14.4 06:34 3.9 23:59 7.7 0.0 14.6 6.6 42.8 08:03 N
28 7.4 16.9 14:26 0.7 06:50 10.9 0.0 0.0 1.1 21.4 13:49 SSE
29 9.0 15.8 15:28 3.1 05:38 9.2 0.0 0.0 2.3 25.7 12:49 N
30 7.2 8.1 00:00 6.6 20:45 11.0 0.0 8.8 4.1 27.8 19:41 N
31 7.5 10.1 16:00 1.8 23:53 10.8 0.0 29.8 5.5 55.6 23:26 N
----------------------------------------------------------------------------------
10.2 29.2 1 -2.2 26 255.0 3.8 162.2 4.0 55.6 31 N
Max >= 27.0 1
Max <= 0.0 0
Min <= 0.0 3
Min <= -18.0 0
Max Rain: 29.8 on day 31
Days of Rain: 16 (>= 0.2 mm) 14 (>= 2.0 mm) 2 (>= 20.0 mm)
Heat Base: 18.3 Cool Base: 18.3 Method: Integration