V/Λ SELECT: Month and Year
OR > Month
Monthly Climatological Summary for Dec 2019
Name: KomokaWeather City: Komoka State: ON Canada
Elevation: 817 ft Lat: N 42° 57' 36" Lon: W 081° 26' 17"
Temperature (°C), Rain (mm), Wind Speed (km/h)
Heat Cool Avg
Mean Deg Deg Wind Dom
Day Temp High Time Low Time Days Days Rain Speed High Time Dir
----------------------------------------------------------------------------------
01 -0.7 0.4 22:17 -2.4 07:11 19.0 0.0 0.4 10.6 55.6 05:56 NE
02 -1.4 0.3 00:00 -3.8 23:58 19.4 0.0 0.0 4.0 40.7 07:05 NNE
03 -2.8 -0.4 19:40 -6.7 05:03 20.9 0.0 0.0 2.6 27.8 19:46 N
04 0.2 1.1 09:54 -1.2 23:35 18.1 0.0 0.0 6.0 32.1 16:46 N
05 -1.0 -0.2 09:58 -1.8 19:05 19.2 0.0 0.0 5.7 38.6 02:12 NNW
06 0.4 2.6 10:25 -1.6 00:00 17.7 0.0 0.0 5.4 42.8 12:37 NNW
07 -2.3 0.4 14:13 -4.8 22:50 20.6 0.0 0.0 2.5 25.7 01:56 NW
08 3.4 7.8 22:29 -5.1 00:14 14.9 0.0 0.0 5.1 27.8 10:09 N
09 7.9 9.7 23:08 5.6 07:20 10.4 0.0 1.2 4.8 45.0 23:07 N
10 -0.2 9.2 00:00 -5.8 23:54 18.5 0.0 0.8 8.5 45.0 02:06 N
11 -6.5 -4.9 14:16 -9.2 22:00 24.5 0.0 0.0 8.4 51.3 10:23 N
12 -5.2 0.1 19:47 -12.1 07:44 23.3 0.0 0.0 3.5 27.8 14:19 N
13 -0.2 4.9 11:22 -4.8 06:11 18.4 0.0 0.0 1.4 25.7 11:34 N
14 0.7 2.1 15:40 -1.5 00:00 17.3 0.0 1.6 3.9 36.4 23:36 N
15 -2.0 0.7 00:00 -5.1 23:36 20.0 0.0 0.2 7.0 47.1 06:45 N
16 -2.8 0.5 14:38 -5.2 00:18 21.1 0.0 0.2 0.3 10.6 12:34 N
17 -2.8 -1.1 12:16 -4.6 21:26 21.1 0.0 0.0 2.9 25.7 13:22 N
18 -7.6 -2.3 00:31 -10.7 17:37 25.8 0.0 0.2 11.1 51.3 10:34 N
19 -7.3 -3.5 16:01 -11.3 04:25 25.3 0.0 0.0 4.5 29.9 01:49 N
20 -4.9 -2.2 13:26 -8.2 08:02 23.2 0.0 0.0 4.0 29.9 13:01 NNE
21 -1.3 6.6 14:32 -6.7 03:15 19.6 0.0 0.0 1.7 19.3 12:32 N
22 1.7 8.6 14:07 -4.4 00:59 16.5 0.0 0.0 2.0 25.7 12:21 N
23 3.2 10.1 13:13 -2.8 07:41 14.7 0.0 0.0 2.7 32.1 12:27 N
24 -0.8 3.1 14:29 -4.7 05:32 19.1 0.0 0.0 3.2 25.7 09:01 N
25 1.1 5.2 14:49 -1.7 23:55 17.1 0.0 0.0 1.9 15.0 07:10 N
26 2.7 6.5 17:12 -1.9 00:09 15.6 0.0 0.2 1.6 23.5 10:11 N
27 5.9 10.3 10:06 2.1 22:53 12.3 0.0 0.0 3.6 36.4 10:45 N
28 1.1 3.1 15:30 -1.0 18:54 17.1 0.0 0.0 1.1 15.0 01:32 N
29 2.4 3.7 18:41 -0.3 02:12 15.8 0.0 0.0 8.1 36.4 13:03 N
30 3.6 8.7 07:54 0.6 23:48 14.6 0.0 8.2 10.5 51.3 08:03 N
31 -1.2 0.7 01:09 -2.5 23:58 19.3 0.0 0.0 8.9 51.3 09:11 N
----------------------------------------------------------------------------------
-0.5 10.3 27 -12.1 12 580.4 0.0 13.0 4.8 55.6 1 N
Max >= 27.0 0
Max <= 0.0 7
Min <= 0.0 28
Min <= -18.0 0
Max Rain: 8.2 on day 30
Days of Rain: 9 (>= 0.2 mm) 1 (>= 2.0 mm) 0 (>= 20.0 mm)
Heat Base: 18.3 Cool Base: 18.3 Method: Integration