V/Λ SELECT: Month and Year
OR > Month
Monthly Climatological Summary for Feb 2020
Name: KomokaWeather City: Komoka State: ON Canada
Elevation: 817 ft Lat: N 42° 57' 36" Lon: W 081° 26' 17"
Temperature (°C), Rain (mm), Wind Speed (km/h)
Heat Cool Avg
Mean Deg Deg Wind Dom
Day Temp High Time Low Time Days Days Rain Speed High Time Dir
----------------------------------------------------------------------------------
01 -2.6 0.0 22:38 -7.1 07:27 20.8 0.0 0.2 2.3 21.4 13:26 N
02 0.7 3.4 22:13 -2.4 04:16 17.5 0.0 5.0 2.6 25.7 21:43 N
03 2.8 6.3 14:35 -1.4 08:20 15.5 0.0 0.0 3.0 21.4 21:02 N
04 -0.1 1.1 03:24 -3.8 23:59 18.4 0.0 0.2 4.7 36.4 21:00 N
05 -4.7 -3.1 14:56 -6.8 08:16 22.8 0.0 0.0 5.7 38.6 00:12 N
06 -4.6 -3.0 13:50 -6.0 00:58 22.9 0.0 0.0 6.2 29.9 11:10 N
07 -4.5 -2.2 14:17 -6.6 22:27 22.8 0.0 0.6 5.7 40.7 15:43 N
08 -6.0 -3.3 13:43 -8.6 06:00 24.1 0.0 0.2 1.2 15.0 14:38 N
09 -3.0 1.2 12:34 -7.4 00:00 21.3 0.0 0.6 3.8 32.1 21:52 N
10 0.6 2.8 11:35 -1.3 23:25 17.7 0.0 6.2 3.3 23.5 07:46 N
11 -0.8 1.7 14:04 -2.9 23:54 19.1 0.0 0.0 5.0 42.8 19:27 N
12 -2.3 0.8 13:15 -7.9 07:24 20.3 0.0 0.2 4.7 29.9 13:19 N
13 -4.4 -0.3 11:25 -10.1 23:52 22.7 0.0 1.2 5.1 36.4 13:37 N
14 -11.8 -7.9 16:26 -16.7 23:45 30.1 0.0 0.2 2.4 27.8 00:54 N
15 -6.7 -0.2 23:35 -16.8 00:21 25.0 0.0 0.0 6.2 40.7 15:34 N
16 -0.3 3.1 15:23 -5.9 23:17 18.6 0.0 0.6 4.2 34.2 01:48 N
17 -3.2 -0.1 15:12 -8.6 07:41 21.2 0.0 0.0 4.4 32.1 22:10 N
18 1.1 4.1 12:19 -2.3 00:00 17.2 0.0 1.6 8.2 49.2 15:20 N
19 -4.7 -1.1 00:00 -10.1 23:48 22.8 0.0 0.0 6.5 38.6 06:30 N
20 -7.6 -5.7 11:02 -11.8 23:43 25.5 0.0 0.0 5.5 32.1 10:48 N
21 -6.2 -0.1 15:33 -13.8 03:31 23.9 0.0 0.0 5.4 34.2 12:53 N
22 -0.3 5.7 14:47 -5.2 05:53 18.3 0.0 0.0 4.7 29.9 11:41 N
23 3.0 7.8 15:25 -2.3 04:06 15.3 0.0 0.0 4.4 29.9 16:11 N
24 3.0 7.7 14:53 -2.8 07:06 15.2 0.0 0.0 1.4 23.5 23:33 N
25 1.8 3.6 13:18 0.3 04:54 16.5 0.0 1.6 6.0 29.9 13:26 NNE
26 -1.5 0.8 00:38 -5.1 22:37 18.6 0.0 2.0 4.7 27.8 19:48 N
27 -5.9 -4.1 12:53 -7.9 06:49 22.9 0.0 0.0 14.1 57.9 14:30 N
28 -6.7 -4.4 13:40 -8.9 04:00 24.9 0.0 0.2 12.5 47.1 14:30 N
29 -7.4 -2.8 15:10 -15.0 23:50 25.7 0.0 0.0 4.7 34.2 12:30 N
----------------------------------------------------------------------------------
-2.8 7.8 23 -16.8 15 607.6 0.0 20.6 5.2 57.9 27 N
Max >= 27.0 0
Max <= 0.0 15
Min <= 0.0 28
Min <= -18.0 0
Max Rain: 6.2 on day 10
Days of Rain: 15 (>= 0.2 mm) 3 (>= 2.0 mm) 0 (>= 20.0 mm)
Heat Base: 18.3 Cool Base: 18.3 Method: Integration