V/Λ SELECT: Month and Year
OR > Month
Monthly Climatological Summary for Mar 2020
Name: KomokaWeather City: Komoka State: ON Canada
Elevation: 817 ft Lat: N 42° 57' 36" Lon: W 081° 26' 17"
Temperature (°C), Rain (mm), Wind Speed (km/h)
Heat Cool Avg
Mean Deg Deg Wind Dom
Day Temp High Time Low Time Days Days Rain Speed High Time Dir
----------------------------------------------------------------------------------
01 -4.5 4.7 00:00 -15.7 01:10 22.8 0.0 4.4 3.5 27.8 12:50 N
02 4.7 6.6 06:20 1.4 20:30 13.6 0.0 8.4 2.5 32.1 07:20 N
03 1.6 4.6 16:40 -1.1 05:20 16.7 0.0 1.6 1.9 42.8 23:18 N
04 1.1 4.5 13:40 -2.4 23:55 17.0 0.0 0.0 5.0 40.7 00:00 N
05 -0.2 4.8 15:22 -7.1 06:52 18.5 0.0 0.0 2.5 29.9 11:00 N
06 0.0 1.7 00:32 -2.4 23:57 18.3 0.0 1.2 5.5 45.0 14:43 N
07 -1.4 4.3 15:37 -7.5 07:01 19.7 0.0 0.0 4.1 29.9 00:56 N
08 5.7 11.2 15:47 -2.6 08:06 12.1 0.0 0.0 5.1 32.1 17:00 N
09 11.2 16.2 14:40 4.9 07:35 7.1 0.0 0.2 6.1 40.7 14:49 N
10 4.3 12.1 00:00 -2.3 23:12 14.0 0.0 10.4 9.5 62.1 12:57 NNW
11 -0.4 4.5 13:04 -5.1 04:43 18.6 0.0 0.0 1.7 25.7 14:07 N
12 3.3 8.2 16:41 -1.9 02:26 15.0 0.0 0.0 2.0 23.5 20:51 N
13 5.1 8.7 04:57 0.2 23:00 12.7 0.0 3.0 10.6 64.2 06:10 N
14 -0.2 0.9 11:54 -1.8 07:19 16.5 0.0 0.0 5.0 27.8 09:23 N
15 0.4 5.8 15:53 -3.5 07:44 15.9 0.0 0.0 4.0 25.7 08:58 N
16 1.0 9.1 16:19 -4.2 05:27 15.4 0.0 0.4 4.8 27.8 11:43 N
17 3.2 8.8 16:11 -2.7 23:40 14.0 0.0 1.0 5.1 36.4 12:23 N
18 1.9 7.2 13:42 -3.7 01:07 16.2 0.0 2.8 5.2 29.9 15:34 N
19 4.9 8.9 23:59 1.8 00:00 13.4 0.0 3.0 4.0 25.7 00:03 N
20 7.6 17.6 10:30 -2.8 22:00 10.6 0.0 7.0 10.5 57.9 21:17 NNW
21 -2.7 1.9 15:43 -6.3 08:02 21.0 0.0 0.0 5.9 38.6 00:01 N
22 -1.7 3.7 16:08 -7.2 07:39 20.0 0.0 0.0 6.8 36.4 12:02 N
23 1.0 4.6 14:12 -1.3 01:39 17.0 0.0 0.2 4.5 25.7 16:03 N
24 2.4 6.6 17:29 -1.4 06:26 15.5 0.0 0.0 1.7 25.7 16:14 N
25 5.1 12.3 16:45 -1.6 07:05 13.1 0.0 0.0 3.3 29.9 01:00 N
26 5.9 13.2 13:56 1.1 05:51 12.4 0.0 0.0 3.4 32.1 11:36 N
27 4.9 11.5 17:45 1.0 07:55 13.4 0.0 0.0 2.4 21.4 01:38 N
28 6.8 11.0 14:43 4.2 08:06 11.5 0.0 10.2 8.3 36.4 14:37 N
29 10.8 19.9 12:45 5.9 02:33 7.6 0.0 28.4 10.3 60.0 13:34 NNW
30 5.3 8.6 00:00 2.7 21:48 13.0 0.0 0.4 7.9 40.7 12:39 N
31 5.0 9.8 14:02 2.2 05:19 13.3 0.0 2.0 6.6 34.2 19:09 N
----------------------------------------------------------------------------------
3.0 19.9 29 -15.7 1 465.9 0.0 84.6 5.4 64.2 13 N
Max >= 27.0 0
Max <= 0.0 0
Min <= 0.0 21
Min <= -18.0 0
Max Rain: 28.4 on day 29
Days of Rain: 17 (>= 0.2 mm) 10 (>= 2.0 mm) 1 (>= 20.0 mm)
Heat Base: 18.3 Cool Base: 18.3 Method: Integration