V/Λ SELECT: Month and Year
OR > Month
Monthly Climatological Summary for Apr 2020
Name: KomokaWeather City: Komoka State: ON Canada
Elevation: 817 ft Lat: N 42° 57' 36" Lon: W 081° 26' 17"
Temperature (°C), Rain (mm), Wind Speed (km/h)
Heat Cool Avg
Mean Deg Deg Wind Dom
Day Temp High Time Low Time Days Days Rain Speed High Time Dir
----------------------------------------------------------------------------------
01 5.8 11.6 15:03 0.6 23:30 12.0 0.0 0.0 5.6 32.1 18:47 N
02 5.0 12.2 14:13 -0.1 04:34 13.0 0.0 0.0 5.1 40.7 14:59 N
03 4.4 10.8 14:50 -0.6 06:57 13.9 0.0 0.0 5.2 36.4 11:29 N
04 7.1 15.9 16:04 -1.3 05:59 11.2 0.0 0.0 3.2 21.4 17:46 NNE
05 3.1 7.7 15:39 -1.4 23:58 15.2 0.0 0.0 6.2 32.1 02:13 N
06 5.4 15.5 16:28 -4.2 07:12 12.9 0.0 0.0 1.6 21.4 15:02 NNW
07 7.8 13.7 11:37 2.6 05:15 10.5 0.0 14.0 1.8 21.4 11:42 N
08 9.9 16.3 16:44 7.1 08:18 8.4 0.0 1.2 4.1 29.9 14:28 NW
09 4.2 8.9 14:55 0.2 19:58 14.1 0.0 7.8 10.1 42.8 13:37 N
10 1.5 5.5 16:24 -0.9 03:46 16.8 0.0 0.0 9.6 45.0 06:51 N
11 4.2 10.8 16:15 -2.2 07:31 14.1 0.0 0.0 4.3 32.1 13:33 N
12 9.0 15.7 15:40 2.1 00:10 9.3 0.0 0.0 2.7 32.1 14:50 N
13 8.3 12.7 11:42 2.4 23:57 10.0 0.0 4.2 9.3 57.9 14:36 N
14 1.8 6.3 13:54 -2.9 06:42 16.5 0.0 0.0 8.6 47.1 18:50 N
15 -0.8 2.4 11:24 -3.8 05:46 19.0 0.0 0.0 3.9 34.2 08:50 N
16 -0.7 3.4 17:20 -5.9 06:56 19.0 0.0 0.0 5.3 40.7 11:07 N
17 0.2 3.8 11:45 -2.5 06:18 18.1 0.0 0.0 1.9 21.4 00:28 N
18 4.3 10.6 17:05 -3.5 06:50 14.0 0.0 0.0 4.2 55.6 15:50 N
19 6.1 14.2 14:43 -1.1 23:57 12.2 0.0 1.4 5.8 45.0 17:00 N
20 2.5 10.9 15:46 -6.4 06:43 15.8 0.0 0.0 2.7 27.8 15:46 N
21 2.3 8.4 01:34 -1.2 23:51 16.0 0.0 2.2 9.2 53.5 03:28 N
22 0.8 5.5 16:23 -4.2 06:20 17.4 0.0 0.0 4.5 32.1 08:34 N
23 1.9 4.2 14:24 -0.1 09:25 16.3 0.0 0.2 5.5 38.6 12:49 N
24 6.6 12.9 14:23 2.3 00:00 11.7 0.0 4.4 2.6 25.7 17:37 N
25 8.0 15.1 15:48 -1.2 05:40 10.2 0.0 0.0 4.0 32.1 17:40 N
26 8.8 13.2 15:47 4.3 23:40 9.5 0.0 4.8 8.8 62.1 11:44 N
27 8.6 16.0 15:30 0.7 06:46 9.7 0.0 0.0 2.2 25.7 14:51 NNW
28 11.8 18.0 15:32 7.1 00:17 6.5 0.0 0.4 3.6 25.7 10:01 NNE
29 12.1 15.8 18:33 8.8 02:57 6.1 0.0 7.8 5.5 40.7 00:29 N
30 10.9 13.5 00:00 5.7 23:57 7.4 0.0 4.8 2.4 25.7 12:15 N
----------------------------------------------------------------------------------
5.4 18.0 28 -6.4 20 386.8 0.0 53.2 4.7 62.1 26 N
Max >= 27.0 0
Max <= 0.0 0
Min <= 0.0 18
Min <= -18.0 0
Max Rain: 14.0 on day 7
Days of Rain: 12 (>= 0.2 mm) 8 (>= 2.0 mm) 0 (>= 20.0 mm)
Heat Base: 18.3 Cool Base: 18.3 Method: Integration