V/Λ SELECT: Month and Year
OR > Month
Monthly Climatological Summary for May 2020
Name: KomokaWeather City: Komoka State: ON Canada
Elevation: 817 ft Lat: N 42° 57' 36" Lon: W 081° 26' 17"
Temperature (°C), Rain (mm), Wind Speed (km/h)
Heat Cool Avg
Mean Deg Deg Wind Dom
Day Temp High Time Low Time Days Days Rain Speed High Time Dir
----------------------------------------------------------------------------------
01 7.2 13.2 16:33 3.2 23:59 11.0 0.0 1.4 4.3 32.1 17:36 N
02 11.7 19.7 17:13 2.3 02:59 6.6 0.1 0.0 2.2 40.7 16:06 N
03 14.4 21.6 16:50 6.9 06:38 4.3 0.4 0.0 3.3 32.1 11:15 NW
04 5.1 9.1 16:54 0.3 22:35 13.1 0.0 0.0 6.8 30.6 04:48 N
05 4.6 11.7 15:23 -2.8 05:42 13.4 0.0 0.0 2.6 20.9 15:59 N
06 7.4 13.8 13:23 1.4 06:52 10.8 0.0 0.0 3.7 32.2 16:47 NNW
07 6.3 15.0 12:34 -1.9 06:21 11.0 0.0 0.0 3.9 35.4 15:46 NNW
08 1.6 5.8 15:02 -1.6 04:50 16.5 0.0 0.0 4.8 35.4 16:14 N
09 1.9 7.5 19:37 -3.1 04:02 15.2 0.0 0.2 5.1 35.4 12:36 N
10 6.7 14.2 13:35 -1.9 01:16 11.4 0.0 0.0 2.0 25.7 11:08 N
11 2.8 5.8 14:29 -0.4 22:58 15.2 0.0 2.8 4.2 27.4 13:41 N
12 4.1 11.6 16:59 -2.8 06:06 14.1 0.0 0.0 2.8 30.6 15:51 N
13 5.3 13.7 16:35 -3.6 06:16 12.8 0.0 0.0 1.5 14.5 12:05 N
14 9.6 13.6 23:45 3.6 00:58 8.6 0.0 3.4 1.5 16.1 11:12 N
15 16.0 21.7 12:34 10.1 23:58 2.5 0.2 9.8 2.8 29.0 12:30 NW
16 13.2 20.4 15:36 7.1 06:08 5.2 0.1 0.0 1.5 14.5 10:42 ENE
17 12.3 15.3 11:46 10.4 00:03 6.0 0.0 8.2 8.6 32.2 17:16 N
18 12.1 13.6 23:13 10.9 05:40 6.1 0.0 16.4 13.1 41.8 02:25 N
19 15.2 19.9 15:50 11.6 06:16 3.2 0.1 0.2 11.3 37.0 02:07 NNE
20 15.2 20.8 17:31 8.4 05:38 3.5 0.4 0.0 4.1 24.1 17:58 NE
21 15.7 23.4 17:30 7.1 02:37 3.7 1.2 0.0 1.7 17.7 10:50 ENE
22 16.2 23.8 14:31 9.1 06:05 3.0 0.9 1.0 1.0 17.7 15:57 ENE
23 18.3 24.5 15:16 14.2 05:59 1.5 1.5 0.2 1.4 17.7 13:21 SSE
24 21.6 28.2 17:31 14.4 03:26 0.9 4.1 0.0 2.7 19.3 15:27 S
25 23.9 30.6 16:14 16.3 06:12 0.1 5.5 0.0 1.5 16.1 14:38 SSE
26 24.0 31.1 14:33 16.3 05:47 0.3 5.9 0.0 1.4 17.7 17:03 SE
27 22.5 28.2 15:00 17.4 05:32 0.0 4.2 0.0 1.5 16.1 17:49 SE
28 20.1 23.9 17:17 18.4 23:43 0.0 1.8 3.4 1.3 12.9 16:49 SE
29 17.7 25.1 11:54 11.6 23:05 1.7 1.1 0.2 2.7 30.6 12:46 NW
30 12.6 17.3 16:12 8.3 23:54 5.6 0.0 0.2 3.2 25.7 16:29 NW
31 10.1 15.9 16:59 4.5 06:01 8.1 0.0 0.0 2.3 20.9 12:25 NNW
----------------------------------------------------------------------------------
12.1 31.1 26 -3.6 13 215.4 27.5 47.4 3.6 41.8 18 N
Max >= 27.0 4
Max <= 0.0 0
Min <= 0.0 8
Min <= -18.0 0
Max Rain: 16.4 on day 18
Days of Rain: 13 (>= 0.2 mm) 6 (>= 2.0 mm) 0 (>= 20.0 mm)
Heat Base: 18.3 Cool Base: 18.3 Method: Integration