V/Λ SELECT: Month and Year
OR > Month
Monthly Climatological Summary for Jun 2020
Name: KomokaWeather City: Komoka State: ON Canada
Elevation: 817 ft Lat: N 42° 57' 36" Lon: W 081° 26' 17"
Temperature (°C), Rain (mm), Wind Speed (km/h)
Heat Cool Avg
Mean Deg Deg Wind Dom
Day Temp High Time Low Time Days Days Rain Speed High Time Dir
----------------------------------------------------------------------------------
01 15.8 23.6 15:28 6.4 01:47 3.8 1.3 0.0 2.8 24.1 11:59 W
02 20.4 29.5 18:22 11.7 06:41 2.1 4.2 6.6 2.8 30.6 16:56 WSW
03 22.4 27.1 16:46 14.8 23:53 0.2 4.3 0.4 4.0 29.0 10:56 WNW
04 21.3 28.7 13:47 12.5 05:16 1.4 4.4 0.0 1.0 17.7 15:48 S
05 21.6 29.6 17:15 14.2 04:41 0.8 4.0 0.0 0.9 16.1 23:33 SE
06 20.7 24.8 12:46 13.7 23:58 0.4 2.2 0.0 4.1 25.7 17:09 NW
07 15.5 22.2 13:28 9.3 23:56 3.6 0.8 0.0 2.4 20.9 13:44 NNW
08 17.3 26.6 16:50 7.5 04:37 3.2 2.3 0.0 1.3 12.9 14:01 E
09 25.7 32.3 17:28 13.5 01:51 0.3 5.5 0.0 1.8 19.3 17:39 ENE
10 24.3 30.5 16:38 17.4 21:00 0.0 3.1 27.8 3.9 29.0 02:10 S
11 19.8 24.2 17:48 15.4 07:01 0.5 1.9 0.2 6.0 37.0 04:43 WSW
12 13.9 16.8 14:01 7.3 23:45 4.4 0.0 0.0 3.5 20.9 11:27 NW
13 11.9 19.0 16:02 5.1 05:30 6.3 0.0 0.0 3.4 22.5 17:29 NNE
14 13.5 19.7 15:21 6.8 01:06 4.9 0.1 0.0 4.2 24.1 18:27 NE
15 16.8 23.7 17:16 10.8 03:48 2.7 1.4 0.0 3.9 20.9 09:45 NE
16 17.8 26.7 16:24 8.3 05:37 3.0 2.6 0.0 1.6 12.9 13:33 NE
17 16.1 27.7 13:21 9.5 05:26 2.6 1.3 0.0 0.8 9.7 11:19 NE
18 21.7 30.4 16:42 12.1 03:29 1.6 4.9 0.0 1.8 17.7 15:07 ENE
19 21.1 29.3 14:24 14.3 05:44 0.7 3.5 11.6 1.1 22.5 17:11 NE
20 25.0 30.8 15:42 17.8 02:57 0.0 5.1 0.0 1.1 14.5 12:32 WSW
21 22.5 30.1 13:33 15.4 05:35 0.5 4.6 4.8 0.9 22.5 14:06 ENE
22 22.0 27.3 16:15 18.8 02:00 0.0 3.7 0.0 0.6 9.7 14:00 E
23 20.5 26.2 16:45 17.3 00:00 0.1 2.3 2.6 3.6 38.6 20:00 NNW
24 17.3 21.8 16:12 12.7 23:56 1.8 0.8 0.0 4.1 29.0 00:00 NNW
25 18.0 26.3 16:24 9.7 05:51 2.5 2.2 0.0 1.8 19.3 12:43 W
26 21.1 28.7 15:50 11.7 05:59 1.5 4.2 0.0 1.9 20.9 15:00 WSW
27 23.0 28.4 17:56 19.0 05:51 0.0 4.6 7.0 2.9 20.9 15:05 W
28 21.7 27.4 15:34 15.8 05:29 0.3 3.7 0.0 2.9 21.4 17:20 NW
29 22.6 30.8 16:25 15.7 06:10 0.6 4.5 0.0 1.3 12.9 19:29 NNW
30 23.1 29.9 15:12 16.8 04:15 0.1 4.5 0.2 2.0 17.7 15:12 ENE
----------------------------------------------------------------------------------
19.8 32.3 9 5.1 13 49.9 88.0 61.2 2.5 38.6 23 NW
Max >= 27.0 17
Max <= 0.0 0
Min <= 0.0 0
Min <= -18.0 0
Max Rain: 27.8 on day 10
Days of Rain: 9 (>= 0.2 mm) 6 (>= 2.0 mm) 1 (>= 20.0 mm)
Heat Base: 18.3 Cool Base: 18.3 Method: Integration