V/Λ SELECT: Month and Year
OR > Month
Monthly Climatological Summary for Aug 2020
Name: KomokaWeather City: Komoka State: ON Canada
Elevation: 817 ft Lat: N 42° 57' 36" Lon: W 081° 26' 17"
Temperature (°C), Rain (mm), Wind Speed (km/h)
Heat Cool Avg
Mean Deg Deg Wind Dom
Day Temp High Time Low Time Days Days Rain Speed High Time Dir
----------------------------------------------------------------------------------
01 21.6 29.8 13:57 15.4 06:11 0.3 3.5 15.6 2.9 20.9 14:53 NE
02 21.2 25.5 12:26 17.6 23:43 0.0 2.9 44.2 5.0 25.7 18:01 NNW
03 18.9 25.6 13:15 15.3 06:27 0.6 1.1 13.4 0.7 25.7 14:40 NNW
04 19.2 24.6 14:10 15.5 23:58 0.6 1.5 1.0 2.9 24.1 16:07 NW
05 17.3 22.6 17:23 12.4 05:52 1.9 1.0 0.0 2.8 25.7 10:55 NW
06 18.2 25.2 16:27 12.1 06:27 2.0 2.0 0.0 1.0 11.3 09:14 NNE
07 19.4 27.0 16:41 12.3 05:31 1.8 2.9 0.0 1.1 14.5 17:49 NNW
08 20.1 27.8 16:30 11.8 06:45 1.7 3.5 0.0 0.9 14.5 14:15 WSW
09 21.9 29.1 18:00 16.7 02:15 0.3 3.9 7.6 0.9 16.1 14:30 SW
10 24.5 30.3 16:30 18.2 06:00 0.0 6.2 0.0 1.5 14.5 14:00 SW
11 22.4 26.3 15:00 13.7 00:00 0.4 4.5 0.0 3.2 20.9 08:15 WNW
12 20.1 28.8 17:30 11.6 06:45 2.1 3.9 0.0 1.0 11.3 15:00 WSW
13 22.0 29.6 16:15 14.3 03:15 1.0 4.7 0.0 2.1 16.1 12:15 NE
14 23.4 29.1 14:00 18.9 06:00 0.0 5.1 0.0 6.4 27.4 13:30 NE
15 22.4 27.8 17:00 17.4 06:00 0.1 4.2 0.0 3.4 20.9 08:45 NE
16 19.1 22.6 15:15 14.4 00:00 0.5 1.3 8.6 1.1 16.1 12:15 NNW
17 18.9 25.9 17:00 12.1 06:45 1.8 2.5 0.0 2.1 19.3 15:45 W
18 17.9 23.1 15:15 12.8 04:30 1.7 1.3 0.0 2.7 22.5 15:15 NNW
19 16.0 23.3 17:30 8.7 06:45 3.5 1.3 0.0 1.2 11.3 12:45 NW
20 17.3 25.3 15:15 8.9 06:45 3.2 2.2 0.0 1.6 16.1 11:15 SW
21 20.7 29.2 17:45 12.3 06:15 1.7 4.1 0.0 1.8 14.5 14:45 WSW
22 22.0 30.3 15:51 14.7 06:45 0.8 4.4 0.0 2.3 17.7 14:37 WSW
23 21.4 30.6 14:07 15.3 06:24 0.6 3.5 13.8 0.8 14.5 13:18 SW
24 23.5 30.3 15:34 16.8 06:41 0.2 5.4 0.0 1.9 19.3 14:45 WSW
25 22.7 26.8 15:50 16.1 23:46 0.1 4.4 0.0 2.8 20.9 10:47 NW
26 18.4 23.3 17:45 13.2 06:54 1.4 1.5 0.4 0.3 12.9 14:30 W
27 23.5 30.6 14:21 17.9 23:50 0.0 5.1 5.6 4.7 35.4 14:54 W
28 19.8 23.8 16:34 16.1 03:29 0.5 1.9 21.4 0.4 11.3 17:30 NE
29 20.1 23.1 17:56 15.5 23:37 0.1 1.9 2.8 5.3 27.4 13:14 WNW
30 18.0 23.6 16:17 13.8 23:38 1.5 1.2 0.0 2.6 14.5 04:39 WNW
31 18.0 25.3 16:20 11.2 03:57 2.4 2.1 0.0 2.2 22.5 14:18 NE
----------------------------------------------------------------------------------
20.3 30.6 23 8.7 19 32.8 95.0 134.4 2.3 35.4 27 NW
Max >= 27.0 14
Max <= 0.0 0
Min <= 0.0 0
Min <= -18.0 0
Max Rain: 44.2 on day 2
Days of Rain: 11 (>= 0.2 mm) 9 (>= 2.0 mm) 2 (>= 20.0 mm)
Heat Base: 18.3 Cool Base: 18.3 Method: Integration