V/Λ SELECT: Month and Year
OR > Month
Monthly Climatological Summary for Sep 2020
Name: KomokaWeather City: Komoka State: ON Canada
Elevation: 817 ft Lat: N 42° 57' 36" Lon: W 081° 26' 17"
Temperature (°C), Rain (mm), Wind Speed (km/h)
Heat Cool Avg
Mean Deg Deg Wind Dom
Day Temp High Time Low Time Days Days Rain Speed High Time Dir
----------------------------------------------------------------------------------
01 20.8 26.8 14:14 14.1 04:58 1.1 3.6 14.4 1.1 14.5 15:11 SE
02 21.7 26.1 15:55 16.2 22:29 0.2 3.5 9.8 3.0 24.1 12:06 W
03 19.6 27.4 14:51 11.9 06:45 2.0 3.2 0.0 2.6 29.0 16:41 SW
04 16.4 21.6 14:58 11.2 23:22 2.6 0.8 0.0 3.4 27.4 11:57 WNW
05 13.0 16.7 14:49 8.9 06:51 5.3 0.0 3.8 0.7 17.7 08:27 NNW
06 14.7 20.5 15:09 7.4 06:11 3.9 0.4 0.2 1.2 14.5 11:29 NE
07 19.6 23.6 14:42 16.3 23:42 0.2 1.5 30.0 2.5 20.9 01:32 SSW
08 15.3 18.1 17:01 12.6 07:03 2.9 0.0 2.4 4.1 17.7 04:58 NNE
09 17.0 22.2 16:10 13.3 02:42 2.0 0.7 0.6 0.7 11.3 01:48 N
10 17.1 20.5 14:49 12.4 23:37 1.4 0.2 0.4 2.1 14.5 11:09 NNW
11 13.5 19.2 16:20 9.1 07:13 4.5 0.0 0.0 2.4 22.5 10:06 NNE
12 16.8 23.5 16:16 10.4 06:50 2.9 1.4 0.0 4.9 19.3 09:13 NNE
13 20.6 23.6 12:53 14.3 23:58 0.3 2.5 2.0 4.1 25.7 11:09 WNW
14 13.8 18.2 16:02 8.5 23:58 4.5 0.0 0.0 1.5 14.5 12:26 N
15 11.8 19.1 15:44 4.3 05:42 6.5 0.1 0.0 1.1 14.5 14:53 NW
16 15.9 23.4 15:56 8.3 07:03 3.4 1.0 0.0 1.2 18.0 23:06 SW
17 14.4 20.2 16:01 7.8 23:47 4.0 0.2 0.0 3.1 21.0 17:20 NNW
18 10.0 15.7 13:46 4.4 23:57 8.2 0.0 0.0 2.6 23.0 12:29 N
19 7.9 16.2 16:43 0.4 05:04 10.3 0.0 0.0 1.8 14.0 13:25 NE
20 10.6 17.6 16:01 4.1 06:50 6.6 0.0 0.0 2.8 21.0 10:39 NE
21 11.9 19.2 15:24 5.5 07:02 3.2 0.0 0.0 1.6 13.0 13:15 NNE
22 13.1 22.7 16:53 4.2 06:55 2.7 0.4 0.0 0.8 11.0 11:51 W
23 16.7 26.2 16:29 8.7 07:40 1.6 0.9 0.0 1.6 14.0 15:28 W
24 17.4 25.8 16:04 11.7 06:35 2.9 2.0 0.0 1.8 18.0 13:10 WSW
25 16.2 25.5 15:38 8.6 07:14 3.9 1.8 0.0 0.9 13.0 15:39 ENE
26 17.9 25.6 14:36 10.8 07:23 2.4 2.0 0.0 1.2 14.0 12:45 S
27 20.4 24.3 16:07 17.3 07:26 0.1 2.2 0.0 2.3 16.0 15:01 SW
28 17.8 24.2 13:17 12.3 23:20 1.7 1.2 11.0 2.3 16.0 13:20 N
29 12.8 17.5 13:10 8.4 23:59 5.5 0.0 2.4 3.2 21.0 04:51 NNW
30 10.9 16.2 16:55 5.8 04:18 7.3 0.0 3.8 4.1 26.0 16:10 N
----------------------------------------------------------------------------------
15.5 27.4 3 0.4 19 104.1 29.6 80.8 2.3 29.0 3 NNW
Max >= 27.0 1
Max <= 0.0 0
Min <= 0.0 0
Min <= -18.0 0
Max Rain: 30.0 on day 7
Days of Rain: 12 (>= 0.2 mm) 9 (>= 2.0 mm) 1 (>= 20.0 mm)
Heat Base: 18.3 Cool Base: 18.3 Method: Integration