V/Λ SELECT: Month and Year
OR > Month
Monthly Climatological Summary for Oct 2020
Name: KomokaWeather City: Komoka State: ON Canada
Elevation: 817 ft Lat: N 42° 57' 36" Lon: W 081° 26' 17"
Temperature (°C), Rain (mm), Wind Speed (km/h)
Heat Cool Avg
Mean Deg Deg Wind Dom
Day Temp High Time Low Time Days Days Rain Speed High Time Dir
----------------------------------------------------------------------------------
01 10.2 16.6 13:45 6.8 22:45 8.1 0.0 0.0 4.4 24.0 16:45 NNW
02 8.4 12.7 14:05 3.6 23:55 9.8 0.0 3.8 3.0 21.0 14:56 N
03 7.6 12.5 13:27 3.4 07:49 10.6 0.0 0.6 1.5 19.0 15:01 N
04 8.4 11.6 12:57 6.0 21:46 9.8 0.0 6.6 2.1 14.0 09:09 N
05 9.0 14.8 15:35 4.3 05:40 9.2 0.0 0.2 0.9 13.0 13:31 NNW
06 12.3 18.1 14:47 5.9 03:03 5.9 0.0 0.0 2.0 21.0 16:21 W
07 13.6 18.7 14:18 8.5 22:46 4.6 0.0 2.6 4.8 35.0 11:04 NW
08 10.5 18.3 16:29 4.7 03:39 7.7 0.0 0.0 2.1 18.0 12:55 WNW
09 12.3 20.2 16:02 2.4 07:31 6.0 0.2 0.0 1.7 14.0 22:31 NE
10 17.1 22.5 13:29 9.1 23:50 2.0 0.8 0.0 4.7 24.0 10:21 NW
11 9.4 14.7 14:47 4.6 03:44 8.8 0.0 0.0 7.8 29.0 10:25 N
12 14.4 19.9 14:59 9.1 00:00 4.0 0.2 0.2 6.5 23.0 18:37 NNE
13 12.7 17.9 15:51 6.7 07:46 5.4 0.0 19.4 4.0 24.0 02:37 NNW
14 11.8 17.3 23:56 3.4 07:57 6.1 0.0 0.0 2.5 23.0 16:08 N
15 11.8 17.8 01:29 6.4 23:55 6.0 0.0 8.4 3.7 27.0 14:19 N
16 5.6 11.2 16:09 0.1 23:59 12.3 0.0 0.2 3.5 19.0 12:48 N
17 5.8 12.6 23:59 -1.3 03:54 12.5 0.0 0.0 2.2 21.0 10:16 NNW
18 11.3 13.4 15:17 7.3 23:56 6.9 0.0 0.2 2.3 19.0 21:05 N
19 6.7 8.1 16:47 5.5 07:11 11.5 0.0 5.8 1.2 13.0 16:34 N
20 7.9 11.7 15:37 5.3 00:14 10.2 0.0 0.6 3.0 21.0 22:10 N
21 11.3 16.6 07:43 5.5 21:12 6.9 0.0 7.4 4.6 24.0 07:41 N
22 9.9 13.2 16:57 6.1 00:05 8.4 0.0 4.0 3.1 18.0 13:22 N
23 15.9 24.3 13:01 7.7 23:55 3.9 1.5 7.4 3.8 26.0 21:03 WNW
24 5.1 8.8 15:33 0.3 23:22 13.1 0.0 0.4 3.8 31.0 00:11 NW
25 3.7 7.6 16:02 -0.6 02:01 14.5 0.0 0.0 5.0 18.0 14:31 N
26 5.7 7.9 15:11 4.3 05:49 12.5 0.0 0.2 2.0 14.0 00:51 N
27 3.5 6.4 12:00 1.0 18:22 14.6 0.0 0.0 1.9 14.0 11:00 N
28 5.2 11.1 15:36 1.3 00:00 12.8 0.0 5.8 2.8 26.0 10:43 N
29 5.8 11.8 14:51 2.4 00:24 12.4 0.0 0.8 2.3 19.0 16:04 N
30 1.6 4.4 11:22 0.3 16:05 15.2 0.0 2.8 2.4 19.0 15:58 NNW
31 2.4 7.4 23:59 -1.7 08:05 15.8 0.0 0.2 1.7 18.0 17:42 N
----------------------------------------------------------------------------------
8.9 24.3 23 -1.7 31 287.5 2.7 77.6 3.2 35.0 7 N
Max >= 27.0 0
Max <= 0.0 0
Min <= 0.0 3
Min <= -18.0 0
Max Rain: 19.4 on day 13
Days of Rain: 21 (>= 0.2 mm) 11 (>= 2.0 mm) 0 (>= 20.0 mm)
Heat Base: 18.3 Cool Base: 18.3 Method: Integration