V/Λ SELECT: Month and Year
OR > Month
Monthly Climatological Summary for Nov 2020
Name: KomokaWeather City: Komoka State: ON Canada
Elevation: 817 ft Lat: N 42° 57' 36" Lon: W 081° 26' 17"
Temperature (°C), Rain (mm), Wind Speed (km/h)
Heat Cool Avg
Mean Deg Deg Wind Dom
Day Temp High Time Low Time Days Days Rain Speed High Time Dir
----------------------------------------------------------------------------------
01 5.0 10.9 05:16 -0.6 22:12 13.7 0.0 3.8 12.0 45.0 19:36 N
02 2.3 5.4 17:26 -0.6 02:02 15.6 0.0 4.8 9.8 31.0 19:24 N
03 5.7 13.3 14:57 1.3 07:36 12.6 0.0 0.0 3.2 16.0 09:48 N
04 11.4 18.1 14:58 1.3 00:15 6.8 0.0 0.0 4.5 19.0 12:10 N
05 13.5 18.3 13:37 9.7 07:29 4.7 0.0 0.0 2.8 19.0 15:48 NNW
06 12.6 20.1 14:01 6.2 23:58 5.9 0.2 0.0 2.1 23.0 12:27 WSW
07 10.3 20.5 14:06 3.9 07:00 8.3 0.3 0.0 1.3 19.0 13:32 NW
08 10.5 21.8 13:38 2.1 07:34 8.2 0.5 0.0 0.9 14.0 14:52 WNW
09 12.3 21.3 13:31 5.7 04:46 6.4 0.4 0.0 1.1 14.0 12:57 W
10 16.9 23.3 13:53 8.8 00:59 2.5 1.1 0.2 3.3 19.0 13:42 N
11 10.5 17.2 00:15 2.6 20:17 7.8 0.0 3.2 4.8 21.0 11:04 N
12 3.7 9.4 14:13 -1.5 07:36 14.5 0.0 0.0 1.4 16.0 00:02 N
13 3.7 8.3 11:48 -0.3 00:03 14.2 0.0 0.0 3.5 23.0 14:15 NW
14 1.8 5.6 13:44 -2.6 06:54 16.5 0.0 0.0 2.5 16.0 20:08 N
15 7.2 12.1 13:15 4.0 22:35 10.6 0.0 21.0 9.0 58.0 15:15 N
16 2.7 4.7 14:30 -0.8 19:26 15.6 0.0 0.2 9.0 37.0 03:39 N
17 -0.4 0.8 05:13 -2.3 23:59 18.6 0.0 0.8 7.5 31.0 08:17 N
18 0.0 3.8 23:59 -3.3 03:29 18.2 0.0 0.4 3.1 19.0 10:04 N
19 10.1 14.8 14:14 3.8 00:00 8.1 0.0 0.0 6.7 34.0 14:03 N
20 12.2 16.2 13:15 6.0 22:18 5.7 0.0 0.0 5.9 36.0 12:30 N
21 2.9 6.1 00:00 -2.4 22:27 15.0 0.0 0.0 1.8 24.0 00:19 N
22 -0.2 0.6 07:04 -1.9 00:24 18.4 0.0 2.0 5.0 24.0 09:21 N
23 1.0 3.3 13:21 -1.1 05:24 17.1 0.0 6.6 3.7 26.0 13:08 N
24 0.1 2.2 13:52 -3.6 07:15 18.1 0.0 0.4 3.4 24.0 19:41 N
25 5.0 8.9 23:47 1.1 00:05 12.3 0.0 13.8 1.4 17.0 18:11 N
26 8.1 9.9 04:39 5.3 23:21 10.1 0.0 2.6 3.6 28.0 08:33 N
27 5.5 6.5 11:51 4.8 20:31 12.7 0.0 0.0 2.2 24.0 12:28 N
28 2.5 5.9 14:08 -0.7 07:34 15.7 0.0 0.0 4.4 24.0 00:23 N
29 3.7 9.9 13:28 -1.2 05:12 14.4 0.0 0.0 2.2 21.0 14:24 N
30 2.3 4.4 03:12 -0.4 23:52 15.9 0.0 4.8 6.0 36.0 15:32 N
----------------------------------------------------------------------------------
6.1 23.3 10 -3.6 24 364.2 2.5 64.6 4.2 58.0 15 N
Max >= 27.0 0
Max <= 0.0 0
Min <= 0.0 15
Min <= -18.0 0
Max Rain: 21.0 on day 15
Days of Rain: 14 (>= 0.2 mm) 9 (>= 2.0 mm) 1 (>= 20.0 mm)
Heat Base: 18.3 Cool Base: 18.3 Method: Integration