V/Λ SELECT: Month and Year
OR > Month
Monthly Climatological Summary for Feb 2021
Name: KomokaWeather City: Komoka State: ON Canada
Elevation: 817 ft Lat: N 42° 57' 36" Lon: W 081° 26' 17"
Temperature (°C), Rain (mm), Wind Speed (km/h)
Heat Cool Avg
Mean Deg Deg Wind Dom
Day Temp High Time Low Time Days Days Rain Speed High Time Dir
----------------------------------------------------------------------------------
01 -5.2 -3.3 15:22 -7.4 06:35 23.5 0.0 0.0 6.6 39.0 05:43 N
02 -5.3 -0.8 14:38 -9.5 07:51 23.3 0.0 0.0 7.2 41.0 21:09 N
03 -3.0 0.4 14:25 -5.1 21:59 21.2 0.0 0.2 6.9 32.0 01:32 N
04 -3.3 1.3 12:49 -11.3 07:23 21.6 0.0 0.4 2.6 41.0 21:07 NNE
05 -5.5 1.0 03:17 -8.8 23:59 23.7 0.0 0.8 9.1 51.0 04:12 SW
06 -9.4 -6.2 14:28 -11.6 03:31 27.6 0.0 0.0 5.9 36.0 11:13 WNW
07 -12.2 -9.2 01:32 -18.5 23:59 30.2 0.0 0.0 4.5 34.0 11:41 N
08 -13.0 -8.3 15:26 -20.4 03:13 31.2 0.0 0.0 0.9 17.0 14:47 NNW
09 -9.9 -5.6 14:28 -14.6 08:12 28.0 0.0 1.2 0.7 17.0 11:31 N
10 -12.2 -7.6 15:12 -21.3 07:08 30.1 0.0 0.0 0.6 15.0 13:16 NNW
11 -7.5 -4.1 14:45 -12.9 06:45 18.7 0.0 0.0 0.9 19.0 14:45 N
12 -9.3 -5.1 14:21 -14.1 23:23 27.4 0.0 0.6 3.5 26.0 08:15 NNE
13 -9.6 -6.4 15:45 -12.9 00:00 27.6 0.0 0.0 5.7 34.0 12:31 NE
14 -10.3 -5.7 15:19 -18.1 07:00 26.2 0.0 0.2 1.2 13.0 12:47 NNW
15 -8.1 -4.9 11:36 -12.6 00:49 26.2 0.0 0.4 4.6 45.0 21:50 NNE
16 -9.5 -6.5 15:04 -10.8 21:52 27.6 0.0 0.2 6.0 43.0 01:18 N
17 -12.5 -6.3 14:12 -24.8 07:39 30.8 0.0 1.2 0.6 15.0 01:02 NNW
18 -6.7 -3.5 15:10 -11.7 00:05 24.9 0.0 0.0 5.4 32.0 14:19 NE
19 -5.4 -2.4 14:00 -7.9 07:24 23.7 0.0 1.2 1.6 21.0 14:00 NNW
20 -7.4 -2.9 15:11 -16.1 23:56 25.5 0.0 0.0 3.1 30.0 13:11 NNW
21 -10.0 -2.4 14:11 -22.0 07:10 28.3 0.0 0.0 2.1 23.5 13:36 NNE
22 0.3 2.2 11:57 -2.2 22:16 11.2 0.0 0.6 7.4 38.5 12:06 NW
23 1.4 5.9 15:50 -2.8 23:32 16.9 0.0 11.0 5.1 34.2 09:56 N
24 2.1 8.4 15:12 -3.8 02:21 16.1 0.0 0.0 5.8 36.4 16:52 N
25 -1.5 1.1 15:45 -4.3 06:34 19.6 0.0 0.0 3.9 32.1 02:44 N
26 -3.4 2.8 15:08 -11.9 07:23 21.7 0.0 0.0 1.9 25.7 10:41 N
27 1.8 6.1 16:46 -2.9 23:32 16.4 0.0 6.0 3.4 32.1 08:31 N
28 2.1 7.3 23:06 -3.6 00:48 16.2 0.0 0.8 3.3 34.2 23:31 N
----------------------------------------------------------------------------------
-6.2 8.4 24 -24.8 17 665.4 0.0 24.8 4.0 51.0 5 N
Max >= 27.0 0
Max <= 0.0 18
Min <= 0.0 28
Min <= -18.0 6
Max Rain: 11.0 on day 23
Days of Rain: 14 (>= 0.2 mm) 2 (>= 2.0 mm) 0 (>= 20.0 mm)
Heat Base: 18.3 Cool Base: 18.3 Method: Integration