V/Λ SELECT: Month and Year
OR > Month
Monthly Climatological Summary for Mar 2021
Name: KomokaWeather City: Komoka State: ON Canada
Elevation: 817 ft Lat: N 42° 57' 36" Lon: W 081° 26' 17"
Temperature (°C), Rain (mm), Wind Speed (km/h)
Heat Cool Avg
Mean Deg Deg Wind Dom
Day Temp High Time Low Time Days Days Rain Speed High Time Dir
----------------------------------------------------------------------------------
01 -1.7 3.7 00:44 -7.6 23:58 19.6 0.0 0.0 10.0 49.2 17:13 N
02 -4.9 -0.8 23:12 -9.3 07:01 23.2 0.0 0.0 5.1 30.0 23:18 N
03 1.8 6.4 14:21 -1.2 03:56 16.4 0.0 0.0 4.0 34.2 01:29 N
04 -3.1 0.5 00:03 -6.6 19:24 21.3 0.0 0.0 7.9 38.5 15:29 N
05 -2.5 0.8 15:52 -6.6 06:49 20.8 0.0 0.0 6.3 36.4 14:13 N
06 -4.5 -1.3 15:35 -10.2 23:54 14.5 0.0 0.0 5.1 34.2 12:30 N
07 -5.5 -0.1 12:48 -11.3 01:59 23.5 0.0 0.0 1.8 23.5 16:46 N
08 2.3 10.9 17:04 -9.6 01:50 15.7 0.0 0.0 3.3 25.7 09:50 NNW
09 3.4 10.7 16:09 -2.4 06:25 14.8 0.0 0.0 1.3 17.1 16:48 NE
10 9.2 16.2 14:52 -1.3 05:14 9.1 0.0 0.0 5.4 34.2 13:56 NW
11 14.3 19.4 14:27 5.1 23:53 4.1 0.1 0.0 10.5 57.8 14:35 NNW
12 3.7 11.5 12:27 -3.4 23:45 14.5 0.0 0.0 7.4 42.8 12:12 NNW
13 0.0 6.8 16:14 -7.7 06:54 18.2 0.0 0.0 4.1 27.8 14:16 N
14 0.6 4.9 12:23 -4.8 00:00 17.0 0.0 0.0 6.7 49.2 14:56 N
15 -3.5 1.8 15:59 -9.2 07:05 21.7 0.0 0.0 6.0 34.2 23:04 N
16 1.4 7.6 16:31 -3.3 06:32 16.9 0.0 2.2 6.0 32.1 00:26 N
17 5.6 12.1 15:41 -0.7 08:10 12.6 0.0 0.0 2.0 17.1 12:31 N
18 4.4 7.1 13:21 -0.9 23:57 13.7 0.0 0.2 9.9 49.2 12:15 N
19 0.1 7.3 17:34 -5.3 07:44 18.2 0.0 0.0 4.8 27.8 04:34 N
20 1.8 12.6 16:01 -7.4 07:29 16.4 0.0 0.0 1.7 19.3 12:07 N
21 4.8 16.3 15:37 -4.8 07:27 13.4 0.0 0.0 1.8 23.5 16:11 N
22 8.3 19.2 14:32 -1.6 02:56 10.0 0.0 0.0 2.7 21.4 13:19 N
23 9.9 18.3 16:18 0.6 06:52 8.4 0.0 0.0 2.7 23.5 22:24 N
24 13.9 20.1 15:59 9.7 03:09 4.6 0.1 0.2 4.8 32.1 12:13 NNW
25 13.3 20.7 15:12 3.8 07:34 5.1 0.1 0.0 3.3 25.7 12:51 N
26 6.1 13.1 00:00 2.3 11:33 12.2 0.0 36.8 9.2 51.4 08:46 NNE
27 7.9 13.0 17:44 4.4 00:29 10.4 0.0 0.0 2.2 19.3 23:43 N
28 6.1 9.4 12:40 1.1 23:58 12.2 0.0 8.6 7.9 49.2 13:54 N
29 2.0 6.8 15:28 -0.8 08:00 16.3 0.0 0.0 6.0 47.1 00:52 N
30 11.0 19.4 16:56 1.2 00:11 7.3 0.1 0.0 7.1 44.9 15:10 N
31 7.8 16.4 00:35 0.4 23:58 10.5 0.0 0.2 6.2 30.0 10:48 N
----------------------------------------------------------------------------------
3.7 20.7 25 -11.3 7 442.6 0.4 48.2 5.3 57.8 11 N
Max >= 27.0 0
Max <= 0.0 3
Min <= 0.0 22
Min <= -18.0 0
Max Rain: 36.8 on day 26
Days of Rain: 6 (>= 0.2 mm) 3 (>= 2.0 mm) 1 (>= 20.0 mm)
Heat Base: 18.3 Cool Base: 18.3 Method: Integration