V/Λ SELECT: Month and Year
OR > Month
Monthly Climatological Summary for Apr 2021
Name: KomokaWeather City: Komoka State: ON Canada
Elevation: 817 ft Lat: N 42° 57' 36" Lon: W 081° 26' 17"
Temperature (°C), Rain (mm), Wind Speed (km/h)
Heat Cool Avg
Mean Deg Deg Wind Dom
Day Temp High Time Low Time Days Days Rain Speed High Time Dir
----------------------------------------------------------------------------------
01 -2.5 0.4 00:03 -4.0 23:58 20.6 0.0 0.0 9.1 47.1 18:07 N
02 -0.8 3.7 14:58 -5.1 23:56 19.0 0.0 0.0 3.8 34.2 10:38 N
03 2.3 10.7 17:52 -6.6 04:33 15.9 0.0 0.0 3.5 47.1 15:47 N
04 7.7 15.9 16:19 -0.6 02:07 10.5 0.0 0.0 2.8 21.4 14:56 N
05 7.6 11.7 11:25 2.1 00:25 10.6 0.0 2.0 3.2 23.5 18:26 N
06 11.7 19.8 14:50 3.6 03:13 6.7 0.1 0.0 2.6 21.4 23:46 N
07 14.5 23.3 14:17 7.1 07:02 4.7 0.9 0.2 3.8 27.8 21:22 E
08 17.4 27.8 15:59 10.1 06:35 3.1 2.2 1.8 6.4 38.5 18:37 NNE
09 16.1 21.7 16:36 12.3 07:23 2.7 0.5 2.8 4.2 27.8 15:00 N
10 16.8 23.2 17:34 7.6 06:58 2.9 1.3 0.0 4.1 30.0 22:04 NNE
11 14.2 19.3 13:33 10.2 23:51 4.1 0.0 7.6 3.1 30.0 13:52 N
12 10.8 15.3 15:27 8.8 23:05 7.5 0.0 19.0 0.5 12.8 15:48 NW
13 12.7 16.8 16:04 7.1 23:59 3.6 0.0 0.0 2.7 23.5 14:07 N
14 7.8 13.9 13:06 2.5 06:45 10.4 0.0 0.0 3.8 27.8 12:54 N
15 3.9 6.9 17:09 2.1 07:12 13.9 0.0 0.4 4.8 27.8 11:11 N
16 3.0 4.1 14:38 2.4 01:24 15.2 0.0 0.6 7.4 32.1 10:21 N
17 7.1 12.0 17:13 3.2 00:00 11.2 0.0 0.0 3.2 21.4 14:41 N
18 8.3 15.0 16:16 3.1 23:41 9.9 0.0 0.0 3.1 25.7 13:16 N
19 8.6 17.8 13:43 1.8 06:24 9.6 0.0 2.8 4.6 38.5 13:11 N
20 1.9 5.9 00:00 -0.6 18:39 16.3 0.0 1.0 5.1 36.4 08:55 N
21 -0.9 1.5 14:46 -3.8 23:58 19.2 0.0 4.4 4.2 32.1 12:16 N
22 0.7 6.1 17:10 -4.2 02:30 17.6 0.0 0.4 4.9 38.5 16:09 N
23 7.9 18.1 16:25 -3.6 06:52 10.3 0.0 0.0 4.6 34.2 14:47 NNW
24 10.4 17.0 13:40 0.6 06:40 7.9 0.0 0.0 2.7 21.4 13:40 N
25 5.5 10.3 00:00 -1.6 23:27 12.7 0.0 0.2 6.2 38.5 08:40 N
26 3.1 8.1 14:44 -2.7 06:38 15.1 0.0 0.0 3.1 23.5 21:09 N
27 14.1 24.7 18:21 5.6 00:00 5.3 1.1 0.0 4.9 30.0 02:16 N
28 14.6 24.9 14:44 7.4 23:42 4.6 0.9 0.0 4.4 32.1 15:02 NNW
29 7.8 11.1 14:23 6.5 05:53 10.4 0.0 10.2 3.2 25.7 15:32 N
30 7.0 9.0 03:15 2.8 23:54 11.2 0.0 0.2 11.5 57.8 14:55 N
----------------------------------------------------------------------------------
8.0 27.8 8 -6.6 3 312.7 7.0 53.6 4.3 57.8 30 N
Max >= 27.0 1
Max <= 0.0 0
Min <= 0.0 10
Min <= -18.0 0
Max Rain: 19.0 on day 12
Days of Rain: 15 (>= 0.2 mm) 7 (>= 2.0 mm) 0 (>= 20.0 mm)
Heat Base: 18.3 Cool Base: 18.3 Method: Integration