V/Λ SELECT: Month and Year
OR > Month
Monthly Climatological Summary for Jun 2021
Name: KomokaWeather City: Komoka State: ON Canada
Elevation: 817 ft Lat: N 42° 57' 36" Lon: W 081° 26' 17"
Temperature (°C), Rain (mm), Wind Speed (km/h)
Heat Cool Avg
Mean Deg Deg Wind Dom
Day Temp High Time Low Time Days Days Rain Speed High Time Dir
----------------------------------------------------------------------------------
01 17.8 24.9 15:14 11.3 23:48 2.3 1.8 0.0 1.9 23.5 13:46 WNW
02 15.4 23.7 13:01 7.6 05:51 3.8 1.0 13.8 1.3 19.3 13:11 NE
03 18.0 23.0 18:11 15.2 00:02 1.3 1.0 3.6 0.8 15.0 11:09 NNW
04 20.9 28.9 16:59 13.8 04:23 1.2 3.7 0.0 2.1 25.7 16:19 WSW
05 25.0 30.0 15:08 17.8 00:06 0.0 6.6 0.0 6.3 36.4 14:37 W
06 24.3 31.6 13:55 14.8 05:31 0.4 6.3 0.0 2.8 27.8 17:44 WSW
07 23.8 28.9 13:46 18.7 03:04 0.0 5.4 0.0 1.6 21.4 12:14 SW
08 22.8 27.5 12:16 20.2 05:32 0.0 4.4 5.6 0.7 21.4 12:43 WNW
09 23.7 29.9 14:09 18.4 06:09 0.0 5.4 0.0 1.1 19.3 15:33 NE
10 23.3 29.1 14:38 18.0 05:31 0.0 4.7 0.0 5.9 34.2 13:36 NE
11 22.9 30.9 15:44 16.3 06:10 0.2 4.8 0.0 4.2 27.8 19:48 NNE
12 21.6 28.0 17:38 15.7 05:12 0.4 3.7 0.0 2.0 19.3 11:15 NE
13 21.1 26.1 12:59 15.4 23:59 0.2 3.0 0.8 2.9 25.7 17:39 NNW
14 17.6 22.3 15:55 13.9 23:56 1.7 1.1 5.2 3.5 27.8 14:50 NNW
15 16.3 21.0 12:35 11.3 23:59 2.5 0.5 0.0 5.4 36.4 14:22 NNW
16 14.5 20.5 16:32 6.4 06:14 4.1 0.4 0.0 3.0 34.2 14:43 NNW
17 16.6 26.3 17:21 4.3 05:42 4.0 2.4 0.0 1.6 19.3 16:32 SE
18 20.4 26.8 17:21 14.4 01:37 0.6 2.6 8.0 2.2 27.8 14:45 WSW
19 20.7 25.9 11:15 15.3 23:54 0.3 2.7 0.0 3.1 40.7 13:41 NW
20 21.2 29.6 16:22 12.3 05:20 1.5 4.3 0.0 1.6 23.5 15:34 W
21 19.9 26.7 14:34 12.6 23:58 0.7 2.3 10.8 5.7 49.2 14:34 N
22 13.5 18.7 17:31 10.1 23:51 4.7 0.0 0.0 3.5 27.8 13:16 N
23 16.4 24.3 16:08 6.5 05:54 3.5 1.6 0.0 2.2 30.0 14:22 NNW
24 20.9 26.2 14:45 14.3 01:47 0.7 3.2 0.0 1.9 30.0 14:06 SSW
25 20.7 23.2 10:21 17.9 00:00 0.0 2.4 24.2 1.5 21.4 21:15 N
26 23.5 27.1 17:56 20.3 06:06 0.0 5.2 67.2 2.5 25.7 01:01 NW
27 25.8 30.3 14:54 22.4 05:44 0.0 7.5 0.0 3.9 30.0 10:12 WSW
28 25.8 30.8 16:10 22.2 23:48 0.0 7.5 2.0 2.1 23.5 22:13 WNW
29 24.6 32.6 15:02 20.2 06:10 0.0 6.3 0.6 1.8 42.8 16:20 W
30 23.3 27.2 15:30 19.1 23:59 0.0 5.0 2.8 2.0 21.4 14:41 NNW
----------------------------------------------------------------------------------
20.7 32.6 29 4.3 17 34.1 106.8 144.6 2.7 49.2 21 NW
Max >= 27.0 15
Max <= 0.0 0
Min <= 0.0 0
Min <= -18.0 0
Max Rain: 67.2 on day 26
Days of Rain: 12 (>= 0.2 mm) 10 (>= 2.0 mm) 2 (>= 20.0 mm)
Heat Base: 18.3 Cool Base: 18.3 Method: Integration