V/Λ SELECT: Month and Year
OR > Month
Monthly Climatological Summary for Jul 2021
Name: KomokaWeather City: Komoka State: ON Canada
Elevation: 817 ft Lat: N 42° 57' 36" Lon: W 081° 26' 17"
Temperature (°C), Rain (mm), Wind Speed (km/h)
Heat Cool Avg
Mean Deg Deg Wind Dom
Day Temp High Time Low Time Days Days Rain Speed High Time Dir
----------------------------------------------------------------------------------
01 18.8 22.8 14:04 13.6 23:58 0.8 1.3 12.0 4.0 27.8 17:07 NNW
02 17.4 22.9 13:19 13.3 03:51 2.1 1.1 0.0 4.9 34.2 16:17 N
03 18.8 26.1 17:51 12.6 03:03 1.8 2.3 0.0 3.1 21.4 09:48 NNW
04 21.1 28.2 14:27 13.4 05:31 1.1 3.9 0.0 1.1 12.8 11:29 ESE
05 25.1 31.9 16:33 17.2 06:01 0.1 6.8 0.0 3.3 30.0 15:07 WSW
06 27.0 31.9 16:25 22.4 23:56 0.0 8.7 0.0 4.0 21.4 03:11 WNW
07 23.3 28.7 14:34 17.9 23:13 0.0 4.1 5.4 1.7 19.3 01:05 NW
08 19.0 24.4 15:59 15.8 23:52 0.5 1.2 22.4 2.7 25.7 18:28 N
09 16.0 17.8 15:09 15.2 03:00 2.3 0.0 0.4 3.9 23.5 11:36 N
10 17.6 22.3 17:29 13.8 01:12 1.5 0.8 0.0 0.7 12.8 09:43 ENE
11 17.4 19.4 19:29 14.7 01:36 1.2 0.3 9.0 4.4 27.8 16:06 ENE
12 20.0 23.5 18:08 17.3 05:35 0.2 1.8 0.0 5.0 23.5 09:16 ENE
13 22.4 27.2 14:32 18.8 00:47 0.0 4.1 2.0 1.6 27.8 16:29 SW
14 23.1 28.3 16:01 19.9 04:35 0.0 4.8 0.0 2.0 19.3 13:13 W
15 23.5 28.9 15:45 18.5 05:00 0.0 5.2 1.2 2.3 32.1 14:25 WSW
16 19.5 21.4 12:33 17.2 05:47 0.1 1.3 2.0 1.5 17.1 14:51 ENE
17 19.4 25.2 18:06 15.5 07:23 0.7 1.8 5.6 4.6 34.2 13:36 ENE
18 21.3 27.3 14:18 16.6 03:54 0.4 3.4 0.0 3.3 21.4 15:22 NNW
19 21.7 28.1 14:23 14.6 05:32 0.7 4.0 0.0 2.0 17.1 14:29 NW
20 22.0 29.4 17:09 16.2 03:47 0.4 4.1 0.0 3.0 25.7 13:04 WNW
21 19.1 24.7 14:30 14.3 23:59 0.9 1.7 0.0 3.2 23.5 16:18 NNW
22 18.0 25.4 17:04 10.7 04:38 2.4 2.0 0.0 1.1 15.0 15:06 NNW
23 20.1 26.1 15:13 14.5 01:43 1.1 2.9 0.0 1.0 19.3 13:08 ESE
24 21.1 24.8 16:15 15.9 00:43 0.2 3.0 19.6 1.2 25.7 22:08 NNE
25 23.1 30.5 16:06 16.7 06:04 0.1 5.0 0.0 1.9 21.4 16:37 WNW
26 22.8 30.4 17:06 15.9 04:54 0.5 5.0 0.0 1.8 23.5 13:13 WNW
27 21.2 26.9 12:53 15.8 05:53 0.5 3.4 1.2 2.0 21.4 13:09 WNW
28 21.7 28.5 16:19 16.9 23:59 0.0 3.5 1.8 1.7 15.0 08:03 NE
29 21.7 27.4 13:54 16.9 00:00 0.1 3.4 27.0 3.2 34.2 16:40 NNW
30 17.6 20.8 15:12 11.4 23:08 1.3 0.5 0.0 3.1 27.8 14:36 N
31 16.4 23.1 17:58 8.5 05:03 3.3 1.4 0.0 1.2 19.3 12:23 NW
----------------------------------------------------------------------------------
20.6 31.9 5 8.5 31 24.3 92.8 109.6 2.6 34.2 2 NNW
Max >= 27.0 14
Max <= 0.0 0
Min <= 0.0 0
Min <= -18.0 0
Max Rain: 27.0 on day 29
Days of Rain: 13 (>= 0.2 mm) 9 (>= 2.0 mm) 2 (>= 20.0 mm)
Heat Base: 18.3 Cool Base: 18.3 Method: Integration