V/Λ SELECT: Month and Year
OR > Month
Monthly Climatological Summary for Aug 2021
Name: KomokaWeather City: Komoka State: ON Canada
Elevation: 817 ft Lat: N 42° 57' 36" Lon: W 081° 26' 17"
Temperature (°C), Rain (mm), Wind Speed (km/h)
Heat Cool Avg
Mean Deg Deg Wind Dom
Day Temp High Time Low Time Days Days Rain Speed High Time Dir
----------------------------------------------------------------------------------
01 17.5 22.8 15:44 14.3 23:57 1.6 0.8 9.4 2.3 27.8 16:47 NNW
02 18.0 24.4 15:34 11.9 06:13 2.3 1.9 0.0 1.4 17.1 14:23 NNW
03 18.2 25.9 15:08 10.7 06:17 2.4 2.3 0.0 1.2 15.0 10:22 WNW
04 19.6 27.2 17:07 11.8 06:16 1.9 3.2 0.0 0.6 17.1 13:59 WNW
05 20.4 28.4 15:59 12.7 06:30 1.6 3.7 0.0 1.0 17.1 11:27 W
06 21.0 27.9 16:29 13.7 06:32 1.2 4.0 4.0 1.2 27.8 14:31 SW
07 21.4 26.4 13:02 17.6 04:06 0.0 3.2 4.2 0.6 12.8 14:33 NE
08 21.7 27.1 14:06 16.2 05:51 0.3 3.7 0.0 0.5 12.8 14:51 SSE
09 24.9 30.4 15:36 20.1 05:51 0.0 6.6 0.4 1.0 19.3 21:46 SSE
10 23.7 28.8 17:09 20.9 22:52 0.0 5.4 16.6 1.6 30.0 16:17 WNW
11 24.4 29.1 14:52 20.9 21:44 0.0 6.2 0.0 2.0 23.5 11:57 WSW
12 23.7 29.6 16:07 19.8 08:03 0.0 5.4 12.0 2.8 32.1 06:39 NNW
13 23.4 28.1 16:09 19.2 23:48 0.0 5.1 1.8 1.4 19.3 14:28 WNW
14 18.1 23.1 13:12 11.1 23:58 1.7 1.5 0.0 1.9 32.1 14:21 NNW
15 16.6 24.6 16:25 9.4 06:20 3.3 1.6 0.0 2.4 25.7 13:25 NE
16 18.9 25.3 14:25 12.8 02:20 1.7 2.3 2.8 2.2 21.4 09:40 NNE
17 21.3 26.2 18:31 17.3 23:58 0.0 3.0 1.0 0.8 15.0 12:37 NW
18 21.5 27.9 17:02 16.4 02:49 0.4 3.6 0.0 0.9 17.1 17:25 NNW
19 22.9 28.8 16:26 17.3 23:56 0.0 4.6 0.0 1.3 17.1 11:06 NNW
20 21.5 29.2 15:50 13.4 06:43 1.1 4.3 0.0 0.9 15.0 11:51 N
21 23.0 29.8 15:59 16.6 06:39 0.2 4.9 0.0 1.2 17.1 16:09 W
22 23.7 30.8 14:21 17.4 06:11 0.1 5.4 0.0 1.9 17.1 15:30 NW
23 24.2 29.8 16:41 19.3 23:59 0.0 5.9 0.0 1.6 21.4 16:24 NW
24 27.3 31.4 16:25 21.8 23:24 0.0 4.9 0.0 1.3 19.3 13:12 SW
25 24.7 29.8 17:43 20.4 07:08 0.0 6.4 0.0 1.0 17.1 14:24 SW
26 24.3 30.9 14:18 21.1 16:53 0.0 6.0 6.8 0.7 12.8 12:46 NE
27 22.6 26.9 13:59 20.0 02:29 0.0 4.3 6.2 3.1 25.7 18:55 NNE
28 23.2 30.3 15:51 18.3 06:56 0.0 4.9 7.2 1.6 27.8 16:49 NNE
29 24.4 31.7 15:02 19.6 07:03 0.0 6.1 7.4 2.2 25.7 21:05 SW
30 22.7 27.7 16:17 16.9 23:43 0.1 4.5 0.2 2.6 25.7 15:37 NW
31 19.7 25.0 12:53 14.6 06:31 0.8 2.2 0.0 1.6 25.7 14:29 NNW
----------------------------------------------------------------------------------
21.9 31.7 29 9.4 15 20.7 127.9 80.0 1.5 32.1 12 NW
Max >= 27.0 21
Max <= 0.0 0
Min <= 0.0 0
Min <= -18.0 0
Max Rain: 16.6 on day 10
Days of Rain: 14 (>= 0.2 mm) 10 (>= 2.0 mm) 0 (>= 20.0 mm)
Heat Base: 18.3 Cool Base: 18.3 Method: Integration