V/Λ SELECT: Month and Year
OR > Month
Monthly Climatological Summary for Sep 2021
Name: KomokaWeather City: Komoka State: ON Canada
Elevation: 817 ft Lat: N 42° 57' 36" Lon: W 081° 26' 17"
Temperature (°C), Rain (mm), Wind Speed (km/h)
Heat Cool Avg
Mean Deg Deg Wind Dom
Day Temp High Time Low Time Days Days Rain Speed High Time Dir
----------------------------------------------------------------------------------
01 18.5 24.7 16:19 13.5 23:50 1.6 1.8 0.0 3.3 38.5 13:07 NE
02 15.9 22.4 13:24 10.4 05:35 3.3 0.9 0.0 2.0 30.0 14:27 NNW
03 15.9 23.7 15:25 8.0 05:19 3.5 1.0 0.0 0.9 21.4 11:05 N
04 18.7 24.3 12:55 12.3 06:43 1.5 1.9 5.6 1.4 23.5 11:44 SSE
05 20.6 25.4 17:32 17.2 23:52 0.1 2.3 0.8 3.8 30.0 15:58 NW
06 17.2 22.9 15:33 11.3 23:57 2.2 1.1 0.4 3.4 38.5 12:59 NNW
07 18.0 26.9 17:08 9.4 05:41 3.0 2.7 14.2 3.0 30.0 18:34 SW
08 19.9 24.9 15:05 15.6 23:59 0.4 2.0 3.6 4.0 34.2 14:41 NW
09 15.3 19.8 15:10 11.9 23:54 3.0 0.0 1.0 2.8 30.0 11:12 N
10 15.8 22.4 16:46 9.9 01:43 3.5 1.0 1.8 1.6 25.7 15:11 NW
11 18.9 25.0 16:16 11.1 02:51 2.3 2.9 0.0 3.6 27.8 12:40 SW
12 20.9 24.1 13:44 17.0 22:46 0.1 2.7 14.8 2.2 70.6 22:07 N
13 16.3 22.1 14:26 12.9 07:03 2.2 0.3 5.6 0.7 30.0 16:07 N
14 21.9 28.2 15:32 16.0 03:01 0.7 4.2 2.8 2.6 21.4 12:57 SSW
15 18.3 22.8 16:04 13.8 22:24 1.2 1.2 0.0 0.9 17.1 00:02 NNW
16 17.5 24.7 15:47 12.6 04:29 2.3 1.6 0.0 1.6 19.3 13:36 NE
17 19.5 26.7 14:46 12.4 06:47 1.6 2.7 0.0 1.1 17.1 14:22 SSE
18 18.8 24.8 15:39 10.8 23:24 1.2 1.7 0.0 1.5 15.0 10:52 N
19 15.7 24.6 16:26 8.6 06:57 4.0 1.4 0.0 2.0 21.4 12:51 NE
20 19.1 26.4 13:22 11.8 05:57 2.0 2.8 0.0 1.8 19.3 09:29 ENE
21 20.8 22.1 01:25 17.6 23:59 0.0 2.5 20.6 2.9 23.5 12:31 S
22 13.6 17.6 00:00 11.9 19:38 4.7 0.0 79.8 4.6 38.5 20:06 N
23 12.3 14.7 04:57 10.4 23:21 6.0 0.0 2.6 4.2 38.5 00:55 N
24 13.3 20.1 17:14 9.4 23:56 5.2 0.1 0.0 5.6 34.2 11:08 NNW
25 12.9 17.5 09:48 7.1 23:33 5.4 0.0 2.6 2.5 34.2 12:46 N
26 13.0 19.1 12:44 5.3 05:15 5.4 0.1 0.0 1.6 23.5 12:37 NW
27 19.3 25.0 16:53 15.7 00:00 0.7 1.8 0.0 3.5 23.5 09:55 NW
28 14.9 19.4 15:14 10.2 07:35 3.5 0.1 0.0 1.5 19.3 11:13 N
29 13.1 20.3 15:35 6.4 07:21 5.4 0.2 0.0 1.3 19.3 14:54 NNW
30 11.7 19.7 15:36 4.9 07:34 6.6 0.1 0.0 0.9 17.1 12:42 NNW
----------------------------------------------------------------------------------
16.9 28.2 14 4.9 30 82.6 41.1 156.2 2.4 70.6 12 NNW
Max >= 27.0 1
Max <= 0.0 0
Min <= 0.0 0
Min <= -18.0 0
Max Rain: 79.8 on day 22
Days of Rain: 14 (>= 0.2 mm) 10 (>= 2.0 mm) 2 (>= 20.0 mm)
Heat Base: 18.3 Cool Base: 18.3 Method: Integration