V/Λ SELECT: Month and Year
OR > Month
Monthly Climatological Summary for Oct 2021
Name: KomokaWeather City: Komoka State: ON Canada
Elevation: 817 ft Lat: N 42° 57' 36" Lon: W 081° 26' 17"
Temperature (°C), Rain (mm), Wind Speed (km/h)
Heat Cool Avg
Mean Deg Deg Wind Dom
Day Temp High Time Low Time Days Days Rain Speed High Time Dir
----------------------------------------------------------------------------------
01 13.1 22.9 16:41 5.0 06:31 6.0 0.8 0.0 1.1 19.3 15:48 W
02 16.3 25.8 15:44 8.0 07:17 3.8 1.8 0.4 1.3 17.1 14:06 SW
03 18.8 21.1 14:51 16.1 00:17 0.3 0.8 30.6 0.0 6.4 06:00 N
04 17.6 20.2 12:44 15.0 23:42 0.9 0.3 0.4 4.6 21.4 04:12 N
05 16.8 19.8 14:30 14.6 23:48 1.7 0.2 0.0 2.8 17.1 11:58 ENE
06 16.5 19.9 16:31 12.8 05:39 2.0 0.2 0.0 4.4 25.7 09:48 ENE
07 19.0 24.7 16:02 15.7 02:56 1.0 1.7 0.0 2.6 17.1 00:54 ENE
08 18.8 22.9 16:42 16.9 09:22 0.4 0.9 5.8 3.5 21.4 12:01 NE
09 18.9 22.6 13:45 16.9 03:48 0.4 1.0 0.6 1.4 23.5 00:51 E
10 17.7 18.5 14:48 16.4 07:41 0.6 0.0 4.8 1.1 17.1 18:03 ESE
11 20.2 24.7 16:04 16.8 07:12 0.3 2.2 0.0 2.4 19.3 13:56 SSE
12 18.9 22.8 16:31 15.4 22:16 0.6 1.2 0.6 2.8 19.3 05:19 NNE
13 17.2 21.7 17:00 12.1 23:42 1.8 0.7 0.0 1.1 19.3 11:55 W
14 18.6 24.7 15:46 12.2 00:00 1.5 1.8 12.4 0.6 15.0 20:52 SE
15 15.6 17.9 00:00 12.7 23:53 2.7 0.0 14.4 0.6 21.4 22:37 N
16 12.1 15.3 14:19 9.8 23:57 6.1 0.0 5.2 6.1 40.7 14:24 WNW
17 10.3 15.1 15:44 6.8 22:07 8.0 0.0 0.2 5.5 38.5 15:47 WNW
18 9.5 14.2 12:22 3.3 23:44 8.8 0.0 0.0 2.4 30.0 16:06 N
19 10.8 21.9 16:21 2.1 06:58 8.1 0.6 0.0 1.7 21.4 12:17 NNW
20 13.1 19.8 16:45 7.1 07:55 5.3 0.1 0.0 1.3 19.3 14:05 N
21 13.3 17.2 15:43 9.4 23:59 5.0 0.0 28.0 2.3 27.8 16:47 NW
22 6.7 9.4 00:00 4.4 22:52 11.6 0.0 0.2 0.9 21.4 01:03 NNW
23 5.2 8.2 17:34 1.0 23:59 13.1 0.0 0.8 0.0 6.4 03:09 N
24 5.4 11.5 15:45 -0.8 06:07 12.9 0.0 1.4 0.4 12.8 22:22 N
25 7.3 9.0 11:55 5.1 23:59 10.8 0.0 23.6 6.0 40.7 13:04 N
26 6.4 9.0 11:49 4.7 03:05 11.8 0.0 0.0 3.1 36.4 12:29 N
27 9.2 15.3 15:57 5.4 23:59 9.0 0.0 0.0 0.3 17.1 00:55 N
28 9.0 13.2 16:12 5.2 00:12 9.3 0.0 0.0 10.2 59.9 16:28 N
29 10.1 12.2 11:51 8.1 22:47 8.1 0.0 11.6 12.3 42.8 20:14 N
30 8.9 11.4 13:57 0.0 00:00 9.4 0.0 6.0 5.4 36.4 00:00 N
31 9.7 12.7 14:34 7.2 23:59 8.5 0.0 0.8 4.0 38.5 22:45 N
----------------------------------------------------------------------------------
13.3 25.8 2 -0.8 24 169.8 14.3 147.8 3.0 59.9 28 N
Max >= 27.0 0
Max <= 0.0 0
Min <= 0.0 2
Min <= -18.0 0
Max Rain: 30.6 on day 3
Days of Rain: 19 (>= 0.2 mm) 10 (>= 2.0 mm) 3 (>= 20.0 mm)
Heat Base: 18.3 Cool Base: 18.3 Method: Integration