V/Λ SELECT: Month and Year
OR > Month
Monthly Climatological Summary for Nov 2021
Name: KomokaWeather City: Komoka State: ON Canada
Elevation: 817 ft Lat: N 42° 57' 36" Lon: W 081° 26' 17"
Temperature (°C), Rain (mm), Wind Speed (km/h)
Heat Cool Avg
Mean Deg Deg Wind Dom
Day Temp High Time Low Time Days Days Rain Speed High Time Dir
----------------------------------------------------------------------------------
01 5.5 8.3 14:51 2.1 07:53 12.7 0.0 0.0 6.2 36.4 12:35 N
02 3.8 7.7 13:49 0.6 08:09 14.4 0.0 0.0 5.2 34.2 11:32 N
03 2.4 6.3 12:42 -1.1 07:12 15.9 0.0 0.0 3.6 30.0 12:59 N
04 1.9 6.4 16:09 -2.9 04:07 16.3 0.0 0.0 0.8 19.3 15:24 N
05 1.9 8.6 15:28 -3.7 08:02 16.2 0.0 0.0 0.7 15.0 12:08 N
06 3.1 11.2 14:34 -3.6 07:18 15.1 0.0 0.0 1.8 19.3 15:29 N
07 5.5 15.5 15:14 -1.1 06:12 13.3 0.0 0.0 1.3 21.4 13:07 N
08 8.7 18.6 13:41 0.3 07:28 9.6 0.0 0.0 2.1 21.4 11:51 NNW
09 9.1 13.5 13:05 4.0 02:09 9.1 0.0 1.0 0.2 10.7 11:57 N
10 5.5 12.5 14:47 -0.6 07:38 12.8 0.0 0.0 0.2 10.7 01:01 N
11 10.9 17.0 15:45 3.2 00:00 7.3 0.0 15.0 7.2 44.9 03:57 N
12 7.1 11.6 12:06 2.9 07:55 11.3 0.0 2.4 5.8 38.5 13:45 N
13 3.4 6.7 13:02 1.1 05:07 14.9 0.0 0.0 7.1 36.4 10:58 N
14 1.4 3.2 00:39 0.0 19:50 16.9 0.0 4.0 2.1 21.4 00:02 N
15 1.7 3.8 14:22 0.2 00:00 16.5 0.0 8.2 5.2 34.2 13:21 N
16 1.2 5.4 13:35 -1.9 07:54 17.1 0.0 0.0 1.9 19.3 11:30 N
17 10.7 15.8 18:27 2.4 00:20 7.6 0.0 3.2 7.0 38.5 17:36 N
18 4.8 11.8 00:00 0.1 21:55 13.4 0.0 2.8 8.1 40.7 18:41 N
19 0.5 4.4 12:44 -3.4 23:59 16.4 0.0 0.0 5.5 30.0 01:27 N
20 2.5 5.3 11:47 -3.4 00:00 15.7 0.0 0.0 3.5 30.0 12:01 N
21 2.3 7.1 13:53 -3.2 07:44 16.0 0.0 3.6 3.5 40.7 23:56 N
22 -0.9 2.8 00:00 -1.9 07:37 19.1 0.0 0.0 8.3 42.8 03:41 N
23 -1.8 3.0 12:55 -5.1 23:59 20.1 0.0 0.0 3.4 32.1 13:35 N
24 3.7 8.9 13:33 -5.7 01:49 14.5 0.0 0.0 7.0 36.4 11:00 N
25 4.9 6.2 12:06 0.9 23:51 13.4 0.0 16.2 4.0 34.2 22:41 N
26 -1.9 0.9 00:00 -3.2 17:37 19.6 0.0 0.0 10.0 44.9 11:59 N
27 -3.2 -0.9 14:31 -6.0 07:38 21.4 0.0 0.6 2.9 34.2 01:16 N
28 -1.4 0.3 14:34 -3.6 23:56 19.7 0.0 0.0 2.6 23.5 11:46 N
29 -1.2 1.5 12:20 -3.7 00:15 19.5 0.0 2.0 1.2 23.5 14:50 N
30 0.5 2.8 13:01 -2.3 00:00 17.8 0.0 7.4 4.0 38.5 18:37 N
----------------------------------------------------------------------------------
3.1 18.6 8 -6.0 27 453.6 0.0 66.4 4.1 44.9 11 N
Max >= 27.0 0
Max <= 0.0 1
Min <= 0.0 19
Min <= -18.0 0
Max Rain: 16.2 on day 25
Days of Rain: 12 (>= 0.2 mm) 10 (>= 2.0 mm) 0 (>= 20.0 mm)
Heat Base: 18.3 Cool Base: 18.3 Method: Integration