V/Λ SELECT: Month and Year
OR > Month
Monthly Climatological Summary for Dec 2021
Name: KomokaWeather City: Komoka State: ON Canada
Elevation: 817 ft Lat: N 42° 57' 36" Lon: W 081° 26' 17"
Temperature (°C), Rain (mm), Wind Speed (km/h)
Heat Cool Avg
Mean Deg Deg Wind Dom
Day Temp High Time Low Time Days Days Rain Speed High Time Dir
----------------------------------------------------------------------------------
01 1.2 4.6 23:54 -3.3 07:52 16.9 0.0 0.4 3.1 17.1 12:36 N
02 5.9 10.6 12:44 1.5 23:57 12.3 0.0 1.4 9.2 42.8 12:39 N
03 1.3 2.7 14:31 -1.1 23:53 16.9 0.0 0.0 2.5 21.4 00:16 N
04 0.9 3.7 10:55 -1.8 18:37 17.4 0.0 0.0 4.8 42.8 14:34 N
05 0.2 3.9 23:55 -1.8 05:58 18.0 0.0 17.2 5.3 44.9 13:23 N
06 4.0 9.9 02:06 -2.1 23:51 14.2 0.0 0.6 10.1 62.1 15:25 N
07 -5.7 -2.1 00:00 -8.9 21:25 23.9 0.0 0.0 4.6 34.2 00:01 N
08 -4.6 -2.3 13:49 -7.6 00:00 22.8 0.0 0.2 0.8 19.3 14:23 N
09 -2.4 2.7 23:06 -7.3 06:49 20.6 0.0 0.0 3.6 34.2 13:55 N
10 4.4 6.7 13:59 1.6 08:35 13.9 0.0 3.0 1.9 30.0 22:12 N
11 8.1 16.9 12:26 0.3 22:01 10.1 0.0 20.8 13.9 68.5 12:54 N
12 2.5 6.1 14:08 -1.3 07:34 15.8 0.0 0.0 7.9 38.5 21:58 N
13 3.8 8.2 14:22 -1.6 23:51 14.5 0.0 0.0 5.5 32.1 01:01 N
14 1.8 7.4 13:46 -4.1 07:14 16.5 0.0 0.0 4.8 34.2 20:31 N
15 7.2 11.9 21:55 3.5 00:06 11.0 0.0 0.8 6.6 27.8 11:04 N
16 11.7 15.3 12:54 3.2 23:58 6.6 0.0 0.0 13.8 62.1 08:05 NW
17 0.5 3.4 12:56 -2.3 20:38 17.8 0.0 0.0 4.2 30.0 01:56 NNW
18 -0.9 0.2 12:50 -2.4 23:05 19.1 0.0 0.2 4.6 23.5 02:25 N
19 -2.6 -1.8 12:20 -5.6 23:50 20.9 0.0 0.0 0.6 15.0 00:40 N
20 -0.2 2.9 14:30 -5.7 00:15 18.4 0.0 0.6 6.7 34.2 23:20 NNW
21 0.5 2.9 23:09 -4.7 08:45 17.8 0.0 1.0 3.4 34.2 23:16 N
22 -3.2 2.8 00:03 -5.3 23:55 21.5 0.0 0.0 10.5 44.9 07:06 N
23 -3.8 0.0 20:07 -8.1 07:04 22.1 0.0 0.0 3.3 25.7 14:28 N
24 1.8 4.9 20:18 -3.9 04:57 16.3 0.0 3.8 1.6 15.0 13:21 E
25 5.3 8.6 07:40 1.8 23:25 12.9 0.0 10.4 4.3 32.1 14:25 N
26 0.0 2.8 12:59 -3.9 22:37 18.3 0.0 0.0 1.6 21.4 12:50 NNW
27 -1.1 2.1 23:40 -3.7 00:01 19.4 0.0 0.2 8.6 36.4 10:57 N
28 0.0 1.8 00:00 -1.3 18:26 18.3 0.0 0.2 3.4 30.0 03:40 N
29 0.5 2.1 15:39 -1.3 00:27 17.8 0.0 3.2 1.4 15.0 02:02 NNW
30 0.5 2.2 13:22 -1.2 06:25 17.8 0.0 0.0 0.5 10.7 03:59 NE
31 3.5 5.8 11:08 1.1 00:00 14.8 0.0 0.4 1.3 17.1 10:28 N
----------------------------------------------------------------------------------
1.3 16.9 11 -8.9 7 524.6 0.0 64.4 5.0 68.5 11 N
Max >= 27.0 0
Max <= 0.0 4
Min <= 0.0 24
Min <= -18.0 0
Max Rain: 20.8 on day 11
Days of Rain: 17 (>= 0.2 mm) 6 (>= 2.0 mm) 1 (>= 20.0 mm)
Heat Base: 18.3 Cool Base: 18.3 Method: Integration