V/Λ SELECT: Month and Year
OR > Month
Monthly Climatological Summary for Feb 2022
Name: KomokaWeather City: Komoka State: ON Canada
Elevation: 817 ft Lat: N 42° 57' 36" Lon: W 081° 26' 17"
Temperature (°C), Rain (mm), Wind Speed (km/h)
Heat Cool Avg
Mean Deg Deg Wind Dom
Day Temp High Time Low Time Days Days Rain Speed High Time Dir
----------------------------------------------------------------------------------
01 -1.0 5.1 22:32 -8.1 02:31 19.2 0.0 3.4 5.9 32.1 11:12 NNW
02 0.0 3.8 00:00 -4.6 23:40 18.3 0.0 5.0 1.9 34.2 21:04 N
03 -7.3 -4.6 00:00 -10.4 21:42 25.2 0.0 0.0 6.0 34.2 18:07 N
04 -11.6 -8.9 14:54 -15.2 23:42 29.3 0.0 0.0 2.2 21.4 01:07 N
05 -11.6 -5.8 14:30 -18.1 06:11 29.8 0.0 2.0 1.1 15.0 15:36 N
06 -5.1 -1.5 14:40 -9.7 00:29 23.3 0.0 0.0 9.3 36.4 10:53 N
07 -3.1 -0.2 14:22 -8.0 07:36 21.3 0.0 0.2 3.9 23.5 15:03 WNW
08 -4.5 -2.6 11:33 -7.8 20:56 22.6 0.0 0.2 3.9 27.8 14:34 N
09 1.0 4.8 15:31 -5.3 00:00 17.2 0.0 6.8 6.8 32.1 11:12 NW
10 -0.3 1.2 00:00 -1.9 22:52 18.6 0.0 1.0 6.0 32.1 13:52 N
11 0.3 2.8 12:28 -2.5 02:28 18.0 0.0 4.6 8.4 34.2 01:59 N
12 -6.3 1.7 00:15 -11.9 23:59 24.6 0.0 0.4 7.2 40.7 03:56 N
13 -11.0 -6.1 13:52 -16.9 22:23 29.2 0.0 0.2 1.5 17.1 14:02 N
14 -12.8 -8.0 14:44 -19.7 06:59 31.0 0.0 0.0 1.7 21.4 14:08 NNW
15 -8.0 -3.7 10:55 -13.8 07:45 26.2 0.0 0.0 1.9 21.4 22:10 NNE
16 4.2 9.1 23:40 -6.8 00:00 14.1 0.0 0.6 10.2 44.9 12:54 SSW
17 1.0 9.3 00:14 -5.3 23:59 17.1 0.0 29.4 5.9 34.2 14:51 NNW
18 -7.2 -2.9 23:52 -9.2 17:26 25.1 0.0 1.2 9.0 44.9 23:51 WNW
19 -7.9 -2.4 04:24 -13.3 22:58 26.1 0.0 0.0 11.5 57.8 04:31 WNW
20 -1.8 5.6 19:39 -11.1 00:00 20.0 0.0 3.6 11.2 51.4 11:35 W
21 2.2 7.1 14:41 -4.1 06:22 15.9 0.0 0.0 3.7 23.5 18:32 NNE
22 5.4 10.6 22:11 2.2 07:45 12.9 0.0 8.2 5.0 47.1 23:40 N
23 -5.3 2.9 00:00 -10.7 23:56 23.5 0.0 0.0 8.7 42.8 00:15 N
24 -8.0 -4.2 14:08 -11.2 06:30 26.1 0.0 0.0 10.2 38.5 20:16 N
25 -7.2 -3.8 14:17 -12.1 23:52 25.4 0.0 0.8 6.6 40.7 02:37 N
26 -6.0 -1.8 16:08 -13.4 01:28 24.3 0.0 0.0 4.6 36.4 12:04 N
27 -3.0 1.2 13:06 -5.6 05:26 21.1 0.0 0.2 8.2 40.7 10:47 N
28 -5.0 -3.3 11:57 -8.7 06:43 23.0 0.0 0.0 3.7 25.7 12:13 N
----------------------------------------------------------------------------------
-4.3 10.6 22 -19.7 14 628.4 0.0 67.8 5.9 57.8 19 NNW
Max >= 27.0 0
Max <= 0.0 15
Min <= 0.0 27
Min <= -18.0 2
Max Rain: 29.4 on day 17
Days of Rain: 17 (>= 0.2 mm) 8 (>= 2.0 mm) 1 (>= 20.0 mm)
Heat Base: 18.3 Cool Base: 18.3 Method: Integration