V/Λ SELECT: Month and Year
OR > Month
Monthly Climatological Summary for Mar 2022
Name: KomokaWeather City: Komoka State: ON Canada
Elevation: 817 ft Lat: N 42° 57' 36" Lon: W 081° 26' 17"
Temperature (°C), Rain (mm), Wind Speed (km/h)
Heat Cool Avg
Mean Deg Deg Wind Dom
Day Temp High Time Low Time Days Days Rain Speed High Time Dir
----------------------------------------------------------------------------------
01 -0.4 4.7 11:30 -6.4 04:50 18.7 0.0 0.4 3.0 30.0 14:15 N
02 -0.4 3.3 13:50 -4.1 23:55 18.7 0.0 0.0 3.3 40.7 22:10 WNW
03 -6.4 -3.4 13:35 -12.7 23:43 23.6 0.0 1.0 3.4 32.1 15:23 N
04 -5.3 2.4 15:43 -13.3 05:33 23.4 0.0 0.0 2.7 27.8 14:54 WSW
05 1.5 7.2 15:23 -5.2 00:03 16.7 0.0 0.0 5.1 34.2 09:38 E
06 10.0 16.0 12:31 1.8 23:54 8.3 0.0 0.2 11.8 66.4 11:30 WSW
07 0.0 1.9 00:04 -1.8 22:44 18.1 0.0 4.4 5.2 36.4 15:59 N
08 -2.0 1.4 11:39 -6.7 07:04 20.2 0.0 3.0 3.7 34.2 03:02 N
09 0.0 4.9 15:15 -4.7 01:44 18.3 0.0 0.0 2.1 27.8 13:39 WNW
10 -0.7 3.7 16:06 -4.9 07:00 18.9 0.0 0.0 1.6 17.1 02:35 N
11 -2.2 -0.3 12:01 -4.2 21:28 20.3 0.0 1.6 1.3 21.4 23:59 N
12 -7.5 -3.6 00:12 -9.4 23:41 25.6 0.0 0.0 11.6 44.9 15:46 N
13 -5.8 -1.3 18:30 -12.1 04:31 23.0 0.0 0.0 5.8 34.2 09:51 N
14 0.6 8.8 17:48 -9.0 05:07 17.6 0.0 0.2 2.1 32.1 16:12 NNE
15 1.8 4.3 13:16 -2.0 22:44 16.4 0.0 0.0 3.4 25.7 09:46 N
16 4.6 15.1 17:08 -2.4 08:11 13.7 0.0 0.0 2.4 17.1 14:33 SSE
17 9.4 20.8 15:47 0.2 05:27 9.3 0.4 0.0 2.3 25.7 14:49 SW
18 10.4 17.3 16:21 4.4 07:37 7.9 0.0 0.8 6.4 42.8 22:36 N
19 7.1 10.9 14:42 4.3 23:51 11.2 0.0 12.8 7.4 34.2 15:23 NNE
20 4.5 11.1 16:19 -0.8 23:51 13.6 0.0 1.6 6.1 30.0 09:12 NNW
21 4.5 13.6 13:53 -2.9 07:21 13.9 0.0 0.0 2.3 32.1 15:15 N
22 3.7 5.9 16:39 2.1 07:32 14.6 0.0 0.0 11.0 36.4 19:58 NNE
23 2.6 4.6 23:50 1.2 03:20 15.6 0.0 16.6 17.7 53.5 07:46 ENE
24 6.9 10.3 14:33 4.2 23:05 11.3 0.0 0.2 7.6 34.2 14:03 SW
25 3.9 5.2 12:52 1.6 07:32 14.3 0.0 0.8 4.6 32.1 12:52 WNW
26 1.0 3.8 00:00 -3.3 23:47 17.3 0.0 4.8 7.3 42.8 16:08 NW
27 -5.8 -3.3 00:00 -7.0 23:27 24.1 0.0 0.6 10.3 42.8 11:07 NNW
28 -8.0 -4.9 14:24 -12.8 23:52 26.1 0.0 0.2 8.6 47.1 13:54 NNW
29 -5.1 2.1 17:52 -13.6 01:12 23.3 0.0 1.6 1.3 19.3 11:01 N
30 2.0 7.3 23:31 -3.9 00:22 16.2 0.0 0.0 8.2 40.7 14:15 NE
31 9.1 14.8 10:23 3.3 23:58 9.2 0.0 1.6 10.7 59.9 11:10 N
----------------------------------------------------------------------------------
1.1 20.8 17 -13.6 29 529.4 0.4 52.4 5.8 66.4 6 N
Max >= 27.0 0
Max <= 0.0 6
Min <= 0.0 22
Min <= -18.0 0
Max Rain: 16.6 on day 23
Days of Rain: 18 (>= 0.2 mm) 5 (>= 2.0 mm) 0 (>= 20.0 mm)
Heat Base: 18.3 Cool Base: 18.3 Method: Integration