V/Λ SELECT: Month and Year
OR > Month
Monthly Climatological Summary for Apr 2022
Name: KomokaWeather City: Komoka State: ON Canada
Elevation: 817 ft Lat: N 42° 57' 36" Lon: W 081° 26' 17"
Temperature (°C), Rain (mm), Wind Speed (km/h)
Heat Cool Avg
Mean Deg Deg Wind Dom
Day Temp High Time Low Time Days Days Rain Speed High Time Dir
----------------------------------------------------------------------------------
01 0.2 3.3 00:00 -1.3 22:41 17.9 0.0 2.2 5.6 40.7 12:13 NW
02 0.4 4.6 12:42 -6.0 07:08 17.9 0.0 0.0 1.9 23.5 12:42 S
03 1.3 4.4 16:38 -2.7 23:55 16.6 0.0 0.8 4.1 27.8 14:23 NNW
04 0.3 4.1 12:38 -4.3 06:18 17.8 0.0 2.2 2.3 23.5 15:18 SSE
05 6.9 13.9 15:38 1.1 07:20 11.4 0.0 0.2 3.3 27.8 22:49 ESE
06 9.3 15.8 13:40 3.6 05:33 8.9 0.0 8.4 6.8 34.2 15:56 ESE
07 6.6 12.1 15:19 2.2 03:10 11.6 0.0 0.8 3.7 34.2 15:31 WSW
08 4.2 8.8 16:33 -0.6 03:25 14.1 0.0 1.8 4.0 30.0 14:07 WNW
09 1.9 3.4 00:18 -0.1 08:34 16.1 0.0 2.2 3.9 23.5 14:56 NW
10 3.6 8.8 17:01 0.7 07:02 14.6 0.0 0.0 4.6 34.2 13:49 NW
11 7.2 13.6 17:03 0.8 00:39 11.1 0.0 3.2 4.5 25.7 10:07 S
12 10.2 17.9 15:26 0.7 07:03 8.1 0.0 0.0 2.4 21.4 20:07 SE
13 15.0 20.4 13:04 8.9 00:17 3.6 0.3 1.6 7.6 42.8 16:46 N
14 11.3 16.0 01:27 6.4 09:29 6.8 0.0 1.2 10.6 55.7 17:49 N
15 7.7 11.8 11:14 3.0 05:42 10.6 0.0 7.4 9.6 77.1 20:40 W
16 3.5 8.0 14:35 -0.9 23:45 14.8 0.0 2.4 5.0 32.1 14:05 N
17 0.8 6.3 17:20 -3.8 06:35 17.5 0.0 0.8 3.1 30.0 02:40 N
18 0.6 6.1 12:40 -3.6 02:30 17.7 0.0 3.6 6.2 42.8 10:05 NE
19 1.4 3.3 17:55 -0.2 00:55 16.8 0.0 14.0 8.4 47.1 15:56 NW
20 3.8 9.3 14:38 -3.3 06:34 14.4 0.0 0.0 3.1 23.5 17:04 N
21 11.1 17.9 16:44 6.0 00:03 7.1 0.0 8.6 7.8 38.5 18:35 N
22 7.5 13.6 16:27 -0.4 06:32 10.8 0.0 0.4 1.7 17.1 10:52 N
23 12.8 20.2 17:03 6.7 00:08 5.7 0.3 1.6 7.4 30.0 12:54 NNE
24 16.5 26.1 16:18 6.9 06:54 4.2 2.4 0.2 7.0 38.5 16:19 SSW
25 14.2 18.1 00:40 9.3 23:23 4.1 0.0 4.8 1.1 19.3 08:41 N
26 5.5 9.4 00:00 1.8 23:55 12.8 0.0 0.2 4.4 27.8 16:37 N
27 -0.8 1.8 00:00 -3.6 23:36 19.0 0.0 1.4 6.6 38.5 14:14 N
28 2.4 10.1 16:19 -4.5 01:50 15.8 0.0 0.2 2.6 23.5 18:52 N
29 6.3 15.3 17:37 -2.2 05:30 12.0 0.0 0.0 3.1 25.7 10:18 NNE
30 9.4 17.4 16:12 -0.7 04:41 8.9 0.0 0.0 6.5 34.2 20:06 N
----------------------------------------------------------------------------------
6.0 26.1 24 -6.0 2 368.7 3.0 70.2 5.0 77.1 15 N
Max >= 27.0 0
Max <= 0.0 0
Min <= 0.0 16
Min <= -18.0 0
Max Rain: 14.0 on day 19
Days of Rain: 24 (>= 0.2 mm) 11 (>= 2.0 mm) 0 (>= 20.0 mm)
Heat Base: 18.3 Cool Base: 18.3 Method: Integration