V/Λ SELECT: Month and Year
OR > Month
Monthly Climatological Summary for May 2022
Name: KomokaWeather City: Komoka State: ON Canada
Elevation: 817 ft Lat: N 42° 57' 36" Lon: W 081° 26' 17"
Temperature (°C), Rain (mm), Wind Speed (km/h)
Heat Cool Avg
Mean Deg Deg Wind Dom
Day Temp High Time Low Time Days Days Rain Speed High Time Dir
----------------------------------------------------------------------------------
01 10.7 14.6 16:06 5.5 07:08 7.4 0.0 11.6 7.7 36.4 03:23 N
02 10.4 12.8 14:32 8.8 06:35 7.9 0.0 3.4 2.7 27.8 13:27 N
03 9.1 11.3 14:55 5.4 03:28 9.2 0.0 21.4 5.6 34.2 16:16 N
04 10.0 15.1 14:09 3.0 23:57 8.2 0.0 1.8 4.4 27.8 11:31 N
05 10.3 17.2 14:41 1.3 05:26 8.0 0.0 0.0 3.3 23.5 10:44 N
06 12.5 15.9 16:01 10.2 03:23 5.6 0.0 0.0 13.0 53.5 15:28 N
07 12.0 17.8 17:47 7.2 23:59 6.3 0.0 0.0 12.2 47.1 08:38 N
08 11.6 18.4 16:02 4.5 05:59 6.7 0.0 0.0 7.4 34.2 19:14 N
09 14.5 20.9 16:54 4.8 06:31 4.3 0.5 0.0 5.8 32.1 17:43 N
10 17.1 24.7 17:04 7.6 06:04 2.9 1.7 0.0 4.0 27.8 10:12 NNE
11 17.9 26.1 16:38 9.9 03:42 2.6 2.2 0.0 1.4 17.1 14:39 SSE
12 19.0 28.3 15:33 8.7 04:31 2.7 3.4 0.0 2.6 19.3 14:32 SSE
13 19.7 27.1 16:37 11.0 05:15 1.9 3.3 0.0 2.9 21.4 09:53 SSE
14 20.8 27.0 15:43 13.9 04:57 0.7 3.2 0.0 2.6 19.3 14:20 SSE
15 20.6 29.9 16:24 13.3 06:02 1.2 3.5 4.2 2.4 36.4 19:03 NW
16 14.7 20.2 16:47 9.6 08:16 3.7 0.1 6.4 3.5 32.1 03:47 N
17 11.5 16.3 18:04 6.2 06:29 6.8 0.0 0.2 5.5 36.4 13:30 N
18 9.4 14.5 09:56 3.5 05:02 8.8 0.0 0.0 1.6 17.1 15:22 N
19 14.8 22.4 15:35 9.4 03:07 4.0 0.5 1.4 2.9 25.7 10:18 N
20 19.9 25.4 19:46 13.8 01:39 1.3 2.8 2.2 3.2 25.7 17:04 SSW
21 20.8 26.2 10:46 16.0 23:45 0.3 2.8 12.4 3.8 72.8 11:30 NNW
22 12.2 16.5 02:50 8.1 07:40 6.1 0.0 0.2 3.1 27.8 10:15 N
23 10.9 15.8 15:14 6.2 23:35 7.3 0.0 0.0 1.8 23.5 18:34 N
24 13.3 22.1 18:24 5.3 05:46 5.2 0.4 0.0 3.0 23.5 09:47 N
25 16.0 21.4 12:50 9.9 03:58 2.8 0.6 0.6 5.8 30.0 14:01 N
26 19.9 24.7 15:59 15.2 05:03 0.6 2.1 0.8 4.4 32.1 12:05 N
27 17.7 23.6 15:56 13.3 23:55 1.3 0.7 6.6 1.9 19.3 15:03 N
28 15.0 21.1 15:49 8.3 06:19 3.7 0.4 0.2 3.4 25.7 12:14 N
29 18.6 24.8 14:03 11.9 02:18 1.9 2.2 0.2 1.6 21.4 15:13 SSE
30 23.4 30.1 17:39 15.9 02:09 0.5 5.5 0.0 2.8 27.8 11:34 SW
31 24.6 31.8 15:13 16.2 06:03 0.3 6.3 0.0 3.1 40.7 15:39 WSW
----------------------------------------------------------------------------------
15.4 31.8 31 1.3 5 130.2 42.2 73.6 4.2 72.8 21 N
Max >= 27.0 6
Max <= 0.0 0
Min <= 0.0 0
Min <= -18.0 0
Max Rain: 21.4 on day 3
Days of Rain: 16 (>= 0.2 mm) 8 (>= 2.0 mm) 1 (>= 20.0 mm)
Heat Base: 18.3 Cool Base: 18.3 Method: Integration