V/Λ SELECT: Month and Year
OR > Month
Monthly Climatological Summary for Jun 2022
Name: KomokaWeather City: Komoka State: ON Canada
Elevation: 817 ft Lat: N 42° 57' 36" Lon: W 081° 26' 17"
Temperature (°C), Rain (mm), Wind Speed (km/h)
Heat Cool Avg
Mean Deg Deg Wind Dom
Day Temp High Time Low Time Days Days Rain Speed High Time Dir
----------------------------------------------------------------------------------
01 21.0 28.2 12:13 15.1 23:52 0.3 2.7 3.0 2.7 32.1 12:24 NW
02 14.1 20.2 18:24 9.4 23:53 4.2 0.1 0.6 2.3 23.5 17:58 N
03 16.6 25.6 18:28 6.7 05:47 3.6 2.0 0.0 3.0 27.8 14:18 NW
04 14.4 22.3 16:32 4.8 06:15 4.6 0.7 0.0 2.7 30.0 13:28 NNW
05 14.3 20.2 10:16 8.4 06:12 4.0 0.1 0.0 0.8 12.8 22:47 NNE
06 18.7 23.8 17:33 14.5 00:45 1.1 1.5 15.6 3.2 23.5 04:36 N
07 16.1 18.9 17:39 11.3 23:01 2.1 0.0 21.0 2.8 27.8 12:35 N
08 14.7 21.6 12:25 7.9 06:22 4.0 0.4 6.6 1.1 19.3 13:55 NNE
09 15.1 22.6 16:58 10.8 23:55 3.8 0.6 13.0 5.3 36.4 13:44 N
10 15.4 23.9 16:50 7.6 05:33 4.0 1.2 6.2 2.0 32.1 19:14 NNW
11 18.6 25.1 14:12 11.2 03:24 1.8 2.0 0.8 1.6 23.5 13:33 WSW
12 19.2 24.3 15:15 14.1 23:52 0.3 0.7 0.0 2.5 21.4 15:43 NNW
13 18.5 25.8 16:13 10.4 04:27 2.3 2.4 0.0 1.5 17.1 14:33 NE
14 22.0 27.3 15:43 16.1 06:44 0.2 3.8 0.0 2.9 21.4 07:58 NE
15 26.1 33.2 18:24 19.1 06:08 0.0 7.6 0.0 1.6 23.5 18:38 SE
16 26.3 32.1 17:44 20.6 05:15 0.0 7.9 0.0 4.3 42.8 16:04 W
17 22.0 26.6 15:08 13.0 23:57 0.4 4.1 0.0 9.1 49.2 21:58 NNW
18 13.4 17.5 11:13 9.7 23:58 4.8 0.0 0.0 6.6 40.7 12:57 N
19 15.8 22.5 16:11 7.9 01:54 3.4 0.9 0.0 2.0 30.0 13:19 N
20 16.3 19.2 12:25 13.8 03:20 2.0 0.0 5.0 0.2 15.0 14:10 N
21 24.3 33.2 16:59 13.9 05:15 0.7 6.5 0.0 2.7 30.0 16:45 W
22 25.8 29.7 16:35 18.8 23:59 0.0 7.2 0.0 4.1 27.8 11:43 NNW
23 19.0 25.5 13:57 12.5 06:22 1.6 2.3 0.0 4.9 27.8 14:01 NNW
24 20.5 31.3 17:07 9.2 05:43 2.3 4.4 0.0 1.5 23.5 14:46 WNW
25 22.5 29.9 16:19 14.1 05:51 0.9 5.0 0.0 1.3 17.1 10:25 SE
26 23.3 29.9 17:34 15.8 02:31 0.2 5.1 0.0 2.8 30.0 21:16 WNW
27 17.2 21.7 14:28 10.7 23:38 1.7 0.6 0.0 4.4 36.4 08:21 N
28 16.2 25.4 16:34 6.1 06:02 3.8 1.7 0.0 1.9 19.3 13:18 N
29 18.1 25.4 17:05 12.6 03:31 2.0 1.9 4.0 1.3 23.5 12:53 NW
30 22.8 31.5 15:10 13.4 01:28 1.2 5.6 0.0 2.1 27.8 14:21 WSW
----------------------------------------------------------------------------------
18.9 33.2 15 4.8 4 61.3 79.0 75.8 2.8 49.2 17 NNW
Max >= 27.0 10
Max <= 0.0 0
Min <= 0.0 0
Min <= -18.0 0
Max Rain: 21.0 on day 7
Days of Rain: 10 (>= 0.2 mm) 8 (>= 2.0 mm) 1 (>= 20.0 mm)
Heat Base: 18.3 Cool Base: 18.3 Method: Integration